-- Data for Name: ic3_asset_performance; Type: TABLE DATA; Schema: public; Owner: postgres
--

COPY public.ic3_asset_performance (id, asset_id, serialnumber, equipments_name, equipment_model_name, criticality_type_label, total_ticket, mttr, mtbf, availability, total_ticket_breakdown_hrs, total_schedule_breakdown_hrs, asset_created_date, total_actual_hrs, recorded_at) FROM stdin;
190	132073	PAHARI_DHIRAJ_OLD_BP-02_SV_02_60	SUCTION SLUICE VALVE-2	NA	Non-Critical	0	0	0	100.00	\N	\N	2026-04-02 10:56:00	0.00	2026-06-15 10:43:40.682209
140	74485	Balmiki Mandir_ Main Fuse_06	Main Fuse	NA	Non-Critical	0	0	0	100.00	0.00	0.00	2023-06-22 15:54:00	0.00	2026-06-15 10:46:03.159956
170	132385	TALKATORA UGR_UGR_BYPASS_SV_6	UGR BYPASS VALVE	NA	Non-Critical	0	0	0	100.00	\N	\N	2026-03-30 20:22:00	0.00	2026-06-15 08:09:53.599088
125	132199	TALKATORA UGR_OUTLET_EMF-02_25	ELECTROMAGNETIC FLOW METER-02	NA	Non-Critical	0	0	0	100.00	\N	\N	2026-03-30 20:22:00	0.00	2026-06-15 08:11:01.555457
138	73841	C Block Ranjeet Nagar_LT Panel_19	LT-Panel	NA	Non-Critical	2	00:08:30	8478:06:43	100.00	0.00	0.00	2024-07-09 16:59:00	0.00	2026-06-15 09:08:25.844509
173	132740	RAMLEELA_2 PH_1 APFC-5_41	APFC PANEL-5	NA	Non-Critical	0	0	0	100.00	\N	\N	2026-04-01 19:57:00	0.00	2026-06-14 15:49:44.53773
152	132589	PAHARI_DHIRAJ_S_ROOM_01_81	STAFF ROOM	STAFF ROOM	Non-Critical	0	0	0	100.00	\N	\N	2026-04-02 10:56:00	0.00	2026-06-15 09:25:14.825871
144	132187	RAMLEELA_1 PH_3_BP_02_NRV_02_80	NRV-02	NA	Non-Critical	0	0	0	100.00	\N	\N	2026-04-01 20:04:00	0.00	2026-06-15 10:53:26.055996
145	132184	SLAUGHTER_HOUSE_BP-01_DV_01_16	DISCHARGE SLUICE VALVE-01	NA	Non-Critical	0	0	0	100.00	\N	\N	2026-03-31 18:34:00	0.00	2026-06-15 10:49:49.950449
174	85744	Gali No:6_Prem Nagar_ATS_31	ATS	MATS	Non-Critical	0	0	0	100.00	\N	\N	2023-12-22 10:36:00	0.00	2026-06-14 15:49:45.426274
132	74447	Shashtri Nagar_VP_60	Vaccum Release Pump	NA	Non-Critical	0	0	0	100.00	0.00	0.00	2023-07-20 14:15:00	0.00	2026-06-15 10:04:38.019322
197	132123	SANGAM PARK_UGR_SUCTION_SV_BP-2_13	UGR SUCTION VALVE	NA	Non-Critical	0	0	0	100.00	\N	\N	2026-03-27 18:38:00	0.00	2026-06-15 08:01:29.638085
131	132724	PAHADI BHOJLA_INLET_SV-01_5	INLET SLUICE VALVE TO UGR-1	NA	Non-Critical	0	0	0	100.00	\N	\N	2026-04-02 12:09:00	0.00	2026-06-15 10:55:59.935329
136	132041	IDGAH_OLD_EOT_01_40	EOT CRANE	NA	Non-Critical	0	0	0	100.00	\N	\N	2026-04-01 18:32:00	0.00	2026-06-15 07:59:02.856671
160	132095	PAHADI IMLI NEW_BP-03_S/D-03_27	STAR DELTA STARTER-03	NA	Non-Critical	0	0	0	100.00	\N	\N	2026-04-01 20:21:00	0.00	2026-06-15 10:51:06.60714
124	132010	SARVODAYA KANYA VIDYALAYA_BP-01_PG_15	PRESSURE GAUGE	NA	Non-Critical	0	0	0	100.00	\N	\N	2026-03-31 18:37:00	0.00	2026-06-15 10:28:48.139901
126	74442	Gali No:6_Prem Nagar_BP_03	Booster Pump	UP 150/38A	Non-Critical	4	01:19:15	6536:04:34	100.00	0.00	0.00	2023-06-22 15:54:00	0.00	2026-06-15 11:03:11.817497
166	132093	DARYAI NALA_OLD BP_2_NRV_2_32	BP-02 NRV-02	NA	Non-Critical	0	0	0	100.00	\N	\N	2026-03-27 17:29:00	0.00	2026-06-15 10:48:30.101925
176	131996	NEW RAJENDRA NAGAR_NEW_BP-01_29	BOOSTER PUMP-01	NA	Non-Critical	0	0	0	100.00	0.00	0.00	2026-03-30 18:50:00	0.00	2026-06-15 10:31:19.84579
121	74483	Sastri Park_ LDB_10	Light Distribution BOX	NA	Non-Critical	0	0	0	100.00	\N	\N	2023-06-22 15:54:00	0.00	2026-06-15 07:43:43.791642
185	73876	RAMLEELA -1_PH-2_LT_MCCB_47	MCCB	NA	Non-Critical	0	0	0	100.00	0.00	0.00	2026-04-01 20:04:00	0.00	2026-06-15 10:54:40.002596
187	132583	RAMLEELA-1 PH-3_ULT-01_114	ULTRASONIC LEVEL TRANSMITTER-01	NA	Non-Critical	0	0	0	100.00	\N	\N	2026-04-01 20:04:00	0.00	2026-06-15 07:04:21.645937
142	132112	MILITARY ROAD OLB_BP_02_SV_2_10	BP-2 SUCTION SV-2	NA	Non-Critical	0	0	0	100.00	\N	\N	2026-03-27 20:35:00	0.00	2026-06-15 09:16:53.958236
133	132137	KISHAN GANJ OLB_LT_SWITCH FUSE UNIT_7	SWITCH FUSE UNIT	NA	Non-Critical	0	0	0	100.00	\N	\N	2026-03-27 18:56:00	0.00	2026-06-15 11:01:57.08998
134	74441	RockGarden_DOL Starter_07	DOL Starter	NA	Non-Critical	0	0	0	100.00	0.00	0.00	2023-12-22 11:19:00	0.00	2026-06-15 09:56:01.877588
153	74448	R K PURAM_SEC-4_OLD_ MAIN_MCCB_01_28	Main MCCB	NA	Non-Critical	0	0	0	100.00	0.00	0.00	2026-03-30 19:45:00	0.00	2026-06-15 10:00:58.340314
118	73847	Delhi Cantt Naraina_NRV_25	NRV	NA	Non-Critical	0	0	0	100.00	0.00	0.00	2023-07-03 18:48:00	0.00	2026-06-15 10:59:39.742401
116	74438	JAMA MASJID PS_LT PANEL_03	LT Panel	NA	Non-Critical	0	0	0	100.00	0.00	0.00	2026-04-02 11:23:00	0.00	2026-06-15 11:03:09.668602
159	74444	Khanna_Market_FM_26	Flow Meter	NA	Non-Critical	0	0	0	100.00	0.00	0.00	2023-06-22 15:54:00	0.00	2026-06-15 11:03:07.593816
183	73870	Shashtri Nagar_LRRS_13	LRRS	NA	Non-Critical	8	88:11:52	3180:29:58	97.00	0.00	0.00	2023-06-22 15:55:00	0.00	2026-06-15 07:56:43.773054
122	77907	Delhi Cantt Naraina_VCB_61	VCB	NA	Non-Critical	0	0	0	100.00	\N	\N	2023-08-27 13:36:00	0.00	2026-06-15 07:11:36.631897
168	132324	NEW RAJENDRA NAGAR_OLD_BP_03_SV_3_17	SUCTION SLUICE VALVE-03	NA	Non-Critical	0	0	0	100.00	\N	\N	2026-03-30 18:50:00	0.00	2026-06-15 10:51:02.435194
161	132730	RAMLEELA_2 PH_1_MAIN HEADER_SV_27	MAIN HEADER VALVE	NA	Non-Critical	0	0	0	100.00	\N	\N	2026-04-01 19:57:00	0.00	2026-06-15 07:15:06.791257
147	132115	DATA RAM GALI OLB_OIL STARTER_1_BP-01_2	OIL IMMERSED STARTER (DOL)	NA	Non-Critical	0	0	0	100.00	\N	\N	2026-03-27 21:29:00	0.00	2026-06-15 09:01:19.549777
120	74443	Thansingh Nagar_LS_55	Level Sensor	NA	Non-Critical	0	0	0	100.00	0.00	0.00	2023-06-22 15:54:00	0.00	2026-06-15 10:44:55.063756
123	77486	Jantapark_MOCB_64	MOCB	NA	Non-Critical	1	00:00:00	24568:57:52	100.00	0.00	0.00	2023-08-27 12:32:00	0.00	2026-06-15 10:11:57.64484
167	132170	SUBHASH PARK PH-1_PG-02_109	PRESSURE GAUGE-02	NA	Non-Critical	0	0	0	100.00	\N	\N	2026-03-31 19:49:00	0.00	2026-06-15 08:40:01.499173
169	132003	JHANDEWALAN_OLD_SV_10_36	SUCTION SLUICE VALVE	NA	Non-Critical	0	0	0	100.00	\N	\N	2026-03-25 19:10:00	0.00	2026-06-15 10:22:53.65764
195	132593	HINDURAO_EXHAUST FAN_9	EXHAUST FAN-01	NA	Non-Critical	0	0	0	100.00	\N	\N	2026-04-01 17:46:00	0.00	2026-06-15 10:33:49.398312
128	132215	BHIKAJI_CAMA_DOL STARTER_03_6	DOL STARTER-3	NA	Non-Critical	0	0	0	100.00	\N	\N	2026-03-27 21:17:00	0.00	2026-06-14 20:37:35.791587
130	132361	R K PURAM_SEC-7_WALL FAN_02_10	WALL FAN	NA	Non-Critical	0	0	0	100.00	\N	\N	2026-03-30 20:15:00	0.00	2026-06-14 20:38:39.864196
158	132349	IDGAH_OLD_DW-01_45	DEWATERING PUMP-1	NA	Non-Critical	0	0	0	100.00	\N	\N	2026-04-01 18:32:00	0.00	2026-06-15 07:15:06.750668
156	132379	R K PURAM_SEC-7_OHT_DV_06_27	DISCHARGE SLUICE VALVE-6	NA	Non-Critical	0	0	0	100.00	\N	\N	2026-03-30 20:15:00	0.00	2026-06-15 10:11:54.903595
155	132296	PALAM_UGR_INLET_SV_08_14	INLET SLUICE VALVE-08	NA	Non-Critical	0	0	0	100.00	\N	\N	2026-03-30 18:30:00	0.00	2026-06-15 07:15:08.46494
164	132012	BHIKAJI CAMA PLACE_UGR-01_19	UGR-01	UGR-01	Non-Critical	0	0	0	100.00	\N	\N	2026-03-27 21:17:00	0.00	2026-06-15 10:51:02.21266
196	74440	Thansingh Nagar_DP_09	Dewatering Pump	NA	Non-Critical	0	0	0	100.00	0.00	0.00	2023-06-22 15:54:00	0.00	2026-06-15 10:49:52.152867
154	132004	POLICE LINE_OLB_2_DV_2_BP-02_22	DISCHARGE SLUICE VALVE	NA	Non-Critical	0	0	0	100.00	0.00	0.00	2026-03-27 18:06:00	0.00	2026-06-15 10:58:26.370713
171	132284	IDGAH_NEW_HOT_01_72	HOT Crane	NA	Non-Critical	0	0	0	100.00	\N	\N	2026-04-01 18:32:00	0.00	2026-06-15 10:48:31.861888
175	74445	MOTIA KHAN_APFC_06	APFC Panel	NA	Non-Critical	0	0	0	100.00	0.00	0.00	2026-03-30 19:47:00	0.00	2026-06-15 10:35:01.596895
143	74479	Delhi Cantt Naraina_Cap_Panel_13	Capacitor Panel	NA	Non-Critical	0	0	0	100.00	0.00	0.00	2023-07-03 18:48:00	0.00	2026-06-15 10:13:06.693113
204	132080	MAJNU KA TILLA_PH_14	PUMP HOUSE	NA	Non-Critical	0	0	0	100.00	\N	\N	2026-03-31 18:42:00	0.00	2026-06-15 10:30:13.603848
244	132340	SATYA_NIKETAN_ BP-01_BV_01_21	CHARGE BALL VALVE-01	NA	Non-Critical	0	0	0	100.00	\N	\N	2026-03-30 18:57:00	0.00	2026-06-15 10:48:38.503193
292	132657	IDGAH_OLD_BP-03_LRS_03_22	LRS-3	NA	Non-Critical	0	0	0	100.00	\N	\N	2026-04-01 18:32:00	0.00	2026-06-15 08:37:44.584649
253	132631	HINDURAO_WALL_FAN_6	WALL FAN-01	NA	Non-Critical	0	0	0	100.00	\N	\N	2026-04-01 17:46:00	0.00	2026-06-14 17:39:21.797635
248	132124	OLD RAJENDRA NAGAR_BPS_2_SUCTION_SV_2_15	SUCTION VALVE	NA	Non-Critical	0	0	0	100.00	\N	\N	2026-03-30 16:44:00	0.00	2026-06-15 08:57:38.955757
199	132313	DDA SIDE ONE RAJENDRA NAGAR_BP_2_STARDELTA_STARTER_2_7	BP-2 STAR DELTA STARTER_2	NA	Non-Critical	0	0	0	100.00	\N	\N	2026-03-30 18:44:00	0.00	2026-06-15 08:34:17.375782
301	132300	PAHADI IMLI NEW_BP-06_DV-6_23	DISCHARGE SLUICE VALVE-06	NA	Non-Critical	0	0	0	100.00	\N	\N	2026-04-01 20:21:00	0.00	2026-06-15 09:27:37.319997
252	132008	RAMLEELA_1_PH_4_E-FAN_88	EXHAUST FAN	NA	Non-Critical	0	0	0	100.00	\N	\N	2026-04-01 20:04:00	0.00	2026-06-15 10:54:42.11812
213	132001	JHANDEWALAN_NEW_BP_06_78	BOOSTER PUMP-06	NA	Non-Critical	0	0	0	100.00	\N	\N	2026-03-25 19:10:00	0.00	2026-06-14 21:02:27.548497
261	132301	PALAM_UGR_FV_01_21	FLUSHING SLUICE VALVE-01	NA	Non-Critical	0	0	0	100.00	\N	\N	2026-03-30 18:30:00	0.00	2026-06-14 20:35:01.523361
220	73844	RAMLEELA-1 PH-3_EOT_106	EOT	NA	Non-Critical	0	0	0	100.00	0.00	0.00	2026-04-01 20:04:00	0.00	2026-06-15 10:08:13.107658
281	132109	DEV NAGAR OLB_S/D_3_TW_04	STAR DELTA STARTER FOR TUBEWELL	NA	Non-Critical	0	0	0	100.00	\N	\N	2026-03-27 17:39:00	0.00	2026-06-14 21:08:18.559265
299	131997	MOTI_BAGH_BP-02_15	BOOSTER PUMP-02	NA	Non-Critical	1	00:00:00	1859:24:59	100.00	0.00	0.00	2026-03-30 18:05:00	0.00	2026-06-15 10:46:11.967565
117	73846	Patel Road_Palem_DV_37	Valve	NA	Non-Critical	0	0	0	100.00	0.00	0.00	2023-06-22 15:55:00	0.00	2026-06-15 11:00:48.537247
285	132263	MOTI_BAGH_S/D_BP-02_03	BP_02_STAR-DELTA STARTER-1	NA	Non-Critical	0	0	0	100.00	\N	\N	2026-03-30 18:04:00	0.00	2026-06-15 07:41:24.055435
274	132051	R K PURAM_SEC-7_BP-02_12	BOOSTER PUMP-2	NA	Non-Critical	0	0	0	100.00	0.00	0.00	2026-03-30 20:15:00	0.00	2026-06-15 10:59:38.179856
249	132353	IDGAH_OLD_BP-03_SV_03_52	SUCTION SLUICE VALVE-3	NA	Non-Critical	0	0	0	100.00	\N	\N	2026-04-01 18:32:00	0.00	2026-06-15 09:51:15.649527
215	132188	TALKATORA UGR_LT_MCB_2	MCB-1	NA	Non-Critical	0	0	0	100.00	\N	\N	2026-03-30 20:22:00	0.00	2026-06-15 09:53:36.287607
237	132198	RK PURAM SEC-5_BPS_INLET_EMF-01_24	ELECTROMAGNETIC FLOW METER-01	NA	Non-Critical	0	0	0	100.00	\N	\N	2026-03-30 20:00:00	0.00	2026-06-15 10:00:56.09784
269	132382	PAHARI_DHIRAJ_OHT_01_82	OHT	OHT	Non-Critical	0	0	0	100.00	\N	\N	2026-04-02 10:56:00	0.00	2026-06-14 20:39:58.590775
206	73842	New Faridpuri_LT Transformer_12	Transformer	NA	Non-Critical	1	00:40:00	26148:55:25	100.00	0.00	0.00	2023-06-22 15:54:00	0.00	2026-06-15 10:19:15.781116
266	132396	TALKATORA UGR_OUTLET_EMF-06_29	ELECTROMAGNETIC FLOW METER-06	NA	Non-Critical	0	0	0	100.00	\N	\N	2026-03-30 20:22:00	0.00	2026-06-14 20:35:06.062926
302	132092	DARYAI NALA_NEW BP_1_NRV_1_12	BP-1 NRV-01	NA	Non-Critical	0	0	0	100.00	\N	\N	2026-03-27 17:29:00	0.00	2026-06-15 09:27:36.968303
251	74486	Sastri Park_ LT Main MCB_07	LT Panel Main MCCB	DN2 250N	Non-Critical	2	00:00:00	13074:47:53	100.00	0.00	0.00	2023-06-22 15:54:00	0.00	2026-06-15 10:14:20.239917
283	74437	Delhi Cantt Naraina_HT_07	HT Panel	5530VR	Non-Critical	1	00:00:00	25882:41:17	100.00	0.00	0.00	2023-07-03 18:48:00	0.00	2026-06-15 09:07:12.022615
304	132603	SUBHASH PARK PH-1_E-FAN-11_12	EXHAUST FAN-11	NA	Non-Critical	0	0	0	100.00	\N	\N	2026-03-31 19:49:00	0.00	2026-06-15 10:22:45.312624
288	74453	Shehzadabagh_Feeder Panel_05	Starter Panel	NA	Non-Critical	3	03:18:40	8713:12:51	100.00	0.00	0.00	2023-06-22 15:55:00	0.00	2026-06-15 10:27:39.407119
246	132338	SATYA_NIKETAN_DW-01_13	DEWATERING PUMP- 01	NA	Non-Critical	0	0	0	100.00	\N	\N	2026-03-30 18:57:00	0.00	2026-06-15 11:03:13.518886
293	131985	DDA SIDE ONE RAJENDRA NAGAR_APFC_1_9	APFC	NA	Non-Critical	0	0	0	100.00	\N	\N	2026-03-30 18:44:00	0.00	2026-06-15 11:00:44.848846
290	132014	JHANDEWALAN_UGR_03_151	UGR-03	UGR-03	Non-Critical	0	0	0	100.00	\N	\N	2026-03-25 19:10:00	0.00	2026-06-15 09:43:59.635305
273	132383	IDGAH_OLD_C-FAN_01_38	CEILING FAN-1	NA	Non-Critical	0	0	0	100.00	\N	\N	2026-04-01 18:32:00	0.00	2026-06-15 07:59:08.348709
222	132765	PAHARI_DHIRAJ_NEW_NRV_02_39	NRV- 2	NA	Non-Critical	0	0	0	100.00	\N	\N	2026-04-02 10:56:00	0.00	2026-06-15 07:15:02.970417
235	132089	DARYAI NALA_OLD _S/D_BP-02_16	STAR DELTA STARTER-02	NA	Non-Critical	0	0	0	100.00	0.00	0.00	2026-03-27 17:29:00	0.00	2026-06-15 11:03:08.002006
232	132169	PAHADI IMLI NEW_PG_31	PRESSURE GAUGE-01	NA	Non-Critical	0	0	0	100.00	\N	\N	2026-04-01 20:27:00	0.00	2026-06-15 10:57:07.298638
229	132722	RAMLEELA-1 PH-4_PG-01_116	PRESSURE GUAGE-01	NA	Non-Critical	0	0	0	100.00	\N	\N	2026-04-01 20:04:00	0.00	2026-06-15 10:10:44.715598
286	132144	MALL APARTMENT_ BP_04_OIL IMMERSED STARDELTA_STARTER_4_15	OIL IMMERSED STAR DELTA STARTER_4	NA	Non-Critical	0	0	0	100.00	\N	\N	2026-03-27 19:14:00	0.00	2026-06-14 21:25:58.802791
262	132074	R K PURAM_SEC-4_NEW_BP-01_DV_02_21	DISCHARGE SLUICE VALVE-2	NA	Non-Critical	0	0	0	100.00	\N	\N	2026-03-30 19:45:00	0.00	2026-06-15 10:26:30.703922
240	132577	SARAI_KHALIL_MCCB_04_04	MCCB-4	NA	Non-Critical	0	0	0	100.00	\N	\N	2026-03-31 19:00:00	0.00	2026-06-15 10:02:06.336119
282	132048	IDGAH_OLD_DS_01_24	DOL STARTER-1	NA	Non-Critical	0	0	0	100.00	\N	\N	2026-04-01 18:32:00	0.00	2026-06-15 10:26:26.26965
298	132674	PAHARI_DHIRAJ_NEW_PT_01_70	PRESSURE TRANSMITTER-01	NA	Non-Critical	0	0	0	100.00	\N	\N	2026-04-02 10:56:00	0.00	2026-06-15 10:33:55.744172
198	132356	NAYA BAZAR _BP_03_NRV_03_12	NRV-03	NA	Non-Critical	0	0	0	100.00	\N	\N	2026-04-01 20:09:00	0.00	2026-06-15 09:08:26.662063
238	132139	KISHANGANJ OLB_BP-01_ DV_1_12	DISCHARGE SLUICE VALVE -1	NA	Non-Critical	0	0	0	100.00	\N	\N	2026-03-27 18:56:00	0.00	2026-06-15 10:02:03.690315
230	132678	IDGAH_OLD_CAMERA_02_78	CCTV CAMERA -02	NA	Non-Critical	0	0	0	100.00	\N	\N	2026-04-01 18:32:00	0.00	2026-06-15 08:47:01.375726
221	132009	JHANDEWALAN_NEW_WFAN_01_112	WALL MOUNTED FAN	NA	Non-Critical	0	0	0	100.00	\N	\N	2026-03-25 19:10:00	0.00	2026-06-15 10:08:14.374016
295	74487	Shiv Chowck_MS_16	Mechanical Level Sensor	NA	Non-Critical	0	0	0	100.00	\N	\N	2023-06-22 15:54:00	0.00	2026-06-15 09:27:34.945231
268	74450	InderloK_ Oil Starter_06	Oil Immersed Starter	NA	Non-Critical	2	01:02:00	13073:45:18	100.00	0.00	0.00	2023-06-22 15:55:00	0.00	2026-06-15 10:43:36.539738
254	132117	PAHADI IMLI OLD_BP-02_S/D-02_15	STAR DELTA STARTER-2	NA	Non-Critical	0	0	0	100.00	\N	\N	2026-04-02 12:10:00	0.00	2026-06-15 10:57:16.173149
305	132020	SUBHASH PARK PH-1_TOILET_119	TOILET	NA	Non-Critical	0	0	0	100.00	\N	\N	2026-03-31 19:49:00	0.00	2026-06-15 10:59:31.973173
243	132647	IDGAH_OLD_ACB_04_11	ACB PANEL-4	NA	Non-Critical	0	0	0	100.00	\N	\N	2026-04-01 18:32:00	0.00	2026-06-15 10:49:43.185698
287	132186	MATA SUNDARI BPS_BP_01_NRV_01_10	NRV-01	NA	Non-Critical	0	0	0	100.00	\N	\N	2026-04-01 20:17:00	0.00	2026-06-15 10:54:47.200876
315	132601	SUBHASH PARK PH-1_E-FAN-9_10	EXHAUST FAN-09	NA	Non-Critical	0	0	0	100.00	\N	\N	2026-03-31 19:49:00	0.00	2026-06-14 16:10:45.803359
307	132335	MULTANI_DHANDA_CHANGEOVER_01_06	4 POLE CHANGEOVER	NA	Non-Critical	0	0	0	100.00	\N	\N	2026-03-31 19:06:00	0.00	2026-06-15 10:22:45.084778
311	132122	SANGAM PARK_CHARGING PUMP_8	CHARGING PUMP	NA	Non-Critical	0	0	0	100.00	\N	\N	2026-03-27 18:38:00	0.00	2026-06-15 10:38:42.297607
345	131982	SUBHASH PARK PH-2 METRO_TRANS-2_60	TRANSFORMER-2	NA	Non-Critical	0	0	0	100.00	0.00	0.00	2026-03-31 19:50:00	0.00	2026-06-15 10:17:52.231467
347	85747	MALL APARTMENT_LT_MCB_1	MCB	NA	Non-Critical	0	0	0	100.00	\N	\N	2026-03-27 19:14:00	0.00	2026-06-15 10:17:54.287269
314	132133	SANGAM PARK_TUBEWELL_23	TUBEWELL	NA	Non-Critical	0	0	0	100.00	\N	\N	2026-03-27 18:38:00	0.00	2026-06-15 08:00:21.219139
346	132238	DDA SIDE ONE RAJENDRA NAGAR_LT_FUSE_1_1	FUSE	NA	Non-Critical	0	0	0	100.00	\N	\N	2026-03-30 18:44:00	0.00	2026-06-15 10:44:49.153828
217	132055	TAIL MILL_ROAD_ULT_01_16	ULTRASONIC LEVEL TRANSMITTER	NA	Non-Critical	0	0	0	100.00	\N	\N	2026-03-31 19:11:00	0.00	2026-06-15 10:46:02.653875
323	132283	MOTI_BAGH_BP_01_NRV-01_26	BP_01_NRV-01	NA	Non-Critical	0	0	0	100.00	\N	\N	2026-03-30 18:05:00	0.00	2026-06-15 08:19:20.843936
309	132059	DUZANA HOUSE_UGR_15	UGR	UGR	Non-Critical	0	0	0	100.00	\N	\N	2026-04-02 11:26:00	0.00	2026-06-15 10:55:57.595593
330	132673	PAHARI_DHIRAJ_NEW_ATS_02_07	ATS STARTER-2	NA	Non-Critical	0	0	0	100.00	\N	\N	2026-04-02 10:56:00	0.00	2026-06-15 09:09:40.265053
332	132002	JHANDEWALAN_OLD_BP_07_25	BOOSTER PUMP-07	NA	Non-Critical	0	0	0	100.00	\N	\N	2026-03-25 19:10:00	0.00	2026-06-15 09:09:42.331639
333	132103	DARYAI NALA_OLD BP_3_DV_3_28	BP-1 DISCHARGE DV-8	NA	Non-Critical	0	0	0	100.00	\N	\N	2026-03-27 17:29:00	0.00	2026-06-15 09:30:09.234208
335	132145	IDGAH_OLD_BP-04_44	BOOSTER PUMP-4	NA	Non-Critical	0	0	0	100.00	\N	\N	2026-04-01 18:32:00	0.00	2026-06-15 09:31:14.245988
337	132120	SANGAM PARK_BPS_1_STARDELTA_STARTER_1_4	BPS STAR DELTA STARTER_1	NA	Non-Critical	0	0	0	100.00	\N	\N	2026-03-27 18:38:00	0.00	2026-06-15 09:31:16.568365
339	132285	RK PURAM SEC-1_BATHROOM_01_30	BATHROOM	BATHROOM	Non-Critical	0	0	0	100.00	\N	\N	2026-03-30 20:10:00	0.00	2026-06-15 09:58:24.375628
341	132713	RAMLEELA_1 PH-4_RTU/PLC_CONTROL_PANEL_1_99	RTU/PLC CONTROL PANEL(HT & LT PANEL)-1	NA	Non-Critical	0	0	0	100.00	\N	\N	2026-04-01 20:04:00	0.00	2026-06-15 09:58:27.745587
342	132193	RIDGE ROAD_UGR_DV-01_6	UGR DISCHARGE VALVE-01	NA	Non-Critical	0	0	0	100.00	\N	\N	2026-04-01 18:05:00	0.00	2026-06-15 09:58:28.389722
343	132191	JEETGARH UGR_UGR_SV-02_9	UGR SUCTION VALVE-02	NA	Non-Critical	0	0	0	100.00	\N	\N	2026-03-27 21:07:00	0.00	2026-06-15 09:58:29.989315
371	132599	SUBHASH PARK PH-1_E-FAN-7_8	EXHAUST FAN-07	NA	Non-Critical	0	0	0	100.00	\N	\N	2026-03-31 19:49:00	0.00	2026-06-14 16:20:46.12515
400	132686	IDGAH_BPS_TRANS_ROOM_01_92	TRANSFORMER ROOM	TRANSFORMER ROOM- 01	Non-Critical	0	0	0	100.00	\N	\N	2026-04-01 18:32:00	0.00	2026-06-14 20:36:23.469602
413	132685	IDGAH_OLD_CAMERA_01_85	MONITOR	NA	Non-Critical	0	0	0	100.00	\N	\N	2026-04-01 18:32:00	0.00	2026-06-14 20:58:48.642374
360	132049	IDGAH_NEW_DOL_STARTER_02_63	DOL STARTER-2	NA	Non-Critical	0	0	0	100.00	\N	\N	2026-04-01 18:32:00	0.00	2026-06-15 10:59:32.406171
416	132045	CYCLE MARKET_LT_MAIN SWITCH-1_02	MAIN SWITCH-1	NA	Non-Critical	0	0	0	100.00	\N	\N	2026-03-25 19:40:00	0.00	2026-06-14 21:03:39.25173
402	132075	PAHADI IMLI OLD_BP-02_NRV-02_9	NRV-2	NA	Non-Critical	0	0	0	100.00	\N	\N	2026-04-02 12:10:00	0.00	2026-06-15 11:02:00.362692
403	132034	JHANDEWALAN_OLD_LRS_03_13	BOOSTER PUMP-03 LRS	NA	Non-Critical	0	0	0	100.00	\N	\N	2026-03-25 19:10:00	0.00	2026-06-14 20:42:17.311494
398	132179	DDA FLAT KALYAN VIHAR_LT_WALL FAN_1_11	WALL FAN_1	NA	Non-Critical	0	0	0	100.00	\N	\N	2026-03-27 20:47:00	0.00	2026-06-14 20:36:21.549123
421	132006	JHANDEWALAN_NEW_BV_1_SV_01_103	BALL VALVE	NA	Non-Critical	0	0	0	100.00	\N	\N	2026-03-25 19:10:00	0.00	2026-06-15 10:02:06.715482
353	132267	MOTI_BAGH_CO_BP-01_07	4 POLE CHANGEOVER-01	NA	Non-Critical	0	0	0	100.00	\N	\N	2026-03-30 18:04:00	0.00	2026-06-15 10:38:40.613414
453	132614	SUBHASH PARK PH-2 METRO_INLET_SV-1_52	INLET SLUICE VALVE TO UGR 1	NA	Non-Critical	0	0	0	100.00	\N	\N	2026-03-31 19:50:00	0.00	2026-06-15 10:53:30.425585
406	132204	JEETGARH UGR_LT_MCB-03_4	MCB-03	NA	Non-Critical	0	0	0	100.00	\N	\N	2026-03-27 21:07:00	0.00	2026-06-14 20:47:09.253929
375	132357	R K PURAM_SEC-4_OLD_ MAIN SWITCH_01_29	MAIN SWITCH	NA	Non-Critical	0	0	0	100.00	\N	\N	2026-03-30 19:45:00	0.00	2026-06-14 19:50:44.012271
424	132302	PALAM_UGR_FV_02_22	FLUSHING SLUICE VALVE-02	NA	Non-Critical	0	0	0	100.00	\N	\N	2026-03-30 18:30:00	0.00	2026-06-14 21:16:25.196787
425	132246	OLD RAJENDRA NAGAR_BPS_2_STARDELTA_STARTER_1_6	BP- 02 STAR DELTA STARTER_1	NA	Non-Critical	0	0	0	100.00	\N	\N	2026-03-30 16:44:00	0.00	2026-06-14 21:21:10.529365
415	132694	RAMLEELA -1_PH-1_BP_02_DV_07_36	DISCHARGE SLUICE VALVE-07	NA	Non-Critical	0	0	0	100.00	\N	\N	2026-04-01 20:04:00	0.00	2026-06-14 20:58:50.847788
412	132195	RIDGE ROAD_UGR_DV-03_8	UGR DISCHARGE VALVE-03	NA	Non-Critical	0	0	0	100.00	\N	\N	2026-04-01 18:05:00	0.00	2026-06-14 20:53:02.45978
445	131988	JHANDEWALAN_NEW_CHANGEOVER_01_65	4 POLE CHANGEOVER SWITCH	NA	Non-Critical	0	0	0	100.00	\N	\N	2026-03-25 19:10:00	0.00	2026-06-15 09:22:56.746224
369	74451	Pandav Nagar_DDA_SP_07	Submersible Pump	NA	Non-Critical	4	37:12:00	6500:11:48	99.00	0.00	0.00	2023-06-22 15:54:00	0.00	2026-06-15 10:49:45.854717
467	132660	RAMLEELA PH-1_E-FAN-1_2	EXHAUST FAN-1	NA	Non-Critical	0	0	0	100.00	\N	\N	2026-04-01 20:04:00	0.00	2026-06-15 07:48:29.716803
473	132017	JHANDEWALAN_STAFF ROOM_01_154	ROOMS-01	STAFF ROOM-01	Non-Critical	0	0	0	100.00	\N	\N	2026-03-25 19:10:00	0.00	2026-06-15 08:00:15.193478
407	132352	R K PURAM_SEC-4_NEW_INLET_SV_03_16	INLET SLUICE VALVE-3	NA	Non-Critical	0	0	0	100.00	\N	\N	2026-03-30 19:45:00	0.00	2026-06-14 21:16:27.027728
444	132118	POLICE LINE_OLB_EOT_15	EOT_1	NA	Non-Critical	0	0	0	100.00	\N	\N	2026-03-27 18:06:00	0.00	2026-06-15 06:58:29.636051
466	132242	MAJNU KA TILLA_BP-02_NRV _2_13	NRV- 02	NA	Non-Critical	0	0	0	100.00	\N	\N	2026-03-31 18:42:00	0.00	2026-06-15 07:54:23.183231
478	132269	MOTI_BAGH_APFC_BP-01_09	APFC PANEL_01	NA	Non-Critical	0	0	0	100.00	\N	\N	2026-03-30 18:04:00	0.00	2026-06-15 08:06:13.603408
408	132153	SUBHASH PARK PH-1_INLET_SV-1_20	INLET SLUICE VALVE	NA	Non-Critical	1	00:00:00	1833:40:39	100.00	0.00	0.00	2026-03-31 19:49:00	0.00	2026-06-15 10:57:10.785658
396	132745	DUZANA HOUSE_PG-1_11	PRESSURE GAUGE-1	NA	Non-Critical	0	0	0	100.00	\N	\N	2026-04-02 11:26:00	0.00	2026-06-15 10:54:42.977368
423	132394	TALKATORA_UGR_DV-1_21	UGR DISCHARGE VALVE-14	NA	Non-Critical	0	0	0	100.00	\N	\N	2026-03-30 20:22:00	0.00	2026-06-14 21:16:25.10282
358	85745	Shashtri Nagar_MIV_59	Main Inlet Valve	NA	Non-Critical	0	0	0	100.00	\N	\N	2023-12-22 12:04:00	0.00	2026-06-15 10:58:26.804175
317	132140	RAMJAS_BP-01_NRV_1_10	NRV-1	NA	Non-Critical	0	0	0	100.00	\N	\N	2026-03-31 18:32:00	0.00	2026-06-15 09:52:22.538908
352	132369	MOTIA KHAN_INLET_SV-02_24	SLUICE VALVE UGR INLET-02	NA	Non-Critical	0	0	0	100.00	\N	\N	2026-03-30 19:47:00	0.00	2026-06-15 10:38:39.70345
433	132667	IDGAH_OLD_W-FAN_04_37	WALL FAN-4	NA	Non-Critical	0	0	0	100.00	\N	\N	2026-04-01 18:32:00	0.00	2026-06-14 21:33:01.814462
475	132354	PAHARI_DHIRAJ_OLD_BP-03_DV_03_64	DISCHARGE SLUICE VALVE-3	NA	Non-Critical	0	0	0	100.00	\N	\N	2026-04-02 10:56:00	0.00	2026-06-15 10:20:19.156032
319	132071	PAHARI_DHIRAJ_OLD_BP-01_DV_01_62	DISCHARGE SLUICE VALVE-1	NA	Non-Critical	0	0	0	100.00	\N	\N	2026-04-02 10:56:00	0.00	2026-06-15 10:21:28.9025
451	132748	MATA SUNDARI BPS_BP_03_SOFT STARTER-03_21	SOFT STARTER-03	NA	Non-Critical	0	0	0	100.00	\N	\N	2026-04-01 20:17:00	0.00	2026-06-15 10:54:45.072856
470	132384	IDGAH_OLD_C-FAN_01_39	CEILING FAN-2	NA	Non-Critical	0	0	0	100.00	\N	\N	2026-04-01 18:32:00	0.00	2026-06-15 07:54:24.626783
399	132723	RAMLEELA_1 PH-2_UGR-1_122	CIVIL	UGR	Non-Critical	0	0	0	100.00	\N	\N	2026-04-01 20:04:00	0.00	2026-06-15 10:54:48.578259
414	132088	SARAI PHOOS_BP-01_S/D_01_3	STAR DELTA STARTER-01	NA	Non-Critical	0	0	0	100.00	0.00	0.00	2026-03-31 19:18:00	0.00	2026-06-15 09:14:25.919755
472	132021	RK PURAM SEC-4_BPS BOUNDARY_01_53	BOUNDARY	UGR BOUNDARY	Non-Critical	0	0	0	100.00	\N	\N	2026-03-30 19:45:00	0.00	2026-06-15 08:10:59.920825
376	132125	RAJENDRA PARK_BP_01_DISCHARGE_DV_1_8	DISCHARGE VALVE	NA	Non-Critical	0	0	0	100.00	\N	\N	2026-03-30 16:34:00	0.00	2026-06-15 09:40:22.244609
428	98694	Gali No:8_Baljeet Nagar_Oil Starter-1_25	Oil Starter	NA	Non-Critical	1	00:06:00	17200:14:21	100.00	0.00	0.00	2024-06-29 13:09:00	0.00	2026-06-15 09:16:51.962899
379	74439	Patel Road_ACB_08	Air Circuit Breaker	NA	Non-Critical	1	218:01:00	25931:33:58	99.00	0.00	0.00	2023-06-22 15:55:00	0.00	2026-06-15 10:49:45.134229
426	132716	RAMLEELA_1 PH_4_BP-02_SOFT STARTER-02_102	SOFT STARTER-2	NA	Non-Critical	0	0	0	100.00	\N	\N	2026-04-01 20:04:00	0.00	2026-06-15 10:52:20.815112
493	132758	PAHARI_DHIRAJ_NEW_SUBM_PUMP_01_21	SUBMERSIBLE PUMP-1	NA	Non-Critical	0	0	0	100.00	\N	\N	2026-04-02 10:56:00	0.00	2026-06-15 08:43:32.583627
592	132183	SARAI PHOOS_BP-02_SV_02_10	SUCTION SLUICE VALVE-02	NA	Non-Critical	0	0	0	100.00	\N	\N	2026-03-31 19:18:00	0.00	2026-06-15 10:59:35.343013
588	132154	HASANPUR_ UGR_ DV_01_11	DELIVERY SLUICE VALVE	NA	Non-Critical	0	0	0	100.00	\N	\N	2026-03-27 19:32:00	0.00	2026-06-15 10:21:33.191725
618	132341	SATYA_NIKETAN_ BP-02_BV_02_22	CHARGE BALL VALVE-02	NA	Non-Critical	0	0	0	100.00	\N	\N	2026-03-30 18:57:00	0.00	2026-06-15 10:36:16.263224
503	132211	JEETGARH_UGR_FV-01_20	UGR FLUSHING VALVE-01	NA	Non-Critical	0	0	0	100.00	\N	\N	2026-03-27 21:07:00	0.00	2026-06-15 09:20:26.846055
614	132251	RAJENDRA NAGAR_BPS_BP_01_PG_1_27	BP- 01 PRESSURE GAUGE- 01	NA	Non-Critical	0	0	0	100.00	\N	\N	2026-03-30 16:44:00	0.00	2026-06-15 10:31:27.712361
612	131998	SUBHASH PARK NEW_BP-03_68	BOOSTER PUMP-03	NA	Non-Critical	0	0	0	100.00	0.00	0.00	2026-03-31 19:51:00	0.00	2026-06-15 10:54:46.430245
630	132149	HASANPUR_ UGR_ MCCB_03_03	MCCB-2	NA	Non-Critical	0	0	0	100.00	\N	\N	2026-03-27 19:32:00	0.00	2026-06-15 10:46:07.34995
620	73868	Patel Road_Palem_Oil Starter_18	Oil-Circuit-Breaker	Type A2	Non-Critical	8	34:30:00	3234:11:52	99.00	0.00	0.00	2023-06-22 15:55:00	0.00	2026-06-15 10:36:18.913058
482	132091	DARYAI NALA_NEW BP_2 DISCHARGE DV_2_11	BP-1 DISCHARGE DV-2	NA	Non-Critical	0	0	0	100.00	\N	\N	2026-03-27 17:29:00	0.00	2026-06-15 08:11:07.015672
496	132241	RAJENDRA PARK_BP_01_NRV _1_10	NRV- 01	NA	Non-Critical	0	0	0	100.00	\N	\N	2026-03-30 16:34:00	0.00	2026-06-15 09:10:47.422098
601	132714	RAMLEELA_1 PH-4_RTU/PLC_CONTROL_PANEL_2_100	RTU/PLC CONTROL PANEL(HT & LT PANEL)-2	NA	Non-Critical	0	0	0	100.00	\N	\N	2026-04-01 20:04:00	0.00	2026-06-15 10:26:24.204119
621	132370	MOTIA KHAN_OUTLET HEADER-01_25	SLUICE VALVE OUTLET HEADER-01	NA	Non-Critical	0	0	0	100.00	\N	\N	2026-03-30 19:47:00	0.00	2026-06-15 10:36:19.551368
534	132391	TALKATORA_UGR_DV-2_18	UGR DISCHARGE VALVE-11	NA	Non-Critical	0	0	0	100.00	\N	\N	2026-03-30 20:22:00	0.00	2026-06-15 09:45:05.886145
484	132315	HINDURAO_BP-01_SV_1_13	INLET SUCTION VALVE-01	NA	Non-Critical	0	0	0	100.00	\N	\N	2026-04-01 17:46:00	0.00	2026-06-15 10:47:24.254
553	132210	JEETGARH_UGR_DV-06_19	UGR DISCHARGE VALVE-06	NA	Non-Critical	0	0	0	100.00	\N	\N	2026-03-27 21:07:00	0.00	2026-06-15 09:59:42.953442
513	132291	RAMLEELA -1_PH-1_INLET_SV_03_20	INLET SLUICE VALVE-03	NA	Non-Critical	0	0	0	100.00	\N	\N	2026-04-01 20:04:00	0.00	2026-06-15 09:13:18.515615
560	132252	RAJENDRA NAGAR_BPS_BP_02_PG_1_28	BP- 02 PRESSURE GAUGE-01	NA	Non-Critical	0	0	0	100.00	\N	\N	2026-03-30 16:44:00	0.00	2026-06-15 10:04:40.467645
616	74454	Dusghara_BPS_Tubwell_05	Tubewell Pump	NA	Non-Critical	0	0	0	100.00	\N	\N	2023-06-22 15:54:00	0.00	2026-06-15 10:36:13.976733
532	132310	SUBHASH PARK PH-1_UGR-2_118	UGR-2	NA	Non-Critical	0	0	0	100.00	\N	\N	2026-03-31 19:49:00	0.00	2026-06-15 10:56:02.150573
486	132018	JHANDEWALAN_DG ROOM_01_155	DG ROOM-01	DG ROOM-01	Non-Critical	0	0	0	100.00	\N	\N	2026-03-25 19:10:00	0.00	2026-06-15 08:17:00.948602
487	132072	BAHADUR GARH OLB_BP-1_NRV_1_7	NRV__1	NA	Non-Critical	0	0	0	100.00	\N	\N	2026-03-27 16:47:00	0.00	2026-06-15 08:17:02.632544
489	132377	PAHARI_DHIRAJ_NEW_SV_04_29	SUCTION SLUICE VALVE-4	NA	Non-Critical	0	0	0	100.00	\N	\N	2026-04-02 10:56:00	0.00	2026-06-15 08:31:57.088429
500	132638	HINDURAO_SUBM_PUMP-02_22	SUBMERSIBLE PUMP-02	NA	Non-Critical	0	0	0	100.00	\N	\N	2026-04-01 17:46:00	0.00	2026-06-15 08:55:17.667612
516	131994	JHANDEWALAN_NEW_LRS_03_71	PALAM UGR_LRS WITH OCB- 150 AMP_3	NA	Non-Critical	0	0	0	100.00	\N	\N	2026-03-25 19:10:00	0.00	2026-06-15 09:19:15.709745
526	132166	SHEESH MAHAL OLB _BP-01_8	BOOSTER PUMP -1	NA	Non-Critical	0	0	0	100.00	\N	\N	2026-03-27 20:24:00	0.00	2026-06-15 09:31:20.681812
563	132196	RIDGE ROAD_UGR_DV-04_9	UGR DISCHARGE VALVE-04	NA	Non-Critical	0	0	0	100.00	\N	\N	2026-04-01 18:05:00	0.00	2026-06-15 11:00:49.04718
595	132595	SUBHASH PARK PH-1_E-FAN-3_4	EXHAUST FAN-03	NA	Non-Critical	0	0	0	100.00	\N	\N	2026-03-31 19:49:00	0.00	2026-06-15 10:25:14.574297
606	132069	SHEESH MAHAL OLB_OIL STARTER_1_BP-01_5	OIL STARTER (DOL)	NA	Non-Critical	0	0	0	100.00	\N	\N	2026-03-27 20:24:00	0.00	2026-06-15 10:30:14.145032
509	132672	IDGAH_NEW_ATS_01_60	ATS STARTER-1	NA	Non-Critical	0	0	0	100.00	\N	\N	2026-04-01 18:32:00	0.00	2026-06-15 09:14:27.897163
527	132381	R K PURAM_SEC-7_BP-04_NRV_04_31	NRV-4	NA	Non-Critical	0	0	0	100.00	\N	\N	2026-03-30 20:15:00	0.00	2026-06-15 09:31:21.118865
529	132172	MILITARY ROAD OLB_BP-02_OIL STARTER_2_03	OIL STARTER -2	NA	Non-Critical	0	0	0	100.00	\N	\N	2026-03-27 20:35:00	0.00	2026-06-15 09:43:54.381347
567	131981	SUBHASH PARK PH-1_TRANS-1_38	TRANSFORMER-1	NA	Non-Critical	1	04:02:00	1829:38:37	100.00	0.00	0.00	2026-03-31 19:49:00	0.00	2026-06-15 10:57:15.090917
537	132205	JEETGARH UGR_LT_MCB-04_5	MCB-04	NA	Non-Critical	0	0	0	100.00	\N	\N	2026-03-27 21:07:00	0.00	2026-06-15 09:48:51.011918
541	132634	HINDURAO_UGR_INLET_SV_1_11	UGR INLET SUCTION VALVE -01	NA	Non-Critical	0	0	0	100.00	\N	\N	2026-04-01 17:46:00	0.00	2026-06-15 09:49:58.387218
542	132682	IDGAH_OLD_CAMERA_06_82	CCTV CAMERA -06	NA	Non-Critical	0	0	0	100.00	\N	\N	2026-04-01 18:32:00	0.00	2026-06-15 09:54:47.365887
543	132007	JHANDEWALAN_NEW_DG_109	DG & ROOM	NA	Non-Critical	0	0	0	100.00	\N	\N	2026-03-25 19:10:00	0.00	2026-06-15 09:54:47.846321
546	132388	TALKATORA_UGR_DV-5_15	UGR DISCHARGE VALVE-08	NA	Non-Critical	0	0	0	100.00	\N	\N	2026-03-30 20:22:00	0.00	2026-06-15 09:54:52.103333
569	131990	JHANDEWALAN_NEW_ATS_02_67	OIL IMMERSED MANUALLY STAR DELTA STARTER_2	NA	Non-Critical	0	0	0	100.00	\N	\N	2026-03-25 19:10:00	0.00	2026-06-15 10:10:39.042066
552	132148	DDA FLAT KALYAN VIHAR_LT_MCCB_1_1	MCCB-1	NA	Non-Critical	0	0	0	100.00	\N	\N	2026-03-27 20:47:00	0.00	2026-06-15 09:59:42.139283
504	132129	NAYA BAZAR_PH-01_24	ROOM	PUMP HOUSE ROOM	Non-Critical	0	0	0	100.00	\N	\N	2026-04-01 20:09:00	0.00	2026-06-15 10:03:27.95374
576	132259	H-BLOCK_OLB_BP_02_DISCHARGE_DV_1_11	DISCHARGE VALVE_02	NA	Non-Critical	0	0	0	100.00	\N	\N	2026-03-30 17:44:00	0.00	2026-06-15 10:10:47.056778
510	132070	DATA RAM GALI OLB_BP-01_SV-1_5	SUCTION SLUICE VALVE-1	NA	Non-Critical	0	0	0	100.00	\N	\N	2026-03-27 21:29:00	0.00	2026-06-15 10:10:43.987522
587	132367	PAHADI IMLI NEW_BP-04_S/D-04_28	STAR DELTA STARTER-04	NA	Non-Critical	0	0	0	100.00	\N	\N	2026-04-01 20:21:00	0.00	2026-06-15 10:21:31.018399
598	85740	Indur 2nd_16	Foot Valve	NA	Non-Critical	0	0	0	100.00	\N	\N	2023-12-21 18:45:00	0.00	2026-06-15 10:25:17.191057
602	132355	IDGAH_OLD_BP-04_DV_04_57	DISCHARGE SLUICE VALVE-4	NA	Non-Critical	0	0	0	100.00	\N	\N	2026-04-01 18:32:00	0.00	2026-06-15 10:26:24.642502
615	132182	GALI ARIHAN OLB_BP-01_ SV-1_5	SUCTION SLUICE VALVE-01	NA	Non-Critical	0	0	0	100.00	\N	\N	2026-03-27 21:34:00	0.00	2026-06-15 10:35:08.542816
619	132192	JEETGARH UGR_UGR_SV-03_10	UGR SUCTION VALVE-03	NA	Non-Critical	0	0	0	100.00	\N	\N	2026-03-27 21:07:00	0.00	2026-06-15 10:36:16.95032
623	74491	Patel Road_Baljeet Nagar_PG_146	Pressure Guage	NA	Non-Critical	0	0	0	100.00	\N	\N	2023-06-22 15:55:00	0.00	2026-06-15 10:41:10.22787
1207	132371	NAYA BAZAR _BP_04_NRV_04_13	NRV-04	NA	Non-Critical	0	0	0	100.00	\N	\N	2026-04-01 20:09:00	0.00	2026-06-15 10:53:30.489457
677	132575	AMARPURI_PG_02_14	PRESSURE GUAGE- 02	NA	Non-Critical	0	0	0	100.00	\N	\N	2026-03-31 18:48:00	0.00	2026-06-14 17:37:26.41525
687	132079	ANARKALI BPS_EMF_1_11	OUTLET ELECTROMEGNATIC FLOW METER-1	NA	Non-Critical	0	0	0	100.00	\N	\N	2026-03-27 17:08:00	0.00	2026-06-14 17:38:30.216671
695	132733	RAMLEELA_2 PH_1 ACTUATOR-3_32	ACTUATOR-3	NA	Non-Critical	0	0	0	100.00	\N	\N	2026-04-01 19:57:00	0.00	2026-06-14 17:39:27.548761
699	132654	IDGAH_OLD_MCCB_06_19	MAIN MCCB-6	NA	Non-Critical	0	0	0	100.00	\N	\N	2026-04-01 18:32:00	0.00	2026-06-14 17:40:16.321206
703	132386	TALKATORA UGR_UGR_INTERCON_SV_7	UGR INTERCONNECTION VALVE	NA	Non-Critical	0	0	0	100.00	\N	\N	2026-03-30 20:22:00	0.00	2026-06-14 17:40:28.216924
949	97891	Electrical Document_01	Electrical Document	NA	Non-Critical	1	00:32:00	17344:25:20	100.00	0.00	0.00	2024-06-22 12:32:00	0.00	2026-06-14 20:10:16.188566
745	132308	PALAM_UGR_OUTLET_EMF_05_30	ELECTROMAGNETIC FLOW METER -05	NA	Non-Critical	0	0	0	100.00	\N	\N	2026-03-30 18:30:00	0.00	2026-06-14 19:51:55.762677
733	132655	IDGAH_OLD_BP-01_LRS-01_20	LRS-1	NA	Non-Critical	0	0	0	100.00	\N	\N	2026-04-01 18:32:00	0.00	2026-06-14 19:54:05.273746
728	74482	Delhi Cantt Naraina_FAN_Cool_54	Cooling Fan	NA	Non-Critical	0	0	0	100.00	\N	\N	2023-07-03 18:48:00	0.00	2026-06-15 10:23:59.444351
1104	132293	RAMLEELA -1_PH-1_INLET_SV_05_22	INLET SLUICE VALVE-05	NA	Non-Critical	0	0	0	100.00	\N	\N	2026-04-01 20:04:00	0.00	2026-06-14 20:54:11.428895
764	85746	Shashtri Nagar_CSG_61	Sluice Gate	NA	Non-Critical	0	0	0	100.00	0.00	0.00	2023-12-22 12:24:00	0.00	2026-06-15 08:34:11.152192
1123	74488	Thansingh Nagar_Oil Circuit Breaker_15	Oil Circuit Breaker	NA	Non-Critical	3	168:56:00	8547:35:42	98.00	0.00	0.00	2023-06-22 15:54:00	0.00	2026-06-15 10:09:33.758263
1060	132756	PAHARI_DHIRAJ_NEW_BP-05_S/D_05_12	STAR DELTA OIL STARTER-5	NA	Non-Critical	0	0	0	100.00	\N	\N	2026-04-02 10:56:00	0.00	2026-06-14 20:27:53.0526
1059	132732	RAMLEELA_2 PH_1 ACTUATOR-2_31	ACTUATOR-2	NA	Non-Critical	0	0	0	100.00	\N	\N	2026-04-01 19:57:00	0.00	2026-06-14 20:27:53.178816
1064	132770	PAHADI BHOJLA_SOFT STARTER_1	SOFT STARTER	NA	Non-Critical	0	0	0	100.00	\N	\N	2026-04-02 12:09:00	0.00	2026-06-14 20:27:57.816107
1190	132031	JHANDEWALAN_OLD_INCOMER-02 ACB_08	LT PANEL INCOMER_2 ACB	NA	Non-Critical	0	0	0	100.00	\N	\N	2026-03-25 19:10:00	0.00	2026-06-14 20:29:04.280443
1192	132332	SATYA_NIKETAN_TB_S/D_04_05	STAR DELTA STARTER-4 WITH OIL	NA	Non-Critical	0	0	0	100.00	\N	\N	2026-03-30 18:57:00	0.00	2026-06-14 20:29:06.19452
1193	132158	HASANPUR_ UGR_ LG_03_23	MANUAL LEVEL INDICATOR COMPARTMENT-3	NA	Non-Critical	0	0	0	100.00	\N	\N	2026-03-27 19:32:00	0.00	2026-06-14 20:29:07.302866
1194	132180	DDA FLAT KALYAN VIHAR_LT_DG_1_12	DG-01	NA	Non-Critical	0	0	0	100.00	\N	\N	2026-03-27 20:47:00	0.00	2026-06-14 20:29:08.118747
1215	132749	NAYA BAZAR__BP_04_SOFT STARTER_04_21	SOFT STARTER-04	NA	Non-Critical	0	0	0	100.00	\N	\N	2026-04-01 20:09:00	0.00	2026-06-14 20:32:39.804083
1066	132609	SUBHASH PARK PH-1_EMF-01_113	ELECTROMAGNETIC FLOWMETER-01	NA	Non-Critical	0	0	0	100.00	\N	\N	2026-03-31 19:49:00	0.00	2026-06-14 20:32:40.588476
1069	132339	SATYA_NIKETAN_CP-01_14	CHARGING PUMP - 02	NA	Non-Critical	0	0	0	100.00	\N	\N	2026-03-30 18:57:00	0.00	2026-06-14 20:32:41.814153
658	74490	Patel Road_Naranina_Starter_47	Oil Circuit Breaker Starter	NA	Non-Critical	7	10:32:34	3725:06:42	100.00	0.00	0.00	2023-06-22 15:55:00	0.00	2026-06-15 11:01:54.53699
1225	132604	SUBHASH PARK PH-1_E-FAN-12_13	EXHAUST FAN-12	NA	Non-Critical	0	0	0	100.00	\N	\N	2026-03-31 19:49:00	0.00	2026-06-14 20:33:51.99588
710	132750	PAHADI BHOJLA_PG-2_12	PRESSURE GAUGE-2	NA	Non-Critical	0	0	0	100.00	\N	\N	2026-04-02 12:09:00	0.00	2026-06-15 10:54:44.209431
1227	132736	RAMLEELA_2 PH_1 APFC-1_37	APFC PANEL-1	NA	Non-Critical	0	0	0	100.00	\N	\N	2026-04-01 19:57:00	0.00	2026-06-14 20:33:53.851957
720	132200	TALKATORA UGR_OUTLET_EMF-03_26	ELECTROMAGNETIC FLOW METER-03	NA	Non-Critical	0	0	0	100.00	\N	\N	2026-03-30 20:22:00	0.00	2026-06-15 06:56:04.101069
1091	132194	RIDGE ROAD_UGR_DV-02_7	UGR DISCHARGE VALVE-02	NA	Non-Critical	0	0	0	100.00	\N	\N	2026-04-01 18:05:00	0.00	2026-06-14 20:44:41.130436
1099	132578	SARAI_KHALIL_BP-01_S/D_01_05	STAR DELTA STARTER WITH OIL-01	NA	Non-Critical	0	0	0	100.00	\N	\N	2026-03-31 19:00:00	0.00	2026-06-14 20:49:25.859318
1196	74449	Gali No:2_Bud Mandir_FP_02	Pump Feeder Panel	NA	Non-Critical	0	0	0	100.00	0.00	0.00	2023-06-22 15:54:00	0.00	2026-06-15 09:43:51.112383
661	132016	JHANDEWALAN_PUMPHOUSE_02_153	PUMP HOUSE-02	PUMP HOUSE-02	Non-Critical	0	0	0	100.00	\N	\N	2026-03-25 19:10:00	0.00	2026-06-15 11:01:57.540454
659	132668	IDGAH_OLD_DW-02_46	DEWATERING PUMP-2	NA	Non-Critical	0	0	0	100.00	\N	\N	2026-04-01 18:32:00	0.00	2026-06-15 11:01:54.943394
1214	132147	RAMJAS_EMF_1_18	ELECTROMAGNETIC FLOW METER	NA	Non-Critical	0	0	0	100.00	\N	\N	2026-03-31 18:32:00	0.00	2026-06-15 08:08:44.029228
1072	132116	PAHADI IMLI OLD_BP-01_S/D-01_14	STAR DELTA STARTER-1	NA	Non-Critical	0	0	0	100.00	\N	\N	2026-04-02 12:10:00	0.00	2026-06-15 10:42:26.690033
1089	132727	PAHADI IMLI NEW_INLET_SV-4_13	INLET SLUICE VALVE TO UGR-4	NA	Non-Critical	0	0	0	100.00	\N	\N	2026-04-01 20:21:00	0.00	2026-06-15 06:43:05.758238
639	132624	RAMLEELA_1 PH_4_IPFC_89	INTELLIGENCE PF CONTROLLER	NA	Non-Critical	0	0	0	100.00	\N	\N	2026-04-01 20:04:00	0.00	2026-06-15 10:57:11.943359
644	132596	SUBHASH PARK PH-1_E-FAN-4_5	EXHAUST FAN-04	NA	Non-Critical	0	0	0	100.00	\N	\N	2026-03-31 19:49:00	0.00	2026-06-15 10:52:14.393119
643	132594	SUBHASH PARK NEW_LT_E-FAN-2_65	EXHAUST FAN-02	NA	Non-Critical	0	0	0	100.00	\N	\N	2026-03-31 19:51:00	0.00	2026-06-15 10:52:12.025595
708	132011	JHANDEWALAN_OLD_BP_4_PT_143	PRESSURE TRANSMITTER	NA	Non-Critical	0	0	0	100.00	\N	\N	2026-03-25 19:10:00	0.00	2026-06-15 10:32:41.896925
666	132691	PAHADI IMILI NEW_BP-5_8	BOOSTER PUMP-5	NA	Non-Critical	0	0	0	100.00	\N	\N	2026-04-01 20:21:00	0.00	2026-06-15 10:55:52.118459
636	132114	DEV NAGAR OLB_BP_2_NRV_2_BP-02_12	BP-2 NRV-2	NA	Non-Critical	0	0	0	100.00	\N	\N	2026-03-27 17:39:00	0.00	2026-06-15 10:47:17.673913
651	132297	RAMLEELA -1_PH-1_BP_03_DV_03_32	DISCHARGE SLUICE VALVE-03	NA	Non-Critical	0	0	0	100.00	\N	\N	2026-04-01 20:04:00	0.00	2026-06-15 10:57:08.257069
706	132220	PAHARI_DHIRAJ_NEW_INLET_SV_01_23	INLET SLUICE VALVE-1	NA	Non-Critical	0	0	0	100.00	\N	\N	2026-04-02 10:56:00	0.00	2026-06-15 09:43:53.633594
664	132054	CYCLE MARKET_BP_2_SUCTION SV-1_13	BP-2 SUCTION SV-1	NA	Non-Critical	0	0	0	100.00	\N	\N	2026-03-25 19:40:00	0.00	2026-06-15 11:02:02.756603
714	74452	Sarai Basti_Feede Fuse_04	Kit Kat Fuse	NA	Non-Critical	0	0	0	100.00	0.00	0.00	2023-06-22 15:55:00	0.00	2026-06-15 10:59:37.490525
746	132185	JAMA MASJID PS_BP_02_DV_02_10	DISCHARGE SLUICE VALVE-02	NA	Non-Critical	0	0	0	100.00	\N	\N	2026-04-02 11:23:00	0.00	2026-06-15 10:48:32.528155
647	132692	PAHADI IMILI NEW_BP-6_9	BOOSTER PUMP-6	NA	Non-Critical	0	0	0	100.00	\N	\N	2026-04-01 20:21:00	0.00	2026-06-15 10:52:16.831515
662	132715	BARSHABULLA_BP_01_SOFT STARTER_01_14	SOFT STARTER-1	NA	Non-Critical	0	0	0	100.00	\N	\N	2026-04-01 20:13:00	0.00	2026-06-15 11:01:59.994616
1229	132254	RAJENDRA NAGAR_BPS_DPG_1_30	DISCHARGE PRESSURE GAUGE-01	NA	Non-Critical	0	0	0	100.00	\N	\N	2026-03-30 16:44:00	0.00	2026-06-14 20:33:55.723427
1239	132676	IDGAH_OLD_PT_03_76	PRESSURE TRANSMITTER-03	NA	Non-Critical	0	0	0	100.00	\N	\N	2026-04-01 18:32:00	0.00	2026-06-14 20:35:08.207797
1245	132348	R K PURAM_SEC-4_NEW_DS_02_07	DOL STARTER -2	NA	Non-Critical	0	0	0	100.00	\N	\N	2026-03-30 19:45:00	0.00	2026-06-14 20:36:17.712276
1256	132688	RAMLEELA PH-1_E-FAN-6_7	EXHAUST FAN-6	NA	Non-Critical	0	0	0	100.00	\N	\N	2026-04-01 20:04:00	0.00	2026-06-14 20:37:31.919055
1295	132757	PAHARI_DHIRAJ_NEW_BP-06_S/D_06_13	STAR DELTA OIL STARTER-6	NA	Non-Critical	0	0	0	100.00	\N	\N	2026-04-02 10:56:00	0.00	2026-06-14 20:42:20.623324
1297	132563	RAMJAS_UGR_DISCHARGE DV_2_14	UGR DISCHARGE VALVE-2	NA	Non-Critical	0	0	0	100.00	\N	\N	2026-03-31 18:32:00	0.00	2026-06-14 20:42:22.362174
1301	132618	SUBHASH PARK OLD_BP-01_NRV-1_97	NRV -1	NA	Non-Critical	0	0	0	100.00	\N	\N	2026-03-31 19:51:00	0.00	2026-06-14 20:43:28.90471
1317	132719	RAMLEELA-1 PH-1_EOT-1_103	EOT-1	NA	Non-Critical	0	0	0	100.00	\N	\N	2026-04-01 20:04:00	0.00	2026-06-14 20:44:46.474383
1333	132239	H-BLOCK_OLB_BP_01_OIL IMMERSED STARDELTA_STARTER_1_4	BP-01 OIL IMMERSED STAR DELTA STARTER_1	NA	Non-Critical	0	0	0	100.00	\N	\N	2026-03-30 17:44:00	0.00	2026-06-14 20:47:07.389205
1338	132040	JHANDEWALAN_OLD_BP_08_26	BOOSTER PUMP-08	NA	Non-Critical	1	750:03:49	1204:15:42	62.00	0.00	0.00	2026-03-25 19:10:00	0.00	2026-06-14 20:48:16.001369
1355	74480	Delhi Cantt Naraina_DG_15	DG Panel	NA	Non-Critical	0	0	0	100.00	\N	\N	2023-07-03 18:48:00	0.00	2026-06-14 20:50:39.210907
1270	132288	PALAM_UGR_MCCB_03_03	MCCB-03	NA	Non-Critical	0	0	0	100.00	\N	\N	2026-03-30 18:30:00	0.00	2026-06-14 20:51:45.387899
1360	132590	TAIL MILL_ROAD_BP-01_S/D_01_03	STAR DELTA OIL STARTER-01	NA	Non-Critical	0	0	0	100.00	\N	\N	2026-03-31 19:11:00	0.00	2026-06-14 20:51:45.627467
1376	132771	DUZANA HOUSE_PG-3_13	PRESSURE GAUGE-3	NA	Non-Critical	0	0	0	100.00	\N	\N	2026-04-02 11:26:00	0.00	2026-06-14 20:54:09.08947
1380	132360	R K PURAM_SEC-4_OLD_DOL_01_34	DOL STARTER WITH OIL	NA	Non-Critical	0	0	0	100.00	\N	\N	2026-03-30 19:45:00	0.00	2026-06-14 20:55:16.184698
1387	132708	RAMLEELA -1_PH-2_LRS_4_63	MOTORISED LIQUID ROTOR STARTER -4	NA	Non-Critical	0	0	0	100.00	\N	\N	2026-04-01 20:04:00	0.00	2026-06-14 20:56:26.554635
1388	132132	SANGAM PARK_BPS_3_STARDELTA_STARTER_3_6	BPS STAR DELTA STARTER_3	NA	Non-Critical	0	0	0	100.00	\N	\N	2026-03-27 18:38:00	0.00	2026-06-14 20:56:26.990883
1396	132363	RK PURAM SEC-4_BPS_INLET_EMF_03_46	ELECTROMAGENTIC FLOW METER-03	NA	Non-Critical	0	0	0	100.00	\N	\N	2026-03-30 19:45:00	0.00	2026-06-14 20:57:38.009014
1325	132013	JEETGARH UGR-02_28	UGR-02	NA	Non-Critical	0	0	0	100.00	\N	\N	2026-03-27 21:07:00	0.00	2026-06-15 09:10:49.647704
1411	132039	JHANDEWALAN_OLD_OCB_08_18	BOOSTER PUMP-08 OCB	NA	Non-Critical	0	0	0	100.00	\N	\N	2026-03-25 19:10:00	0.00	2026-06-14 20:59:59.309541
1413	132019	JHANDEWALAN_STORE ROOM_01_156	STORE ROOM-01	STORE ROOM-01	Non-Critical	0	0	0	100.00	\N	\N	2026-03-25 19:10:00	0.00	2026-06-14 21:00:01.193577
1418	132389	TALKATORA_UGR_DV-1_16	UGR DISCHARGE VALVE-09	NA	Non-Critical	0	0	0	100.00	\N	\N	2026-03-30 20:22:00	0.00	2026-06-14 21:01:10.58436
1425	132648	IDGAH_OLD_ACB_05_12	ACB PANEL-5	NA	Non-Critical	0	0	0	100.00	\N	\N	2026-04-01 18:32:00	0.00	2026-06-14 21:01:16.937024
1384	132212	TALKATORA_UGR_FV-2_23	UGR FLUSHING VALVE-02	NA	Non-Critical	0	0	0	100.00	\N	\N	2026-03-30 20:22:00	0.00	2026-06-15 09:50:03.775229
1459	132365	MOTIA KHAN_LT_CHANGEOVER-01_04	CHANGEOVER-01	NA	Non-Critical	0	0	0	100.00	\N	\N	2026-03-30 19:47:00	0.00	2026-06-14 21:07:05.499532
1463	132077	ANARKALI_BP_1_DV-1_BP-01_9	BP-1 DISCHARGE SLUICE VALVE-1	NA	Non-Critical	0	0	0	100.00	\N	\N	2026-03-27 17:08:00	0.00	2026-06-14 21:07:09.210527
1484	132587	MULTANI_DHANDA_BP-02_S/D_02_04	STAR DELTA OIL STARTER-2	NA	Non-Critical	0	0	0	100.00	\N	\N	2026-03-31 19:06:00	0.00	2026-06-14 21:10:37.877021
1487	132202	JEETGARH UGR_LT_MCB-01_2	MCB-01	NA	Non-Critical	0	0	0	100.00	\N	\N	2026-03-27 21:07:00	0.00	2026-06-14 21:10:40.705412
1489	132689	RAMLEELA PH-1_E-FAN-7_8	EXHAUST FAN-7	NA	Non-Critical	0	0	0	100.00	\N	\N	2026-04-01 20:04:00	0.00	2026-06-14 21:11:46.149561
1491	132113	DEV NAGAR OLB_BP_2_DV_2_BP-02_11	BP-2 DISCHARGE SV-2	NA	Non-Critical	0	0	0	100.00	\N	\N	2026-03-27 17:39:00	0.00	2026-06-14 21:11:49.434854
1509	132056	CYCLE MARKET_EMF_1_15	ELECTROMEGNATIC FLOW METER-1	NA	Non-Critical	0	0	0	100.00	\N	\N	2026-03-25 19:40:00	0.00	2026-06-14 21:15:18.80448
1523	132629	RIDGE ROAD_EMF-03_12	ELECTROMAGNETIC FLOW METER-3	NA	Non-Critical	0	0	0	100.00	\N	\N	2026-04-01 18:05:00	0.00	2026-06-14 21:17:37.592227
1528	132005	JHANDEWALAN_NEW_VP_102	VACUUM PUMP	NA	Non-Critical	0	0	0	100.00	\N	\N	2026-03-25 19:10:00	0.00	2026-06-14 21:17:42.294607
1529	132161	HASANPUR_UGR_EMF_OUTLET_02_27	OUTLET ELECTROMAGNETIC FLOWMETER -2	NA	Non-Critical	0	0	0	100.00	\N	\N	2026-03-27 19:32:00	0.00	2026-06-14 21:18:46.377045
1389	74489	Gali No:8_Baljeet Nagar_ATS_24	Auto Transformer Starter	NA	Non-Critical	4	10:55:30	5423:08:06	100.00	0.00	0.00	2023-12-23 13:15:00	0.00	2026-06-15 07:51:58.86
1287	132571	SARAI_KHALIL_BP-01_DV_01_14	DISCHARGE SLUICE VALVE- 01	NA	Non-Critical	0	0	0	100.00	\N	\N	2026-03-31 19:00:00	0.00	2026-06-15 06:45:31.542509
1465	132608	SUBHASH PARK PH-1_BP-05_S/D-05_45	STAR DELTA STARTER-05	NA	Non-Critical	0	0	0	100.00	\N	\N	2026-03-31 19:49:00	0.00	2026-06-15 06:54:59.610443
1406	132047	CYCLE MARKET_LT_4-POLE CHANGEOVER_05	4-POLE CHANGEOVER	NA	Non-Critical	0	0	0	100.00	\N	\N	2026-03-25 19:40:00	0.00	2026-06-15 06:58:31.42904
1426	132725	PAHADI IMLI NEW_INLET_SV-2_11	INLET SLUICE VALVE TO UGR-2	NA	Non-Critical	0	0	0	100.00	\N	\N	2026-04-01 20:21:00	0.00	2026-06-15 09:26:27.868483
1231	132150	SARAI_KHALIL_MCCB_03_03	MCCB-3	NA	Non-Critical	0	0	0	100.00	\N	\N	2026-03-31 19:00:00	0.00	2026-06-15 10:14:20.240377
1296	132104	MOTI_BAGH_BP_03_NRV-01_28	BP-03 NRV-03	NA	Non-Critical	0	0	0	100.00	\N	\N	2026-03-30 18:05:00	0.00	2026-06-15 09:22:51.224191
1479	132090	DARYAI NALA_NEW BP_1_DV_1_10	BP-1 DISCHARGE DV-1	NA	Non-Critical	0	0	0	100.00	\N	\N	2026-03-27 17:29:00	0.00	2026-06-15 08:13:27.515494
1243	132661	IDGAH_OLD_E-FAN_02_31	EXHAUST FAN-2	NA	Non-Critical	0	0	0	100.00	\N	\N	2026-04-01 18:32:00	0.00	2026-06-15 08:15:54.451436
1517	132350	R K PURAM_SEC-05_CP-01_13	CHARGING PUMP-1	NA	Non-Critical	0	0	0	100.00	\N	\N	2026-03-30 20:00:00	0.00	2026-06-15 08:30:41.975325
1442	132607	SUBHASH PARK OLD_MAIN HEADER_101	MAIN HEADER	NA	Non-Critical	0	0	0	100.00	\N	\N	2026-03-31 19:51:00	0.00	2026-06-15 10:23:56.959147
1451	132328	SUBHASH PARK PH-1_PG-05_112	PRESSURE GAUGE-05	NA	Non-Critical	0	0	0	100.00	\N	\N	2026-03-31 19:49:00	0.00	2026-06-15 10:52:18.897271
1286	131999	NAYA BAZAR _BP_04_07	BOOSTER PUMP-04	NA	Non-Critical	0	0	0	100.00	0.00	0.00	2026-04-01 20:09:00	0.00	2026-06-15 10:13:04.996021
1277	132136	BARSHABULLA_CHANGE OVER_03	CHANGE OVER	NA	Non-Critical	0	0	0	100.00	\N	\N	2026-04-01 20:13:00	0.00	2026-06-15 10:43:34.362009
1483	132336	AMARPURI_BP-01_6	BOOSTER PUMP- 01	NA	Non-Critical	0	0	0	100.00	0.00	0.00	2026-03-31 18:48:00	0.00	2026-06-15 10:47:22.854562
1532	132245	OLD RAJENDRA NAGAR_BPS_1_STARDELTA_STARTER_1_5	BP- 01 STAR DELTA STARTER_1	NA	Non-Critical	0	0	0	100.00	\N	\N	2026-03-30 16:44:00	0.00	2026-06-14 21:18:49.838735
1569	132278	MOTI_BAGH_BP_03_SV-01_21	BP_03_ SUCTION SLUICE VALVE-01	NA	Non-Critical	0	0	0	100.00	\N	\N	2026-03-30 18:05:00	0.00	2026-06-14 21:24:42.203206
1570	132295	PALAM_UGR_INLET_SV_07_13	INLET SLUICE VALVE-07	NA	Non-Critical	0	0	0	100.00	\N	\N	2026-03-30 18:30:00	0.00	2026-06-14 21:24:42.407281
1574	132257	H-BLOCK_OLB_BP_02_SUCTION_SV_1_9	SUCTION VALVE_02	NA	Non-Critical	0	0	0	100.00	\N	\N	2026-03-30 17:44:00	0.00	2026-06-14 21:24:46.028956
1533	73864	JHANDEWALAN_NEW_HOT_01_132	HOT	NA	Non-Critical	0	0	0	100.00	\N	\N	2026-03-25 19:10:00	0.00	2026-06-15 06:49:00.510194
1539	132679	IDGAH_OLD_CAMERA_03_79	CCTV CAMERA -03	NA	Non-Critical	0	0	0	100.00	\N	\N	2026-04-01 18:32:00	0.00	2026-06-14 21:19:58.284321
1572	132316	DDA SIDE ONE RAJENDRA NAGAR_COMMON HEADER_SV_1_21	COMMON HEADER SLUICE VALVE-01	NA	Non-Critical	0	0	0	100.00	\N	\N	2026-03-30 18:44:00	0.00	2026-06-14 21:24:44.162985
1573	132663	RAMLEELA PH-1_E-FAN-4_5	EXHAUST FAN-4	NA	Non-Critical	0	0	0	100.00	\N	\N	2026-04-01 20:04:00	0.00	2026-06-14 21:24:45.991504
1577	132611	SUBHASH PARK OLD_PG-08_116	PRESSURE GAUGE-08	NA	Non-Critical	0	0	0	100.00	\N	\N	2026-03-31 19:49:00	0.00	2026-06-14 21:24:49.883926
1596	132752	MATA SUNDARI BPS_PG_02_23	PRESSURE GUAGE-02	NA	Non-Critical	0	0	0	100.00	\N	\N	2026-04-01 20:17:00	0.00	2026-06-14 21:27:13.755728
1611	132558	RAMJAS_LG_1_19	LEVEL GUAGE	NA	Non-Critical	0	0	0	100.00	\N	\N	2026-03-31 18:32:00	0.00	2026-06-14 21:29:33.736585
1617	75119	Delhi Cantt Naraina_FM_UGR_49	Feed to UGR	NA	Non-Critical	0	0	0	100.00	\N	\N	2023-07-03 18:48:00	0.00	2026-06-14 21:30:43.54051
1628	132683	IDGAH_OLD_CAMERA_07_83	CCTV CAMERA -07	NA	Non-Critical	0	0	0	100.00	\N	\N	2026-04-01 18:32:00	0.00	2026-06-14 21:32:59.869001
1629	132671	IDGAH_OLD_BP-03_DV_03_56	DISCHARGE SOLENOID VALVE-3	NA	Non-Critical	0	0	0	100.00	\N	\N	2026-04-01 18:32:00	0.00	2026-06-14 21:33:00.381321
1634	132664	IDGAH_OLD_W-FAN_01_34	WALL FAN-1	NA	Non-Critical	0	0	0	100.00	\N	\N	2026-04-01 18:32:00	0.00	2026-06-14 21:33:05.603138
1638	73877	Gali No:7 _Tubewell Starter_04	Tubewel Starter	NA	Non-Critical	0	0	0	100.00	\N	\N	2023-06-22 15:54:00	0.00	2026-06-15 00:34:12.88418
1639	132586	MULTANI_DHANDA_BP-01_S/D_01_03	STAR DELTA OIL STARTER-1	NA	Non-Critical	0	0	0	100.00	\N	\N	2026-03-31 19:06:00	0.00	2026-06-15 06:43:03.724665
1640	132632	HINDURAO_WALL_FAN_7	WALL FAN-02	NA	Non-Critical	0	0	0	100.00	\N	\N	2026-04-01 17:46:00	0.00	2026-06-15 06:43:03.726331
1650	132744	RAMLEELA -2_PH-2_RTU/PLC CONTROL PANEL_60	RTU/PLC CONTROL PANEL	NA	Non-Critical	0	0	0	100.00	\N	\N	2026-04-01 19:57:00	0.00	2026-06-15 06:44:17.211119
1662	132029	JHANDEWALAN_OLD_TRANS_03_05	TRANSFORMER-3	NA	Non-Critical	0	0	0	100.00	\N	\N	2026-03-25 19:10:00	0.00	2026-06-15 06:45:32.265176
1663	132286	PALAM_UGR_MAIN_MCCB_01_01	MAIN MCCB-01	NA	Non-Critical	0	0	0	100.00	\N	\N	2026-03-30 18:30:00	0.00	2026-06-15 06:45:33.229531
1698	132312	DDA SIDE ONE RAJENDRA NAGAR_BP_1_STARDELTA_STARTER_1_6	BP-1 STAR DELTA STARTER_1	NA	Non-Critical	0	0	0	100.00	\N	\N	2026-03-30 18:44:00	0.00	2026-06-15 06:50:18.971072
1753	132376	R K PURAM_SEC-7_ BP-04_SDS_04_05	STAR DELTA STARTER-4	NA	Non-Critical	0	0	0	100.00	\N	\N	2026-03-30 20:15:00	0.00	2026-06-15 09:12:05.617874
1714	132659	IDGAH_OLD_ORS_01_26	ORS STARTER-1	NA	Non-Critical	0	0	0	100.00	\N	\N	2026-04-01 18:32:00	0.00	2026-06-15 06:53:43.825562
1717	132561	RAMJAS_INLET_SV_UGR_1_07	INLET SLUICE VALVE TO UGR-01	NA	Non-Critical	0	0	0	100.00	\N	\N	2026-03-31 18:32:00	0.00	2026-06-15 06:53:46.177165
1719	132763	PAHARI_DHIRAJ_NEW_SOLENOID_DV_04_35	DISCHARGE SOLENOID VALVE-4	NA	Non-Critical	0	0	0	100.00	\N	\N	2026-04-02 10:56:00	0.00	2026-06-15 06:53:48.693974
1723	132292	RAMLEELA -1_PH-1_INLET_SV_04_21	INLET SLUICE VALVE-04	NA	Non-Critical	0	0	0	100.00	\N	\N	2026-04-01 20:04:00	0.00	2026-06-15 06:54:55.811431
1651	132155	HASANPUR_ UGR_ FSV_02_20	FLUSHING SLUICE VALVE	NA	Non-Critical	0	0	0	100.00	\N	\N	2026-03-27 19:32:00	0.00	2026-06-15 06:56:08.558886
1736	132636	HINDURAO_BP-02_SV_2_14	INLET SUCTION VALVE-02	NA	Non-Critical	0	0	0	100.00	\N	\N	2026-04-01 17:46:00	0.00	2026-06-15 06:56:10.631842
1745	132570	SARVODAYA KANYA VIDYALAYA_BP-02_SV_2_10	SUCTION SLUICE VALVE- 02	NA	Non-Critical	0	0	0	100.00	\N	\N	2026-03-31 18:37:00	0.00	2026-06-15 06:58:25.881783
1763	132143	MALL APARTMENT_BP_03_ OIL IMMERSED STARDELTA_STARTER_3_14	OIL IMMERSED STAR DELTA STARTER_3	NA	Non-Critical	0	0	0	100.00	\N	\N	2026-03-27 19:14:00	0.00	2026-06-15 07:00:50.04318
1783	132314	DDA SIDE ONE RAJENDRA NAGAR_DG_1_10	DG	NA	Non-Critical	0	0	0	100.00	\N	\N	2026-03-30 18:44:00	0.00	2026-06-15 07:03:14.551469
1784	132221	BHIKAJI_CAMA_EMF-01_18	ELECTROMAGENTIC FLOW METER-01	NA	Non-Critical	0	0	0	100.00	\N	\N	2026-03-27 21:17:00	0.00	2026-06-15 07:03:15.116397
1785	132766	PAHARI_DHIRAJ_NEW_NRV_03_40	NRV- 3	NA	Non-Critical	0	0	0	100.00	\N	\N	2026-04-02 10:56:00	0.00	2026-06-15 07:03:16.254247
1799	132265	MOTI_BAGH_DS_BP-01_05	BP_04_DOL STARTER-1	NA	Non-Critical	0	0	0	100.00	\N	\N	2026-03-30 18:04:00	0.00	2026-06-15 07:05:35.244136
1800	132100	DARYAI NALA_OLD _BP_3_SV_5_25	BP-1 SUCTION SV-5	NA	Non-Critical	0	0	0	100.00	\N	\N	2026-03-27 17:29:00	0.00	2026-06-15 07:05:35.35471
1801	132271	MOTI_BAGH_WALL FAN_BP-02_11	WALL FAN_02	NA	Non-Critical	0	0	0	100.00	\N	\N	2026-03-30 18:05:00	0.00	2026-06-15 07:05:37.145966
1810	132189	FLAG STAFF UGR_CEILING FAN_4	CEILING FAN_1	NA	Non-Critical	0	0	0	100.00	\N	\N	2026-03-27 21:00:00	0.00	2026-06-15 07:06:47.958706
1821	132110	DEV NAGAR OLB_BP-1_DV_1_BP-01_08	BP-1 DISCHARGE SV-1	NA	Non-Critical	0	0	0	100.00	\N	\N	2026-03-27 17:39:00	0.00	2026-06-15 07:08:00.038518
1824	132176	DDA FLAT KALYAN VIHAR_DOL_STARTER_2_8	DEWATERING_DOL STARTER_2	NA	Non-Critical	0	0	0	100.00	\N	\N	2026-03-27 20:47:00	0.00	2026-06-15 07:09:05.623741
1840	132559	RAMJAS_DIS_PG_1_20	DISCHARGE PRESSURE GUAGE	NA	Non-Critical	0	0	0	100.00	\N	\N	2026-03-31 18:32:00	0.00	2026-06-15 07:10:24.543509
1860	132398	TALKATORA UGR_MLG-02_31	MECHANICAL LEVEL GAUGE-02	NA	Non-Critical	0	0	0	100.00	\N	\N	2026-03-30 20:22:00	0.00	2026-06-15 07:13:52.120013
1861	132128	PREM KUNJ_EMF-2_19	OUTLET ELECTROMAGNETIC FLOW METER-2	NA	Non-Critical	0	0	0	100.00	\N	\N	2026-03-27 18:14:00	0.00	2026-06-15 07:13:52.478725
1862	132669	IDGAH_OLD_BP-01_DV_01_54	DISCHARGE SOLENOID VALVE-1	NA	Non-Critical	0	0	0	100.00	\N	\N	2026-04-01 18:32:00	0.00	2026-06-15 07:13:54.188812
1882	132374	MOTIA KHAN BPS_34	BPS PUMP HOUSE	BPS PUMP HOUSE	Non-Critical	0	0	0	100.00	\N	\N	2026-03-30 19:47:00	0.00	2026-06-15 07:33:08.185622
1886	132753	PAHADI IMLI NEW_INLET_SV-6_15	INLET SLUICE VALVE TO UGR-6	NA	Non-Critical	0	0	0	100.00	\N	\N	2026-04-01 20:21:00	0.00	2026-06-15 07:34:14.550543
1883	132728	PAHADI IMLI NEW_INLET_SV-5_14	INLET SLUICE VALVE TO UGR-5	NA	Non-Critical	0	0	0	100.00	\N	\N	2026-04-01 20:21:00	0.00	2026-06-15 09:30:03.997075
1672	132096	PAHADI IMILI NEW_BP-3_6	BOOSTER PUMP-3	NA	Non-Critical	0	0	0	100.00	\N	\N	2026-04-01 20:21:00	0.00	2026-06-15 10:56:00.801516
1797	132346	R K PURAM_SEC-05_SPARE_S/D-03_04	STAR DELTA STARTER-3	NA	Non-Critical	0	0	0	100.00	\N	\N	2026-03-30 20:00:00	0.00	2026-06-15 10:49:51.410842
2138	132274	MOTI_BAGH_DEWATERING P-01_17	DEWATERING PUMP-01	NA	Non-Critical	0	0	0	100.00	\N	\N	2026-03-30 18:05:00	0.00	2026-06-15 08:15:49.127121
1595	132261	MULTANI_DHANDA_ MAIN_MCCB_01_01	MAIN MCCB-1	NA	Non-Critical	0	0	0	100.00	\N	\N	2026-03-31 19:06:00	0.00	2026-06-15 08:57:44.381233
1834	132615	SUBHASH PARK NEW_INLET_SV-2_71	INLET SLUICE VALVE TO UGR 2	NA	Non-Critical	0	0	0	100.00	\N	\N	2026-03-31 19:51:00	0.00	2026-06-15 09:21:42.159861
1585	132351	R K PURAM_SEC-7_INLET_SV-02_17	INLET SLUICE VALVE-2	NA	Non-Critical	0	0	0	100.00	\N	\N	2026-03-30 20:15:00	0.00	2026-06-15 09:53:38.172434
1694	132053	DARYAI NALA_OLD _BP_1_SV_1_21	BP-1 SUCTION SV-1	NA	Non-Critical	0	0	0	100.00	\N	\N	2026-03-27 17:29:00	0.00	2026-06-15 10:14:23.078576
1744	132152	R K PURAM_SEC-05_ C_FAN_01_09	CEILING FAN	NA	Non-Critical	0	0	0	100.00	\N	\N	2026-03-30 20:00:00	0.00	2026-06-15 10:44:50.530183
1887	131989	JHANDEWALAN_NEW_ATS_01_66	OIL IMMERSED MANUALLY STAR DELTA STARTER_1	NA	Non-Critical	0	0	0	100.00	\N	\N	2026-03-25 19:10:00	0.00	2026-06-15 07:34:15.667717
1892	132711	RAMLEELA -1_PH-2_RTU/PLC CONTROL PANEL_1_68	RTU/PLC CONTROL PANEL-1	NA	Non-Critical	0	0	0	100.00	\N	\N	2026-04-01 20:04:00	0.00	2026-06-15 07:35:22.841566
1899	132395	TALKATORA UGR_OUTLET_EMF-05_28	ELECTROMAGNETIC FLOW METER-05	NA	Non-Critical	0	0	0	100.00	\N	\N	2026-03-30 20:22:00	0.00	2026-06-15 07:35:29.944987
1913	131993	JHANDEWALAN_NEW_LRS_02_70	PALAM UGR_LRS WITH OCB- 150 AMP_2	NA	Non-Critical	0	0	0	100.00	\N	\N	2026-03-25 19:10:00	0.00	2026-06-15 07:37:49.100775
1916	132726	RAMLEELA_2 PH_1_INLET_SV-3_14	INLET SLUICE VALVE TO UGR-3	NA	Non-Critical	0	0	0	100.00	\N	\N	2026-04-01 19:57:00	0.00	2026-06-15 07:37:50.923083
1931	132399	TALKATORA_GUARD ROOM_21	GUARD ROOM	NA	Non-Critical	0	0	0	100.00	\N	\N	2026-03-30 20:22:00	0.00	2026-06-15 07:40:12.828668
1935	132738	RAMLEELA_2 PH_1 APFC-3_39	APFC PANEL-3	NA	Non-Critical	0	0	0	100.00	\N	\N	2026-04-01 19:57:00	0.00	2026-06-15 07:40:16.43539
1937	132387	TALKATORA_UGR_DV-4_14	UGR DISCHARGE VALVE-07	NA	Non-Critical	0	0	0	100.00	\N	\N	2026-03-30 20:22:00	0.00	2026-06-15 07:41:21.164231
1955	132393	TALKATORA_UGR_DV-4_20	UGR DISCHARGE VALVE-13	NA	Non-Critical	0	0	0	100.00	\N	\N	2026-03-30 20:22:00	0.00	2026-06-15 07:43:45.508068
1956	132662	RAMLEELA PH-1_E-FAN-3_4	EXHAUST FAN-3	NA	Non-Critical	0	0	0	100.00	\N	\N	2026-04-01 20:04:00	0.00	2026-06-15 07:43:46.139851
1964	132000	JHANDEWALAN_OLD_BP_05_23	BOOSTER PUMP-05	NA	Non-Critical	1	900:21:21	1077:58:10	54.00	0.00	0.00	2026-03-25 19:10:00	0.00	2026-06-15 07:46:11.6775
1982	132266	MOTI_BAGH_DS_BP-02_06	SPARE_DOL STARTER-1	NA	Non-Critical	0	0	0	100.00	\N	\N	2026-03-30 18:04:00	0.00	2026-06-15 07:47:19.84094
1990	132326	NEW RAJENDRA NAGAR_OLD_BP-03_PG-03_37	PRESSURE GAUGE-03	NA	Non-Critical	0	0	0	100.00	\N	\N	2026-03-30 18:50:00	0.00	2026-06-15 07:48:29.989606
2002	132640	HINDURAO_BPS ROOM_2_36	BPS ROOM-2	NA	Non-Critical	0	0	0	100.00	\N	\N	2026-04-01 17:46:00	0.00	2026-06-15 07:50:48.18526
2004	132101	DARYAI NALA_OLD BP_1_DV_1_26	BP-1 DISCHARGE DV-6	NA	Non-Critical	0	0	0	100.00	\N	\N	2026-03-27 17:29:00	0.00	2026-06-15 07:50:49.998154
2005	132580	SARAI_KHALIL_DOL_STARTER_01_07	OIL DOL STARTER-01	NA	Non-Critical	0	0	0	100.00	\N	\N	2026-03-31 19:00:00	0.00	2026-06-15 07:50:51.616365
2024	132217	BHIKAJI_CAMA_BP_01_8	BOOSTER PUMP -01	NA	Non-Critical	0	0	0	100.00	\N	\N	2026-03-27 21:17:00	0.00	2026-06-15 07:53:14.850175
2025	132637	HINDURAO_SUBM_PUMP-01_21	SUBMERSIBLE PUMP-01	NA	Non-Critical	0	0	0	100.00	\N	\N	2026-04-01 17:46:00	0.00	2026-06-15 07:54:19.569229
2032	132030	JHANDEWALAN_OLD_INCOMER-01 ACB_07	LT PANEL INCOMER _1 ACB	NA	Non-Critical	0	0	0	100.00	\N	\N	2026-03-25 19:10:00	0.00	2026-06-15 07:54:26.410206
1962	132305	PALAM_UGR_INLET_EMF_02_27	ELECTROMAGNETIC FLOW METER -02	NA	Non-Critical	0	0	0	100.00	\N	\N	2026-03-30 18:30:00	0.00	2026-06-15 07:55:33.172825
2136	132585	IDGAH_BPS_BOUNDARY_01_94	PUMP HOUSE BOUNDARY	PUMP HOUSE BOUNDARY	Non-Critical	0	0	0	100.00	\N	\N	2026-04-01 18:32:00	0.00	2026-06-15 09:41:35.51467
2050	132641	IDGAH_OLD_HT_PANEL_03_05	HT PANEL-3	NA	Non-Critical	0	0	0	100.00	\N	\N	2026-04-01 18:32:00	0.00	2026-06-15 07:57:52.954107
2054	132626	RIDGE ROAD_UGR_SV-02_5	UGR INLET VALVE-02	NA	Non-Critical	0	0	0	100.00	\N	\N	2026-04-01 18:05:00	0.00	2026-06-15 07:57:56.338426
2055	132665	IDGAH_ OLD_W-FAN_02_35	WALL FAN-2	NA	Non-Critical	0	0	0	100.00	\N	\N	2026-04-01 18:32:00	0.00	2026-06-15 07:57:56.845729
2056	132249	RAJENDRA NAGAR_BPS_IN_01_EMF_1_25	INLET -01 ELECTRO MAGNETIC FLOW METER- 01	NA	Non-Critical	0	0	0	100.00	\N	\N	2026-03-30 16:44:00	0.00	2026-06-15 07:57:58.067666
2059	132327	NEW RAJENDRA NAGAR_OLD_BP-04_PG-04_38	PRESSURE GAUGE-04	NA	Non-Critical	0	0	0	100.00	\N	\N	2026-03-30 18:50:00	0.00	2026-06-15 07:59:03.384993
2088	132380	PAHARI_DHIRAJ_OLD_BP-03_NRV_02_67	NRV-3	NA	Non-Critical	0	0	0	100.00	\N	\N	2026-04-02 10:56:00	0.00	2026-06-15 10:32:35.070658
2063	132033	JHANDEWALAN_OLD_LRS_02_12	BOOSTER PUMP-02 LRS	NA	Non-Critical	0	0	0	100.00	\N	\N	2026-03-25 19:10:00	0.00	2026-06-15 07:59:07.062444
2067	132015	JHANDEWALAN_PUMPHOUSE_01_152	PUMP HOUSE-01	PUMP HOUSE-01	Non-Critical	0	0	0	100.00	\N	\N	2026-03-25 19:10:00	0.00	2026-06-15 08:00:13.344132
2078	132759	PAHARI_DHIRAJ_NEW_SUBM_PUMP_02_22	SUBMERSIBLE PUMP-2	NA	Non-Critical	0	0	0	100.00	\N	\N	2026-04-02 10:56:00	0.00	2026-06-15 08:01:27.029886
2083	132268	MOTI_BAGH_CO_BP-02_08	4 POLE CHANGEOVER-02	NA	Non-Critical	0	0	0	100.00	\N	\N	2026-03-30 18:04:00	0.00	2026-06-15 08:01:31.541319
2086	132156	HASANPUR_ UGR_ LG_01_21	MANUAL LEVEL INDICATOR COMPARTMENT-1	NA	Non-Critical	0	0	0	100.00	\N	\N	2026-03-27 19:32:00	0.00	2026-06-15 08:01:34.487139
2092	132767	PAHARI_DHIRAJ_NEW_NRV_04_41	NRV- 4	NA	Non-Critical	0	0	0	100.00	\N	\N	2026-04-02 10:56:00	0.00	2026-06-15 08:02:42.90423
2093	132105	DARYAI NALA_OLD _PH-01_35	PUMP HOUSE ROOM-1	NA	Non-Critical	0	0	0	100.00	\N	\N	2026-03-27 17:29:00	0.00	2026-06-15 08:02:43.287299
2101	132102	DARYAI NALA_OLD BP_2_DV_2_27	BP-1 DISCHARGE DV-7	NA	Non-Critical	0	0	0	100.00	\N	\N	2026-03-27 17:29:00	0.00	2026-06-15 08:03:53.31763
2109	132159	HASANPUR_UGR_EMF_INLET_01_25	INLET ELECTROMAGNETIC FLOWMETER-1	NA	Non-Critical	0	0	0	100.00	\N	\N	2026-03-27 19:32:00	0.00	2026-06-15 08:05:03.86847
2111	132653	IDGAH_OLD _MCCB_05_18	MAIN MCCB-5	NA	Non-Critical	0	0	0	100.00	\N	\N	2026-04-01 18:32:00	0.00	2026-06-15 08:05:05.678872
2113	132319	NEW RAJENDRA NAGAR_OLD_BP-02_ OIL IMMERSED S/D-2_4	OIL IMMERSED STAR DELTA STARTER-02	NA	Non-Critical	0	0	0	100.00	\N	\N	2026-03-30 18:50:00	0.00	2026-06-15 08:05:07.374337
2130	132645	IDGAH_OLD_ACB_02_09	ACB PANEL-2	NA	Non-Critical	0	0	0	100.00	\N	\N	2026-04-01 18:32:00	0.00	2026-06-15 08:07:28.394229
2131	132264	MOTI_BAGH_S/D_BP-03_04	BP_03_STAR-DELTA STARTER-1	NA	Non-Critical	0	0	0	100.00	\N	\N	2026-03-30 18:04:00	0.00	2026-06-15 08:07:29.723575
2132	132639	HINDURAO_BPS ROOM_1_35	BPS ROOM-1	NA	Non-Critical	0	0	0	100.00	\N	\N	2026-04-01 17:46:00	0.00	2026-06-15 08:07:30.226023
2134	132362	RK PURAM SEC-4_BPS_INLET_EMF_02_45	ELECTROMAGENTIC FLOW METER-02	NA	Non-Critical	0	0	0	100.00	\N	\N	2026-03-30 19:45:00	0.00	2026-06-15 08:07:32.069955
2135	132309	RK PURAM SEC-7_UGR_01_36	UGR-1	UGR	Non-Critical	0	0	0	100.00	\N	\N	2026-03-30 20:15:00	0.00	2026-06-15 08:07:33.329483
1979	132329	NEW RAJENDRA NAGAR_NEW_BP-02_PG-06_40	PRESSURE GAUGE-06	NA	Non-Critical	0	0	0	100.00	\N	\N	2026-03-30 18:50:00	0.00	2026-06-15 10:05:54.773722
1960	132695	RAMLEELA_1 PH_4 MAIN HEADER_SV_98	MAIN HEADER SLUICE VALVE	NA	Non-Critical	0	0	0	100.00	\N	\N	2026-04-01 20:04:00	0.00	2026-06-15 11:00:44.751722
2047	132240	H-BLOCK_OLB_BP_02_OIL IMMERSED STARDELTA_STARTER_1_5	BP-02 OIL IMMERSED STAR DELTA STARTER_1	NA	Non-Critical	0	0	0	100.00	\N	\N	2026-03-30 17:44:00	0.00	2026-06-15 10:16:42.61377
2027	132337	SATYA_NIKETAN_BP-02_12	BOOSTER PUMP- 02	NA	Non-Critical	0	0	0	100.00	\N	\N	2026-03-30 18:57:00	0.00	2026-06-15 10:24:05.691001
2142	132032	JHANDEWALAN_OLD_ATS_01_11	BOOSTER PUMP-01 ATS	NA	Non-Critical	0	0	0	100.00	\N	\N	2026-03-25 19:10:00	0.00	2026-06-15 08:08:42.033883
2147	132157	HASANPUR_ UGR_ LG_02_22	MANUAL LEVEL INDICATOR COMPARTMENT-2	NA	Non-Critical	0	0	0	100.00	\N	\N	2026-03-27 19:32:00	0.00	2026-06-15 08:09:49.743088
2158	132666	IDGAH_OLD_W-FAN_03_36	WALL FAN-3	NA	Non-Critical	0	0	0	100.00	\N	\N	2026-04-01 18:32:00	0.00	2026-06-15 08:11:01.87849
2166	131986	JHANDEWALAN_NEW_LT_01_63	LT PANEL INCOMMER_1 OCB	NA	Non-Critical	0	0	0	100.00	\N	\N	2026-03-25 19:10:00	0.00	2026-06-15 08:12:11.862722
2168	132392	TALKATORA_UGR_DV-3_19	UGR DISCHARGE VALVE-12	NA	Non-Critical	0	0	0	100.00	\N	\N	2026-03-30 20:22:00	0.00	2026-06-15 08:12:13.920332
2145	132107	DARYAI NALA _STORE ROOM-37	STORE ROOM	NA	Non-Critical	0	0	0	100.00	\N	\N	2026-03-27 17:29:00	0.00	2026-06-15 08:12:15.793137
2172	132345	SATYA_NIKETAN_ BP-02_NRV_02_26	NRV - 2	NA	Non-Critical	0	0	0	100.00	\N	\N	2026-03-30 18:57:00	0.00	2026-06-15 08:12:17.653088
2176	132769	PAHARI_DHIRAJ_OLD_BP-03_ATS_03_51	ATS STARTER-3	NA	Non-Critical	0	0	0	100.00	\N	\N	2026-04-02 10:56:00	0.00	2026-06-15 08:13:23.956191
2178	132768	PAHARI_DHIRAJ_OLD_ACB_01_43	ACB	NA	Non-Critical	0	0	0	100.00	\N	\N	2026-04-02 10:56:00	0.00	2026-06-15 08:13:25.681913
2181	132287	PALAM_UGR_MCCB_02_02	MCCB-02	NA	Non-Critical	0	0	0	100.00	\N	\N	2026-03-30 18:30:00	0.00	2026-06-15 08:13:28.988807
2182	132675	PAHARI_DHIRAJ_OLD_PT_02_74	PRESSURE TRANSMITTER-02	NA	Non-Critical	0	0	0	100.00	\N	\N	2026-04-02 10:56:00	0.00	2026-06-15 08:13:29.303601
2184	132576	BOULEVARD ROAD_UGR INLET_1_SUCTION_SV_1_8	UGR INLET SUCTION VALVE	NA	Non-Critical	0	0	0	100.00	\N	\N	2026-03-31 18:52:00	0.00	2026-06-15 08:13:31.146739
2186	132052	CYCLE MARKET_FV_UGR_11	UGR FEED VALTE	NA	Non-Critical	0	0	0	100.00	\N	\N	2026-03-25 19:40:00	0.00	2026-06-15 08:14:35.591385
2189	132560	RAMJAS_OHT_1_21	OVER HEAD TANK	OVER HEAD TANK	Non-Critical	0	0	0	100.00	\N	\N	2026-03-31 18:32:00	0.00	2026-06-15 08:14:39.128217
2193	132250	RAJENDRA NAGAR_BPS_IN_02_EMF_1_26	INLET -02 ELECTRO MAGNETIC FLOW METER-01	NA	Non-Critical	0	0	0	100.00	\N	\N	2026-03-30 16:44:00	0.00	2026-06-15 08:14:42.668555
2195	132126	SANGAM PARK_ULT_24	ULT	NA	Non-Critical	0	0	0	100.00	\N	\N	2026-03-27 18:38:00	0.00	2026-06-15 08:14:44.448999
2196	132331	SATYA NIKETAN_BPS_OUTLET_EMF-02_29	ELECTROMAGNETIC FLOW METER- 02	NA	Non-Critical	0	0	0	100.00	\N	\N	2026-03-30 18:55:00	0.00	2026-06-15 08:15:47.189925
2199	132209	JEETGARH_UGR_DV-05_18	UGR DISCHARGE VALVE-05	NA	Non-Critical	0	0	0	100.00	\N	\N	2026-03-27 21:07:00	0.00	2026-06-15 08:15:50.795255
2200	132165	SHEESH MAHAL OLB_3_LT_POLE MCCB_4	3 POLE MCCB	NA	Non-Critical	0	0	0	100.00	\N	\N	2026-03-27 20:24:00	0.00	2026-06-15 08:15:50.881178
2202	132358	R K PURAM_SEC-4_OLD_ BP-01_S/D_01_30	STAR DELTA STARTER WITH OIL -01	NA	Non-Critical	0	0	0	100.00	\N	\N	2026-03-30 19:45:00	0.00	2026-06-15 08:15:52.73683
2213	132712	RAMLEELA -1_PH-2_RTU/PLC CONTROL PANEL_2_69	RTU/PLC CONTROL PANEL-2	NA	Non-Critical	0	0	0	100.00	\N	\N	2026-04-01 20:04:00	0.00	2026-06-15 08:17:06.668337
2214	132564	SLAUGHTER_HOUSE_MCB_02_03	MCB-2	NA	Non-Critical	0	0	0	100.00	\N	\N	2026-03-31 18:34:00	0.00	2026-06-15 08:18:11.449249
2220	132651	IDGAH_OLD_MCCB_03_16	MAIN MCCB-3	NA	Non-Critical	0	0	0	100.00	\N	\N	2026-04-01 18:32:00	0.00	2026-06-15 08:19:22.774718
2226	132680	IDGAH_OLD_CAMERA_04_80	CCTV CAMERA -04	NA	Non-Critical	0	0	0	100.00	\N	\N	2026-04-01 18:32:00	0.00	2026-06-15 08:30:44.225006
2230	132127	PREM KUNJ_EMF-1_18	INLET ELECTROMAGNETIC FLOW METER-1	NA	Non-Critical	0	0	0	100.00	\N	\N	2026-03-27 18:14:00	0.00	2026-06-15 08:31:52.810396
2255	132625	RIDGE ROAD_UGR_SV-01_4	UGR INLET VALVE-01	NA	Non-Critical	0	0	0	100.00	\N	\N	2026-04-01 18:05:00	0.00	2026-06-15 08:36:35.175695
2272	132390	TALKATORA_UGR_DV-1_17	UGR DISCHARGE VALVE-10	NA	Non-Critical	0	0	0	100.00	\N	\N	2026-03-30 20:22:00	0.00	2026-06-15 08:40:03.251571
2274	132334	SATYA_NIKETAN_CP_DS_02_07	DOL STARTER- 2	NA	Non-Critical	0	0	0	100.00	\N	\N	2026-03-30 18:57:00	0.00	2026-06-15 08:40:05.280881
2302	132214	BHIKAJI_CAMA_S/D-2_BP-02_3	STAR-DELTA STARTER-2	NA	Non-Critical	0	0	0	100.00	\N	\N	2026-03-27 21:17:00	0.00	2026-06-15 08:47:04.298597
2318	132060	RAMJAS_PUMPHOUSE_1_22	OLD PUMP HOUSE	OLD PUMP HOUSE	Non-Critical	0	0	0	100.00	\N	\N	2026-03-31 18:32:00	0.00	2026-06-15 08:50:33.805814
2320	132762	PAHARI_DHIRAJ_NEW_SV_06_31	SUCTION SLUICE VALVE-6	NA	Non-Critical	0	0	0	100.00	\N	\N	2026-04-02 10:56:00	0.00	2026-06-15 08:50:37.343675
2326	132131	RIDGE ROAD_TOILET ROOM_19	TOILET ROOM	NA	Non-Critical	0	0	0	100.00	\N	\N	2026-04-01 18:05:00	0.00	2026-06-15 08:52:52.123739
2341	132273	MOTI_BAGH_WALL FAN_BP-04_13	CEILING FAN_01	NA	Non-Critical	0	0	0	100.00	\N	\N	2026-03-30 18:05:00	0.00	2026-06-15 08:55:16.827979
2346	132218	BHIKAJI_CAMA_BP_02_9	BOOSTER PUMP -02	NA	Non-Critical	0	0	0	100.00	\N	\N	2026-03-27 21:17:00	0.00	2026-06-15 08:55:22.152258
2357	132701	RAMLEELA -1_PH-1_MOTOR_LRS_6_44	MOTORISED LIQUID ROTOR STARTER-6	NA	Non-Critical	0	0	0	100.00	\N	\N	2026-04-01 20:04:00	0.00	2026-06-15 08:57:42.286518
2324	132747	MATA SUNDARI BPS_BP_02_SOFT STARTER-02_20	SOFT STARTER-02	NA	Non-Critical	0	0	0	100.00	\N	\N	2026-04-01 20:17:00	0.00	2026-06-15 10:55:53.384003
2364	132656	IDGAH_OLD_BP-02_LRS_02_21	LRS-2	NA	Non-Critical	0	0	0	100.00	\N	\N	2026-04-01 18:32:00	0.00	2026-06-15 08:58:52.660777
2365	132318	NEW RAJENDRA NAGAR_OLD_BP-01_ OIL IMMERSED S/D-1_3	OIL IMMERSED STAR DELTA STARTER-01	NA	Non-Critical	0	0	0	100.00	\N	\N	2026-03-30 18:50:00	0.00	2026-06-15 08:58:54.156128
2373	132203	JEETGARH UGR_LT_MCB-02_3	MCB-02	NA	Non-Critical	0	0	0	100.00	\N	\N	2026-03-27 21:07:00	0.00	2026-06-15 09:00:06.508713
2391	132160	HASANPUR_UGR_EMF_OUTLET_01_26	OUTLET ELECTROMAGNETIC FLOWMETER -1	NA	Non-Critical	0	0	0	100.00	\N	\N	2026-03-27 19:32:00	0.00	2026-06-15 09:03:37.29307
2141	131984	JHANDEWALAN_NEW_HT_02_61	HT PANEL-2	NA	Non-Critical	0	0	0	100.00	\N	\N	2026-03-25 19:10:00	0.00	2026-06-15 09:04:46.984715
2402	132602	SUBHASH PARK PH-1_E-FAN-10_11	EXHAUST FAN-10	NA	Non-Critical	0	0	0	100.00	\N	\N	2026-03-31 19:49:00	0.00	2026-06-15 09:04:52.52787
2406	132397	TALKATORA UGR_MLG-01_30	MECHANICAL LEVEL GAUGE-01	NA	Non-Critical	0	0	0	100.00	\N	\N	2026-03-30 20:22:00	0.00	2026-06-15 09:05:59.609334
2411	132579	SARAI_KHALIL_BP-02_S/D_02_06	STAR DELTA STARTER WITH OIL-02	NA	Non-Critical	0	0	0	100.00	\N	\N	2026-03-31 19:00:00	0.00	2026-06-15 09:06:05.279471
2422	132086	DARYAI NALA_NEW _LT_LT PANEL_03_04	LT PANEL-03	NA	Non-Critical	0	0	0	100.00	\N	\N	2026-03-27 17:29:00	0.00	2026-06-15 09:08:23.947625
179	74446	Shiv Chowck_Main Fuse_06	change over Switch	NA	Non-Critical	1	00:13:00	26149:22:14	100.00	0.00	0.00	2023-06-22 15:54:00	0.00	2026-06-15 10:48:29.7278
2387	132141	NEW RAJENDRA NAGAR_NEW_BP-01_ OIL IMMERSED S/D_1_27	OIL IMMERSED STAR DELTA STARTER_1	NA	Non-Critical	0	0	0	100.00	\N	\N	2026-03-30 18:50:00	0.00	2026-06-15 10:16:46.218985
2148	132566	RAMLEELA -1_PH-2_PG-1_112	PRESSURE GUAGE-1	NA	Non-Critical	0	0	0	100.00	\N	\N	2026-04-01 20:04:00	0.00	2026-06-15 10:18:01.614401
2257	132290	RAMLEELA_1 PH_3_INLET_SV_02_78	INLET SLUICE VALVE-02	NA	Non-Critical	0	0	0	100.00	\N	\N	2026-04-01 20:04:00	0.00	2026-06-15 10:37:28.747029
2268	132746	NAYA BAZAR _BP_01_SOFT STARTER_01_18	SOFT STARTER-01	NA	Non-Critical	0	0	0	100.00	\N	\N	2026-04-01 20:09:00	0.00	2026-06-15 10:54:40.75744
2453	132197	FLAG STAFF_UGR_FV_12	UGR FLUSHING VALVE	NA	Non-Critical	0	0	0	100.00	\N	\N	2026-03-27 21:00:00	0.00	2026-06-15 09:13:12.397647
2455	132260	H-BLOCK_PG_01_14	PRESSURE GAUGE- 01	NA	Non-Critical	0	0	0	100.00	\N	\N	2026-03-30 17:44:00	0.00	2026-06-15 09:13:14.430431
2467	132635	HINDURAO_UGR_INLET_SV_2_12	UGR INLET SUCTION VALVE -02	NA	Non-Critical	0	0	0	100.00	\N	\N	2026-04-01 17:46:00	0.00	2026-06-15 09:14:30.480963
2475	132581	SARAI_KHALIL_BP-01_BV_01_18	BALL VALVE- 01	NA	Non-Critical	0	0	0	100.00	\N	\N	2026-03-31 19:00:00	0.00	2026-06-15 09:15:42.104436
2478	132317	DDA SITE-1 RAJENDRA NAGAR_DG ROOM_28	DG ROOM	NA	Non-Critical	0	0	0	100.00	\N	\N	2026-03-30 18:44:00	0.00	2026-06-15 09:16:48.855723
501	132142	MALL APARTMENT_BP_02_ OIL IMMERSED STARDELTA_STARTER_2_13	OIL IMMERSED STAR DELTA STARTER_2	NA	Non-Critical	0	0	0	100.00	\N	\N	2026-03-27 19:14:00	0.00	2026-06-15 09:16:53.975132
2492	132321	NEW RAJENDRA NAGAR_OLD_BP-04_ OIL IMMERSED S/D_4_6	OIL IMMERSED STAR DELTA STARTER-04	NA	Non-Critical	0	0	0	100.00	\N	\N	2026-03-30 18:50:00	0.00	2026-06-15 09:18:07.754361
2505	132681	IDGAH_OLD_CAMERA_05_81	CCTV CAMERA -05	NA	Non-Critical	0	0	0	100.00	\N	\N	2026-04-01 18:32:00	0.00	2026-06-15 09:20:28.28705
2508	132323	NEW RAJENDRA NAGAR_OLD_UGR_SUCTION_SV_1_14	INLET SUCTION SLUICE VALVE	NA	Non-Critical	0	0	0	100.00	\N	\N	2026-03-30 18:50:00	0.00	2026-06-15 09:20:31.07836
2509	132087	DARYAI NALA_NEW _LT_LT PANEL_04_05	LT PANEL-04	NA	Non-Critical	0	0	0	100.00	\N	\N	2026-03-27 17:29:00	0.00	2026-06-15 09:20:32.961276
2514	132652	IDGAH_OLD_MCCB_04_17	MAIN MCCB-4	NA	Non-Critical	0	0	0	100.00	\N	\N	2026-04-01 18:32:00	0.00	2026-06-15 09:21:40.850579
2525	132306	TAIL MILL_ROAD_OUTLET_EMF-03_20	ELECTROMAGNETIC FLOW METER -03	NA	Non-Critical	0	0	0	100.00	\N	\N	2026-03-31 19:11:00	0.00	2026-06-15 09:22:57.279488
2537	132703	RAMLEELA -1_PH-1_RTU/PLC CONTROL PANEL_2_46	RTU/PLC CONTROL PANEL (HT & LT PANEL)-2	NA	Non-Critical	0	0	0	100.00	\N	\N	2026-04-01 20:04:00	0.00	2026-06-15 09:26:22.286782
2540	132573	AMARPURI_BP-01_S/D_01_03	STAR DELTA STARTER-1 WITH OIL	NA	Non-Critical	0	0	0	100.00	\N	\N	2026-03-31 18:48:00	0.00	2026-06-15 09:26:25.744288
2552	132307	PALAM_UGR_OUTLET_EMF_04_29	ELECTROMAGNETIC FLOW METER -04	NA	Non-Critical	0	0	0	100.00	\N	\N	2026-03-30 18:30:00	0.00	2026-06-15 09:27:42.112555
2558	132330	SATYA NIKETAN_BPS_INLET_EMF-01_28	ELECTROMAGNETIC FLOW METER- 01	NA	Non-Critical	0	0	0	100.00	\N	\N	2026-03-30 18:55:00	0.00	2026-06-15 09:28:51.974842
2560	132366	MOTIA KHAN_LT_CHANGEOVER-02_05	CHANGEOVER-02	NA	Non-Critical	0	0	0	100.00	\N	\N	2026-03-30 19:47:00	0.00	2026-06-15 09:28:54.773644
2562	132690	RAMLEELA PH-1_E-FAN-8_9	EXHAUST FAN-8	NA	Non-Critical	0	0	0	100.00	\N	\N	2026-04-01 20:04:00	0.00	2026-06-15 09:30:03.818571
2595	132085	DARYAI NALA_NEW _LT_LT PANEL_02_03	LT PANEL-02	NA	Non-Critical	0	0	0	100.00	\N	\N	2026-03-27 17:29:00	0.00	2026-06-15 09:42:45.913666
2614	132710	RAMLEELA -1_PH-2_LRS_6_65	MOTORISED LIQUID ROTOR STARTER -6	NA	Non-Critical	0	0	0	100.00	\N	\N	2026-04-01 20:04:00	0.00	2026-06-15 09:46:19.3268
2626	132698	RAMLEELA -1_PH-1_MOTOR_LRS_3_41	MOTORISED LIQUID ROTOR STARTER-3	NA	Non-Critical	0	0	0	100.00	\N	\N	2026-04-01 20:04:00	0.00	2026-06-15 09:47:39.022464
2641	132610	SUBHASH PARK NEW_PG-07_115	PRESSURE GAUGE-07	NA	Non-Critical	0	0	0	100.00	\N	\N	2026-03-31 19:49:00	0.00	2026-06-15 09:50:03.444539
2656	132702	RAMLEELA -1_PH-1_RTU/PLC CONTROL PANEL_1_45	RTU/PLC CONTROL PANEL (HT & LT PANEL)-1	NA	Non-Critical	0	0	0	100.00	\N	\N	2026-04-01 20:04:00	0.00	2026-06-15 09:52:26.554148
2659	132201	TALKATORA UGR_OUTLET_EMF-04_27	ELECTROMAGNETIC FLOW METER-04	NA	Non-Critical	0	0	0	100.00	\N	\N	2026-03-30 20:22:00	0.00	2026-06-15 09:52:29.006139
2665	132311	CANTT PALAM_UGR_03_33	UGR-3	UGR-3	Non-Critical	0	0	0	100.00	\N	\N	2026-03-30 18:30:00	0.00	2026-06-15 09:53:40.181671
2680	132568	SARVODAYA KANYA VIDYALAYA_BP-02_S/D-02_6	STAR DELTA STARTER- 02	NA	Non-Critical	0	0	0	100.00	\N	\N	2026-03-31 18:37:00	0.00	2026-06-15 09:56:05.117674
2682	132253	RAJENDRA NAGAR_BPS_BP_03_PG_1_29	BP- 03 PRESSURE GAUGE-01	NA	Non-Critical	0	0	0	100.00	\N	\N	2026-03-30 16:44:00	0.00	2026-06-15 09:57:11.137263
2685	132737	RAMLEELA_2 PH_1 APFC-2_38	APFC PANEL-2	NA	Non-Critical	0	0	0	100.00	\N	\N	2026-04-01 19:57:00	0.00	2026-06-15 09:57:13.269207
2699	132342	SATYA_NIKETAN_ DW-01_BV_03_23	CHARGE BALL VALVE-03	NA	Non-Critical	0	0	0	100.00	\N	\N	2026-03-30 18:57:00	0.00	2026-06-15 09:59:37.935688
2723	132628	RAMLEELA -1_PH-1_EMF-2_110	ELECTROMAGNETIC FLOW METER-2	NA	Non-Critical	0	0	0	100.00	\N	\N	2026-04-01 20:04:00	0.00	2026-06-15 10:02:13.708478
2875	132174	MILITARY ROAD OLB_BP_02_DV_2_11	BP-2 DISCHARGE DV-2	NA	Non-Critical	0	0	0	100.00	\N	\N	2026-03-27 20:35:00	0.00	2026-06-15 10:25:11.627329
2753	132303	RIDGE ROAD_MLG_2_14	MECHANICAL LEVEL GAUGE	NA	Non-Critical	0	0	0	100.00	\N	\N	2026-04-01 18:05:00	0.00	2026-06-15 10:07:02.339976
2757	132130	RIDGE ROAD_BOUNDARY_18	BOUNDARY WALL	NA	Non-Critical	0	0	0	100.00	\N	\N	2026-04-01 18:05:00	0.00	2026-06-15 10:07:07.335048
2763	132731	RAMLEELA_2 PH_1 ACTUATOR-1_30	ACTUATOR-1	NA	Non-Critical	0	0	0	100.00	\N	\N	2026-04-01 19:57:00	0.00	2026-06-15 10:08:17.095063
2764	131991	JHANDEWALAN_NEW_ATS_03_68	OIL IMMERSED MANUALLY STAR DELTA STARTER_3	NA	Non-Critical	0	0	0	100.00	\N	\N	2026-03-25 19:10:00	0.00	2026-06-15 10:08:17.928118
2784	132106	DARYAI NALA_NEW _PH-02_36	PUMP HOUSE ROOM-2	NA	Non-Critical	0	0	0	100.00	\N	\N	2026-03-27 17:29:00	0.00	2026-06-15 10:11:52.912639
2790	132244	H-BLOCK_LT_FUSE_2_2	FUSE- 02	NA	Non-Critical	0	0	0	100.00	\N	\N	2026-03-30 17:44:00	0.00	2026-06-15 10:11:59.333844
2792	132256	H-BLOCK_OLB_BP_01_SUCTION_SV_1_8	SUCTION VALVE_01	NA	Non-Critical	0	0	0	100.00	\N	\N	2026-03-30 17:44:00	0.00	2026-06-15 10:13:04.491103
2487	132572	SARVODAYA KANYA VIDYALAYA_BP-02_DV_2_12	DISCHARGE SLUICE VALVE- 02	NA	Non-Critical	0	0	0	100.00	\N	\N	2026-03-31 18:37:00	0.00	2026-06-15 10:14:17.772565
2804	132658	IDGAH_OLD_BP-04_LRS_04_23	LRS-4	NA	Non-Critical	0	0	0	100.00	\N	\N	2026-04-01 18:32:00	0.00	2026-06-15 10:14:22.306939
2807	132163	HASANPUR_UGR _02_29	COMPARTMENT-2	COMPARTMENT-2	Non-Critical	0	0	0	100.00	\N	\N	2026-03-27 19:32:00	0.00	2026-06-15 10:15:28.862379
2828	132181	DDA FLAT KALYAN VIHAR_DEWATERING PUMP_1_13	DEWATERING PUMP_1	NA	Non-Critical	0	0	0	100.00	\N	\N	2026-03-27 20:47:00	0.00	2026-06-15 10:17:59.040838
2833	132164	SHEESH MAHAL OLB_LT_4 POLE MCCB_3	4 POLE MCCB	NA	Non-Critical	0	0	0	100.00	\N	\N	2026-03-27 20:24:00	0.00	2026-06-15 10:19:08.813654
2690	132119	POLICE LINE_OLB_PLC PANEL_26	PLC PANEL	NA	Non-Critical	0	0	0	100.00	\N	\N	2026-03-27 18:06:00	0.00	2026-06-15 10:40:02.020233
2890	132280	MOTI_BAGH_BP_02_DV-01_23	BP_02_DISCHARGE SLUICE VALVE-01	NA	Non-Critical	0	0	0	100.00	\N	\N	2026-03-30 18:05:00	0.00	2026-06-15 10:27:35.093749
2897	132042	JHANDEWALAN_OLD_BUS COUPLER ACB_08_131	LT PANEL BUS COUPLER ACB	NA	Non-Critical	0	0	0	100.00	\N	\N	2026-03-25 19:10:00	0.00	2026-06-15 10:27:43.303674
2900	132190	JEETGARH UGR_UGR_SV-01_8	UGR SUCTION VALVE-01	NA	Non-Critical	0	0	0	100.00	\N	\N	2026-03-27 21:07:00	0.00	2026-06-15 10:28:49.943505
2907	132592	SARAI PHOOS_CP_1_5	CHARGING PUMP-01	NA	Non-Critical	0	0	0	100.00	\N	\N	2026-03-31 19:18:00	0.00	2026-06-15 10:30:04.623042
2596	132299	PAHADI IMLI NEW_BP-05_DV-5_22	DISCHARGE SLUICE VALVE-05	NA	Non-Critical	0	0	0	100.00	\N	\N	2026-04-01 20:21:00	0.00	2026-06-15 10:43:38.726134
2725	132325	NEW RAJENDRA NAGAR_OLD_BP-04_SV_4_18	SUCTION SLUICE VALVE-04	NA	Non-Critical	0	0	0	100.00	\N	\N	2026-03-30 18:50:00	0.00	2026-06-15 10:30:07.414895
2926	132612	RAMLEELA_1 PH_3_ESCP-1_75	END SUCTION CHARGING PUMP-1	NA	Non-Critical	0	0	0	100.00	\N	\N	2026-04-01 20:04:00	0.00	2026-06-15 10:31:29.597454
2932	131992	JHANDEWALAN_NEW_LRS_01_69	PALAM UGR_LRS WITH OCB- 150 AMP_1	NA	Non-Critical	0	0	0	100.00	\N	\N	2026-03-25 19:10:00	0.00	2026-06-15 10:32:41.667631
2950	132298	PAHADI IMLI NEW_BP-04_DV-4_21	DISCHARGE SLUICE VALVE-04	NA	Non-Critical	0	0	0	100.00	\N	\N	2026-04-01 20:21:00	0.00	2026-06-15 10:35:08.255836
2964	132111	DEV NAGAR OLB_BP-1_NRV_1_BP-01_09	BP-1 NRV-1	NA	Non-Critical	0	0	0	100.00	\N	\N	2026-03-27 17:39:00	0.00	2026-06-15 10:37:30.686283
2965	132642	IDGAH_OLD_HT_PANEL_04_06	HT PANEL-4	NA	Non-Critical	0	0	0	100.00	\N	\N	2026-04-01 18:32:00	0.00	2026-06-15 10:37:31.793802
2966	132735	RAMLEELA_2 PH_1 ACTUATO- 5_34	ACTUATOR-5	NA	Non-Critical	0	0	0	100.00	\N	\N	2026-04-01 19:57:00	0.00	2026-06-15 10:37:33.527088
2982	132569	SARAI_KHALIL_BP-01_SV_01_12	SUCTION SLUICE VALVE- 01	NA	Non-Critical	0	0	0	100.00	\N	\N	2026-03-31 19:00:00	0.00	2026-06-15 10:39:59.986846
2985	132243	OLD RAJENDRA NAGAR_LT_FUSE_1_1	FUSE - 01	NA	Non-Critical	0	0	0	100.00	\N	\N	2026-03-30 16:44:00	0.00	2026-06-15 10:40:04.205215
2986	132742	RAMLEELA_2 PH_1_SOFT STARTER-04_46	SOFT STARTER-4	NA	Non-Critical	0	0	0	100.00	\N	\N	2026-04-01 19:57:00	0.00	2026-06-15 10:41:07.815988
2996	132574	AMARPURI_PG_01_13	PRESSURE GUAGE- 01	NA	Non-Critical	0	0	0	100.00	\N	\N	2026-03-31 18:48:00	0.00	2026-06-15 10:42:24.724035
2997	74484	Naraina Dispansary_IBP_01	UGR Inlet Feed Pump	NA	Non-Critical	6	00:00:00	4358:15:58	100.00	0.00	0.00	2023-06-22 15:54:00	0.00	2026-06-15 10:42:24.812786
3001	132135	KISHAN GANJ OLB_LT_OIL STARTER S/D_BP-02_4	OIL STARTER (STAR DELTA STARTER)	NA	Non-Critical	0	0	0	100.00	\N	\N	2026-03-27 18:56:00	0.00	2026-06-15 10:42:28.876835
3009	132630	HINDURAO_LT_MCCB_1_1	MCCB-01	NA	Non-Critical	0	0	0	100.00	\N	\N	2026-04-01 17:46:00	0.00	2026-06-15 10:43:42.321734
3021	132084	DARYAI NALA_NEW _LT_LT PANEL_01_02	LT PANEL-01	NA	Non-Critical	0	0	0	100.00	\N	\N	2026-03-27 17:29:00	0.00	2026-06-15 10:46:05.738442
3056	132649	IDGAH_OLD_ACB_06_13	ACB PANEL-6	NA	Non-Critical	0	0	0	100.00	\N	\N	2026-04-01 18:32:00	0.00	2026-06-15 10:50:57.34019
3073	132605	SUBHASH PARK PH-1_E-FAN-13_14	EXHAUST FAN-13	NA	Non-Critical	0	0	0	100.00	\N	\N	2026-03-31 19:49:00	0.00	2026-06-15 10:52:18.984915
3077	132751	BARSHABULLA_MAIN HEADER_SV_12	MAIN HEADER_SV	NA	Non-Critical	0	0	0	100.00	\N	\N	2026-04-01 20:13:00	0.00	2026-06-15 10:53:26.238189
224	132050	RAMLEELA_1 PH_4_BP-1_90	BOOSTER PUMP-1	NA	Non-Critical	0	0	0	100.00	0.00	0.00	2026-04-01 20:04:00	0.00	2026-06-15 10:53:28.256975
3082	132627	RAMLEELA -1_PH-1_EMF-1_109	ELECTROMAGNETIC FLOW METER-1	NA	Non-Critical	0	0	0	100.00	\N	\N	2026-04-01 20:04:00	0.00	2026-06-15 10:53:32.783194
3084	132739	RAMLEELA_2 PH_1 APFC-4_40	APFC PANEL-4	NA	Non-Critical	0	0	0	100.00	\N	\N	2026-04-01 19:57:00	0.00	2026-06-15 10:53:35.667947
3085	132718	RAMLEELA_1 PH_4 ESCP-2_93	END- SUCTION CHARGING PUMP-2	NA	Non-Critical	0	0	0	100.00	\N	\N	2026-04-01 20:04:00	0.00	2026-06-15 10:54:37.898701
3097	132707	RAMLEELA -1_PH-2_LRS_3_62	MOTORISED LIQUID ROTOR STARTER -3	NA	Non-Critical	0	0	0	100.00	\N	\N	2026-04-01 20:04:00	0.00	2026-06-15 10:55:54.052065
3098	132729	RAMLEELA_2 PH_1_BP-05_NRV-5_21	NRV-5	NA	Non-Critical	0	0	0	100.00	\N	\N	2026-04-01 19:57:00	0.00	2026-06-15 10:55:55.550474
3099	132754	PAHADI IMLI NEW_BP-06_S/D-06_30	STAR DELTA STARTER-06	NA	Non-Critical	0	0	0	100.00	\N	\N	2026-04-01 20:21:00	0.00	2026-06-15 10:55:56.16046
3101	132693	RAMLEELA -1_PH-1_BP_06_NRV_06_29	NRV-06	NA	Non-Critical	0	0	0	100.00	\N	\N	2026-04-01 20:04:00	0.00	2026-06-15 10:55:58.212741
655	132275	RAMLEELA -1_PH-2_INLET_SV_1_54	INLET SLUICE VALVE-01	NA	Non-Critical	0	0	0	100.00	\N	\N	2026-04-01 20:04:00	0.00	2026-06-15 10:57:13.052894
3115	132700	RAMLEELA -1_PH-1_MOTOR_LRS_5_43	MOTORISED LIQUID ROTOR STARTER-5	NA	Non-Critical	0	0	0	100.00	\N	\N	2026-04-01 20:04:00	0.00	2026-06-15 10:58:20.112679
3116	132619	SUBHASH PARK OLD_BP-02_NRV-2_98	NRV -2	NA	Non-Critical	0	0	0	100.00	\N	\N	2026-03-31 19:51:00	0.00	2026-06-15 10:58:21.201678
3125	132277	MOTI_BAGH_BP_02_SV-01_20	BP_02_SUCTION SLUICE VALVE-01	NA	Non-Critical	0	0	0	100.00	\N	\N	2026-03-30 18:05:00	0.00	2026-06-15 10:59:36.082481
3146	132076	ANARKALI _LT_MCB_3	4 POLE MCB	NA	Non-Critical	1	00:00:00	1932:21:44	100.00	0.00	0.00	2026-03-27 17:08:00	0.00	2026-06-15 11:03:14.017253
\.


--
-- TOC entry 5414 (class 0 OID 19209)
-- Dependencies: 232
-- Data for Name: ic3_building; Type: TABLE DATA; Schema: public; Owner: postgres
--

COPY public.ic3_building (building_id, customer_id, building_name, created_at, updated_at) FROM stdin;
16472	24305	Inderlok BPS	2026-06-14 15:51:47.174723	2026-06-15 10:44:47.912985
40378	42619	IDGAH UGR	2026-06-14 15:47:46.297087	2026-06-15 11:01:54.943394
40371	42619	KEVAL PARK BPS	2026-06-14 16:01:47.322178	2026-06-15 10:58:26.370713
16431	24305	Valmiki Mandir BPS	2026-06-14 15:49:44.312555	2026-06-15 10:46:03.159956
40374	42619	KISHANGANJ OLB	2026-06-14 15:59:52.534364	2026-06-15 11:01:57.08998
16420	24463	Naraina D.Cantt UGR_Zone	2026-06-14 15:41:48.867385	2026-06-15 10:59:39.742401
40384	42619	JEETGARH UGR	2026-06-14 15:42:46.145867	2026-06-15 10:36:16.95032
16430	24305	Sastri Park BPS	2026-06-14 16:09:46.123416	2026-06-15 10:22:47.162279
16469	24305	Ambabhag BPS	2026-06-14 15:55:55.515721	2026-06-15 09:57:17.443049
16476	24305	Vivekanandpuri BPS	2026-06-14 15:55:55.821195	2026-06-15 10:08:15.21878
40411	42619	TALKATORA UGR	2026-06-14 15:48:47.442793	2026-06-15 09:54:52.103333
40367	42619	BAHADUR GARH OLB	2026-06-14 15:42:46.046606	2026-06-15 08:42:23.095523
16459	24305	Shadipur UGR	2026-06-14 15:51:44.495962	2026-06-15 10:15:33.108272
40433	42619	MAJNU KA TILLA OLB	2026-06-14 15:45:46.536552	2026-06-15 10:49:47.862631
40434	42619	BOULEVARD ROAD OLB	2026-06-14 16:58:11.424136	2026-06-15 10:49:49.261683
16470	24305	Chandrashekar Azad Colony BPS	2026-06-14 15:48:46.7512	2026-06-15 10:50:59.965158
16442	24305	Prasad Nagar BPS	2026-06-14 15:53:44.472499	2026-06-15 10:10:41.474414
16436	24305	Yashoda Dairy OLB	2026-06-14 16:16:48.529816	2026-06-15 10:17:56.902293
16441	24305	OLD Rajender Nagar BPS	2026-06-14 15:42:46.903577	2026-06-15 10:43:34.450524
16455	24305	Shiv Chowck BPS	2026-06-14 16:08:45.153185	2026-06-15 10:48:29.7278
40438	42779	RAMLEELA-1 UGR	2026-06-14 15:53:47.446144	2026-06-15 11:00:44.751722
40432	42619	SARVODAYA KANYA VIDYALAYA OLB	2026-06-14 15:48:46.324356	2026-06-15 10:51:00.194919
40383	42619	FLAG STAFF UGR	2026-06-14 15:49:47.157832	2026-06-15 10:07:02.665835
40406	42619	PATEL ROAD OLB PKG#3	2026-06-14 15:48:46.993999	2026-06-15 10:51:02.435194
40382	42619	THANSINGH NAGAR UGR	2026-06-14 17:20:11.518926	2026-06-15 10:25:11.627329
18148	24305	DAYA BASTI OLB	2026-06-14 16:39:13.566106	2026-06-15 10:51:04.410645
16468	24305	Shastri Nagar UGR Sub Zone	2026-06-14 15:51:47.690959	2026-06-15 10:58:26.804175
16466	24305	Jantapark UGR_Zone	2026-06-14 15:41:50.650879	2026-06-15 10:19:13.640548
16465	24305	Sarairohilla OLB	2026-06-14 15:52:45.276968	2026-06-15 10:16:45.166633
16453	24305	Gali No.6 Prem Nagar BPS	2026-06-14 15:49:45.426274	2026-06-15 11:03:11.817497
16443	24305	O Block West Patel Nagar BPS	2026-06-14 15:56:53.020538	2026-06-15 10:41:15.223107
16445	24305	28 Block West Patel Nagar BPS	2026-06-14 15:46:46.381819	2026-06-15 10:38:43.620505
16434	24305	Shiv Mandir OLB	2026-06-14 16:44:07.700889	2026-06-15 10:27:37.458736
16447	24305	New Faridpuri BPS	2026-06-14 15:41:45.370307	2026-06-15 10:38:44.900119
16474	24305	Sehzadabagh BPS	2026-06-14 15:56:53.399136	2026-06-15 10:27:39.407119
16421	24305	C&H Block BPS	2026-06-14 15:46:46.610567	2026-06-15 10:44:52.119791
40327	42619	JHANDEWALAN_ZONE	2026-06-14 15:42:47.164233	2026-06-15 11:03:14.017253
16426	24305	Naraina Dispensary OLB	2026-06-14 19:27:30.526029	2026-06-15 10:36:21.918063
40369	42619	MAIN ROAD DATA RAM GALI OLB	2026-06-14 15:46:46.34126	2026-06-15 09:31:22.678787
16428	24305	Naraina Khatta OLB	2026-06-14 16:19:48.112664	2026-06-15 06:49:07.009213
16448	24305	OLD Faridpuri BPS	2026-06-14 19:22:00.098274	2026-06-15 11:00:46.873578
40381	42619	SHEESH MAHAL OLB	2026-06-14 17:19:22.659165	2026-06-15 10:30:14.145032
40407	42619	Patel Road OLB	2026-06-14 17:04:17.465846	2026-06-15 10:16:42.61377
40375	42619	MALL APARTMENT BPS	2026-06-14 15:43:44.592786	2026-06-15 10:59:33.915426
16449	24305	C Block Ranjeet Nagar BPS	2026-06-14 15:42:46.385864	2026-06-15 10:10:47.033378
16464	24305	Gali No:11 OLB	2026-06-14 15:56:53.223952	2026-06-15 10:26:26.771756
40435	42619	HINDURAO UGR	2026-06-14 15:57:53.581045	2026-06-15 10:59:35.343013
16471	24305	DDA Flat Gulabi Bagh BPS	2026-06-14 15:51:44.307325	2026-06-15 10:08:19.92961
40439	42779	RAMLEELA-2 UGR	2026-06-14 15:43:44.335403	2026-06-15 11:02:00.362692
16427	24305	Naraina Dispensary BPS	2026-06-14 15:41:45.496776	2026-06-15 10:42:24.812786
16461	24305	Thansingh Nagar Sub Zone UGR	2026-06-14 15:43:45.040709	2026-06-15 10:49:52.152867
16424	24305	Gurudwara Indurpuri 2nd. BPS	2026-06-14 17:28:18.730805	2026-06-15 10:25:17.191057
16475	24305	Swami Dayanand BPS	2026-06-14 16:06:48.842632	2026-06-15 09:55:59.700607
16473	24305	Sarai Basti BPS	2026-06-14 15:55:55.926878	2026-06-15 10:59:37.490525
16432	24305	Chintu Park OLB	2026-06-14 15:47:46.572859	2026-06-15 10:24:01.64805
16454	24305	Gali No:8_Baljeet Nagar BPS	2026-06-14 15:46:46.486214	2026-06-15 09:51:15.465079
16425	24305	Trikona Park OLB	2026-06-14 16:13:46.973673	2026-06-15 09:41:33.500375
16444	24305	Khanna Market BPS	2026-06-14 16:13:43.627705	2026-06-15 11:03:07.593816
40405	42619	RIDGE ROAD UGR	2026-06-14 16:15:46.474475	2026-06-15 11:00:49.04718
16451	24305	Durgapark OLB	2026-06-14 15:44:46.699857	2026-06-15 10:35:01.225479
40368	42619	DARYAI NALA OLB	2026-06-14 15:43:46.918665	2026-06-15 11:03:08.002006
16463	24305	Gali No:7 OLB	2026-06-14 17:28:21.04966	2026-06-15 10:26:21.902748
16460	24305	Rackgarden UGR	2026-06-14 19:27:41.848142	2026-06-15 09:56:01.877588
40386	42619	PAHARI DHIRAJ BPS	2026-06-14 15:46:46.68785	2026-06-15 10:43:40.682209
16452	24305	Gali No.2 OLB	2026-06-15 09:43:51.112383	2026-06-15 09:43:51.112383
16433	24305	Brar Squar OLB	2026-06-14 16:02:48.480462	2026-06-15 10:48:34.569019
16438	24305	Dusghara Village OLB	2026-06-14 16:09:45.675438	2026-06-15 10:46:09.811295
16467	24305	Patel Road Online BPS Sub Zone	2026-06-14 15:41:45.565354	2026-06-15 11:01:54.53699
16423	24305	C Block JJR Indurpuri 1st BPS	2026-06-14 16:09:48.616449	2026-06-15 10:44:57.600653
16458	24305	Nehru Nagar Rakhee Cluster OLB	2026-06-14 15:46:46.57544	2026-06-15 10:28:54.416939
40388	42619	GALI ARIHAN OLB	2026-06-14 15:52:44.706292	2026-06-15 10:35:08.542816
16440	24305	Todapur BPS	2026-06-14 16:12:44.148434	2026-06-15 09:51:11.115722
40410	42619	TEL MANDI OLB	2026-06-14 17:21:18.148983	2026-06-15 09:49:56.072174
18178	24305	Gali No:10 OLB	2026-06-14 20:01:19.013573	2026-06-15 06:49:01.531778
16439	24305	Dusghara Village BPS	2026-06-14 15:43:46.847403	2026-06-15 10:36:13.976733
16462	24305	Gali No:3 Punjabi Basti OLB	2026-06-14 20:33:49.312122	2026-06-15 09:02:32.220958
16456	24305	Pandav Nagar BPS	2026-06-14 15:57:53.739444	2026-06-15 10:05:48.456119
16446	24305	35 Block West Patel Nagar BPS	2026-06-14 15:44:46.59517	2026-06-15 10:33:49.78352
16429	24305	Naraina Khatta BPS	2026-06-14 15:44:46.752834	2026-06-15 10:39:54.314151
16437	24305	Hanuman Mandir OLB	2026-06-14 15:51:44.540931	2026-06-15 09:06:01.957604
16457	24305	Pandav Nagar DDA Flats BPS	2026-06-14 16:02:48.53247	2026-06-15 10:58:23.350528
16450	24305	C1 Block Ranjeet Nagar BPS	2026-06-14 16:02:46.099395	2026-06-15 09:51:11.295775
16422	24305	I Block Naraina Vihar BPS	2026-06-14 17:12:17.548372	2026-06-15 10:58:23.855946
40437	42779	SUBHASH PARK UGR	2026-06-14 15:45:46.519996	2026-06-15 11:03:09.668602
16435	24305	New Rajender Nagar R Block BPS	2026-06-14 16:20:43.931033	2026-06-15 10:48:36.121278
\.


--
-- TOC entry 5415 (class 0 OID 19219)
-- Dependencies: 234
-- Data for Name: ic3_city; Type: TABLE DATA; Schema: public; Owner: postgres
--

COPY public.ic3_city (city_id, city_name, state_code, country_code, created_at, updated_at) FROM stdin;
CHN	Chennai	TN	IN	2026-06-13 22:05:07.192621	\N
DEL	Delhi	DL	IN	2026-06-15 18:27:42.924758	\N
GUW	Guwahati	AS	IN	2026-06-15 18:29:07.990871	\N
PTY	Patyora	AS	IN	2026-06-15 18:29:07.990871	\N
DAM	Damoh	MP	IN	2026-06-15 18:29:07.990871	\N
\.


--
-- TOC entry 5416 (class 0 OID 19226)
-- Dependencies: 235
-- Data for Name: ic3_customer_master; Type: TABLE DATA; Schema: public; Owner: postgres
--

COPY public.ic3_customer_master (customer_id, customer_name, dma_id, city_id, contact_number, contact_email, customer_priority, latitude, longitude, geo_address, customer_status, source_system_id, created_at, updated_at) FROM stdin;
24463	DJB Khyala	\N	\N			0	\N	\N	\N	1	SYS-CMMS-01	2026-06-14 12:05:28.06838	2026-06-15 10:59:39.742401
42779	DJB_Package 04	\N	\N	9318388161	adil.zeeshan@jwil.in	0	28.6407800	77.2319300	J6RJ+6QR, Turkman Gate, Chandni Chowk, New Delhi, Delhi, 110002, India	1	SYS-CMMS-01	2026-06-14 15:21:44.232056	2026-06-15 11:03:09.668602
24305	DJB_Package 02	\N	\N			0	\N	\N	\N	1	SYS-CMMS-01	2026-06-14 12:10:53.065759	2026-06-15 11:03:11.817497
42619	DJB_Package 03	\N	\N	9343606637	akshit.jain@jwil.in	0	28.6438760	77.2022600	No-257, Anarkali Complex, near Videocon Tower, Block E 3, Jhandewalan Extension, Karol Bagh, New Delhi, Delhi 110055, India	1	SYS-CMMS-01	2026-06-14 15:21:41.367502	2026-06-15 11:03:14.017253
\.


--
-- TOC entry 5417 (class 0 OID 19234)
-- Dependencies: 236
-- Data for Name: ic3_department_master; Type: TABLE DATA; Schema: public; Owner: postgres
--

COPY public.ic3_department_master (department_id, department_name, floor_id, location_id, asset_department_id, created_at, updated_at) FROM stdin;
32947	R K PURAM SEC-5 BPS	28204	61913	56047	2026-06-14 15:59:52.518462	2026-06-15 10:49:51.410842
12228	UGR	11966	34642	27434	2026-06-14 15:41:49.26369	2026-06-15 10:49:52.152867
32942	MOTI BAGH BPS	28204	61913	56041	2026-06-14 15:56:53.296815	2026-06-15 10:59:36.082481
32950	R K PURAM SEC-7 BPS	28204	61913	56049	2026-06-14 15:42:47.164233	2026-06-15 10:59:38.179856
32939	RAJENDRA PARK OLB	28149	61913	56037	2026-06-14 16:00:54.266202	2026-06-15 10:23:58.920955
12250	Working	12030	34801	27490	2026-06-14 15:41:48.867385	2026-06-15 10:59:39.742401
32946	MOTIA KHAN BPS	28149	61913	56046	2026-06-14 15:59:52.414908	2026-06-15 10:38:49.375908
32943	DDA SIDE ONE RAJENDRA NAGAR_BPS	28149	61913	56042	2026-06-14 15:54:44.329794	2026-06-15 11:00:44.848846
12230	OLB	11966	34641	27440	2026-06-14 15:41:45.565354	2026-06-15 11:01:54.53699
32919	CYCLE MARKET BPS	28149	61913	56023	2026-06-14 15:45:46.269186	2026-06-15 11:02:02.756603
12229	BPS	11966	34641	27426	2026-06-14 15:41:45.370307	2026-06-15 11:03:11.817497
32948	R K PURAM SEC-1 BPS	28204	61913	56048	2026-06-14 15:49:47.377322	2026-06-15 10:26:22.331892
32944	SATYA NIKETAN BPS	28204	61913	56043	2026-06-14 16:00:53.51323	2026-06-15 11:03:13.518886
32930	ANARKALI BPS	28149	61913	56025	2026-06-14 16:06:45.592567	2026-06-15 11:03:14.017253
32941	H-BLOCK Rajendra Nagar OLB	28203	61913	56040	2026-06-14 17:04:17.465846	2026-06-15 10:16:42.61377
32998	TAIL MILL BPS	28149	61913	56103	2026-06-14 16:09:46.675928	2026-06-15 10:46:02.653875
32932	HASANPUR UGR	28149	61913	56028	2026-06-14 17:03:09.94411	2026-06-15 10:46:07.34995
32945	R K PURAM SEC-4 BPS	28204	61913	56044	2026-06-14 15:59:52.545528	2026-06-15 10:47:18.581705
32996	AMARPURI OLB	28149	61913	56101	2026-06-14 17:06:11.603581	2026-06-15 10:47:22.854562
32940	OLD RAJENDRA NAGAR BPS	28149	61913	56038	2026-06-14 16:10:45.554152	2026-06-15 10:48:36.557292
32997	MULTANI DHANDA BPS	28149	61913	56102	2026-06-14 15:53:47.319444	2026-06-15 10:48:38.067251
\.


--
-- TOC entry 5418 (class 0 OID 19240)
-- Dependencies: 237
-- Data for Name: ic3_equipment_master; Type: TABLE DATA; Schema: public; Owner: postgres
--

COPY public.ic3_equipment_master (model_id, equipments_name, equipment_model_name, equipment_model_image, equipment_description, cat_id, asset_group_id, manufacturer_id, manufacturer_name, manufacturer_status, is_movable, asset_type, model_status, basic_warrantyduration, basic_warranty_duration_period, is_otherwarranty, other_warrantyname, other_warrantyduration, other_warranty_duration_period, warranty_description, meter_reading, meter_reading_frequency_interval, meter_reading_frequency_duration, measuring_equipment_type, created_at, updated_at) FROM stdin;
259059	DISCHARGE SLUICE VALVE-6	NA	\N	SIZE: 150 MM DISCHARGE OHT SLUICE VALVE-6	11370	19722	19773	Kirloskar	1	0	1	1	\N	\N	\N	\N	\N	\N	\N	0	0	0	f	2026-06-14 15:47:46.172012	2026-06-15 10:11:54.903595
135846	Booster Pump	711040	\N	Detail - Sr No. - 10176D Model - HSDC, Make - Jyoti Ltd, Flow -326 M3/hr, Head - 36.6 mtr	11369	12485	19794	Jyoti	1	0	1	1	\N	\N	\N	\N	\N	\N	\N	0	0	0	f	2026-06-14 15:51:47.860998	2026-06-14 20:08:23.121928
259062	HOT Crane	NA	\N	CAPACITY: 3 TON HOT CRANE	11370	19774	19774	NA	1	0	1	1	\N	\N	\N	\N	\N	\N	\N	0	0	0	f	2026-06-14 15:49:44.268287	2026-06-14 15:49:44.268287
259069	UGR BYPASS VALVE	NA	\N	SIZE: 600 MM	11370	19722	19773	Kirloskar	1	0	1	1	\N	\N	\N	\N	\N	\N	\N	0	0	0	f	2026-06-14 15:48:47.442793	2026-06-15 08:09:53.599088
260118	APFC PANEL-5	NA	\N	\N	11369	12378	19774	NA	1	0	1	1	\N	\N	\N	\N	\N	\N	\N	0	0	0	f	2026-06-14 15:49:44.53773	2026-06-14 15:49:44.53773
135707	Booster Pump	NA	\N	Booster Pump to Consumer	11369	12485	19774	NA	1	0	1	1	\N	\N	\N	\N	\N	\N	\N	0	0	0	f	2026-06-14 15:46:46.610567	2026-06-15 10:48:34.569019
258518	PRESSURE GAUGE	NA	\N	\N	17172	19738	19774	NA	1	0	2	1	\N	\N	\N	\N	\N	\N	\N	0	0	0	f	2026-06-14 15:42:46.046606	2026-06-15 06:57:18.70415
157221	ATS	MATS	\N	ATS 60HP, 80AMP	11369	\N	20009	Advance Engineering Works Pvt Ltd	1	0	1	1	\N	\N	\N	\N	\N	\N	\N	0	0	0	f	2026-06-14 15:49:45.426274	2026-06-14 15:49:45.426274
258451	DISCHARGE SLUICE VALVE	NA	\N	125 MM	11370	19722	19780	KSB	1	0	1	1	\N	\N	\N	\N	\N	\N	\N	0	0	0	f	2026-06-14 15:46:47.686114	2026-06-15 09:41:33.70438
135749	Valve	Suction Valve	\N	Pump Suction Valve	11370	12373	19780	KSB	1	0	1	1	\N	\N	\N	\N	\N	\N	\N	0	0	0	f	2026-06-14 15:49:44.312555	2026-06-14 20:09:22.720927
135728	change over Switch	NA	\N	Change Over Switch	11369	12484	19774	NA	1	0	1	0	\N	\N	\N	\N	\N	\N	\N	0	0	0	f	2026-06-14 15:51:44.540931	2026-06-15 10:28:56.263657
258481	Capacitor Panel	NA	\N	3 KVR	11369	12378	19784	L&T	1	0	1	1	\N	\N	\N	\N	\N	\N	\N	0	0	0	f	2026-06-14 15:45:46.269186	2026-06-15 08:44:41.507571
135754	NRV	NA	\N	NRV	11370	12374	19774	NA	1	0	1	0	\N	\N	\N	\N	\N	\N	\N	0	0	0	f	2026-06-14 15:46:46.486214	2026-06-15 10:05:47.800971
135799	LT Panel	NA	\N	Powerfactor Control	11369	12484	19791	Syntron	1	0	1	1	\N	\N	\N	\N	\N	\N	\N	0	0	0	f	2026-06-14 15:41:45.370307	2026-06-14 20:19:26.001645
260106	MAIN HEADER VALVE	NA	\N	SIZE: 1200mm	11370	19722	19774	NA	1	0	1	1	\N	\N	\N	\N	\N	\N	\N	0	0	0	f	2026-06-14 15:47:46.445568	2026-06-15 07:15:06.791257
258450	SUCTION SLUICE VALVE	NA	\N	150 MM	11370	19722	19780	KSB	1	0	1	1	\N	\N	\N	\N	\N	\N	\N	0	0	0	f	2026-06-14 15:48:47.415826	2026-06-15 10:07:09.451682
135812	DOL Starter	NA	\N	Starter Panel for Submersible Pump	11369	\N	19774	NA	1	0	1	1	\N	\N	\N	\N	\N	\N	\N	0	0	0	f	2026-06-14 15:43:45.040709	2026-06-15 09:56:01.877588
135796	Booster Pump	NA	\N	Booster Pump to Feed Consumer	11369	12485	19780	KSB	1	0	1	1	\N	\N	\N	\N	\N	\N	\N	0	0	0	f	2026-06-14 15:42:46.385864	2026-06-15 10:36:23.503297
258564	BP-2 SUCTION SV-2	NA	\N	SIZE:100 MM	11370	19722	19773	Kirloskar	1	0	1	1	\N	\N	\N	\N	\N	\N	\N	0	0	0	f	2026-06-14 15:44:46.804331	2026-06-15 07:56:40.094773
135823	Valve	NA	\N	Delivery Sluice Valve after comon header	11370	12373	19792	Upadhyaya	1	0	1	1	\N	\N	\N	\N	\N	\N	\N	0	0	0	f	2026-06-14 15:44:46.699679	2026-06-15 10:19:13.640548
135753	Valve	NA	\N	Discharge Valve	11370	12373	19774	NA	1	0	1	1	\N	\N	\N	\N	\N	\N	\N	0	0	0	f	2026-06-14 15:42:46.903577	2026-06-15 10:35:03.933541
258622	SWITCH FUSE UNIT	NA	\N	RATING: 100 AMP	11369	12378	19785	Havells	1	0	1	1	\N	\N	\N	\N	\N	\N	\N	0	0	0	f	2026-06-14 15:43:44.592786	2026-06-15 11:01:57.08998
260222	NRV-02	NA	\N	SIZE: 600 mm	11370	12374	19773	Kirloskar	1	0	1	1	\N	\N	\N	\N	\N	\N	\N	0	0	0	f	2026-06-14 15:45:46.519996	2026-06-15 10:53:26.055996
259990	DEWATERING PUMP-1	NA	\N	CAPACITY:5 HP	11370	19753	19773	Kirloskar	1	0	1	1	\N	\N	\N	\N	\N	\N	\N	0	0	0	f	2026-06-14 15:47:46.297087	2026-06-15 07:15:06.750668
135821	LRRS	NA	\N	LRRS is for operating respective motors	11369	12484	19774	NA	1	0	1	1	\N	\N	\N	\N	\N	\N	\N	0	0	0	f	2026-06-14 15:51:47.690959	2026-06-15 07:56:43.773054
259816	ULTRASONIC LEVEL TRANSMITTER-01	NA	\N	ULTRASONIC LEVEL TRANSMITTER	17163	19732	31413	SOLID STATE	1	0	2	1	\N	\N	\N	\N	\N	\N	\N	0	0	0	f	2026-06-14 15:52:44.733105	2026-06-14 21:05:56.972156
258891	BOOSTER PUMP-01	NA	\N	CAPACITY:50 HP,H: 35 MTR,D: 260 M^3/HR	11370	19721	19773	Kirloskar	1	0	1	1	\N	\N	\N	\N	\N	\N	\N	0	0	0	f	2026-06-14 15:49:47.377322	2026-06-15 09:30:06.618358
141126	VCB	NA	\N	VCB	11369	12483	\N	\N	\N	0	1	1	\N	\N	\N	\N	\N	\N	\N	0	0	0	f	2026-06-14 15:41:49.26369	2026-06-15 07:11:36.631897
135713	Valve	NA	\N	Delivery Sluice Valve	11370	12373	19780	KSB	1	0	1	1	\N	\N	\N	\N	\N	\N	\N	0	0	0	f	2026-06-14 15:41:45.496776	2026-06-15 10:58:23.855946
135786	change over Switch	CO2 200	\N	Change over Switch	11369	12484	19784	L&T	1	0	1	1	\N	\N	\N	\N	\N	\N	\N	0	0	0	f	2026-06-14 15:51:47.445596	2026-06-15 10:41:15.223107
135807	Main Fuse	Kit Kat	\N	Main Fuse	11369	12484	19774	NA	1	0	1	1	\N	\N	\N	\N	\N	\N	\N	0	0	0	f	2026-06-14 15:44:46.699857	2026-06-14 20:01:11.203138
258980	NRV-02	NA	\N	SIZE: 150 MM NRV VALVE	11370	12374	31366	SKOPE	1	0	1	1	\N	\N	\N	\N	\N	\N	\N	0	0	0	f	2026-06-14 15:48:46.324356	2026-06-15 10:51:00.194919
183036	LT-Panel	NA	\N	LT-Panel	11369	12371	19774	NA	1	0	1	1	\N	\N	\N	\N	\N	\N	\N	0	0	0	f	2026-06-14 15:44:46.59517	2026-06-15 09:08:25.844509
258642	APFC Panel	NA	\N	CAPACITY:25 KVAR	11369	12378	31383	SMARTY	1	0	1	1	\N	\N	\N	\N	\N	\N	\N	0	0	0	f	2026-06-14 15:49:47.157832	2026-06-15 10:09:27.731739
259043	Main MCCB	NA	\N	RATING: 400 AMP MAIN MCCB	11369	12378	31404	AVON CONTROL	1	0	1	1	\N	\N	\N	\N	\N	\N	\N	0	0	0	f	2026-06-14 15:46:47.666166	2026-06-15 09:25:16.301223
258727	ELECTROMAGNETIC FLOW METER-02	NA	\N	NA	11371	19747	31387	FORBES	1	0	2	1	\N	\N	\N	\N	\N	\N	\N	0	0	0	f	2026-06-14 15:42:46.145867	2026-06-14 20:37:35.054746
258737	DOL STARTER-3	NA	\N	CAPACITY:5 HP	11369	12378	19784	L&T	1	0	1	1	\N	\N	\N	\N	\N	\N	\N	0	0	0	f	2026-06-14 15:42:46.636219	2026-06-14 20:37:35.791587
259052	WALL FAN	NA	\N	SIZE: 600 MM WALL FAN	11369	19727	31396	BAJAJ	1	0	1	1	\N	\N	\N	\N	\N	\N	\N	0	0	0	f	2026-06-14 15:42:47.164233	2026-06-14 20:38:39.864196
258464	UGR-01	UGR-01	\N	BY GRAVITY SUPPLY	17164	\N	\N	\N	\N	0	3	1	\N	\N	\N	\N	\N	\N	\N	0	0	0	f	2026-06-14 15:48:46.691203	2026-06-15 10:51:02.21266
258539	BP-02 NRV-02	NA	\N	SIZE: 200 MM	11370	12374	19773	Kirloskar	1	0	1	1	\N	\N	\N	\N	\N	\N	\N	0	0	0	f	2026-06-14 15:48:46.759719	2026-06-15 10:48:30.101925
258895	SUCTION SLUICE VALVE-03	NA	\N	SIZE: 100 MM	11370	19722	19773	Kirloskar	1	0	1	1	\N	\N	\N	\N	\N	\N	\N	0	0	0	f	2026-06-14 15:48:47.3918	2026-06-15 10:51:02.435194
258754	DOL Starter	NA	\N	RATING: 5HP	11369	12378	31390	STRIPLEX	1	0	1	1	\N	\N	\N	\N	\N	\N	\N	0	0	0	f	2026-06-14 15:52:44.706292	2026-06-14 21:05:57.205014
258568	OIL IMMERSED STARTER (DOL)	NA	\N	RATING: 7.5 HP	11369	12378	19783	Bentex	1	0	1	1	\N	\N	\N	\N	\N	\N	\N	0	0	0	f	2026-06-14 15:46:46.34126	2026-06-14 21:28:20.316037
259759	EOT CRANE	NA	\N	CAPACITY: 2 TON	11370	19777	31375	GLOBE	1	0	1	1	\N	\N	\N	\N	\N	\N	\N	0	0	0	f	2026-06-14 15:43:46.918665	2026-06-15 06:46:43.157376
135771	Vaccum Release Pump	NA	\N	Vaccum Release Pump	11369	12485	19780	KSB	1	0	1	1	\N	\N	\N	\N	\N	\N	\N	0	0	0	f	2026-06-14 15:43:44.471967	2026-06-15 06:46:38.654781
135768	NRV	NA	\N	NRV 150MM	11370	12374	20006	Kirloskar Brother Ltd	1	0	1	1	\N	\N	\N	\N	\N	\N	\N	0	0	0	f	2026-06-14 15:41:45.565354	2026-06-15 10:37:26.81767
258858	INLET SLUICE VALVE-08	NA	\N	CAPACITY: 450 MM INLET SLUICE VALVE- 08	11370	19722	19773	Kirloskar	1	0	1	1	\N	\N	\N	\N	\N	\N	\N	0	0	0	f	2026-06-14 15:47:45.705568	2026-06-15 07:15:08.46494
258541	STAR DELTA STARTER-03	NA	\N	\N	11369	12378	19784	L&T	1	0	1	1	\N	\N	\N	\N	\N	\N	\N	0	0	0	f	2026-06-14 15:47:46.413251	2026-06-15 10:18:01.370925
259834	STAFF ROOM	STAFF ROOM	\N	MULTANI DHANDA	17164	\N	\N	\N	\N	0	3	1	\N	\N	\N	\N	\N	\N	\N	0	0	0	f	2026-06-14 15:46:46.68785	2026-06-15 09:25:14.825871
260095	INLET SLUICE VALVE TO UGR-1	NA	\N	SIZE: 450MM	11370	19722	19773	Kirloskar	1	0	1	1	\N	\N	\N	\N	\N	\N	\N	0	0	0	f	2026-06-14 15:43:44.335403	2026-06-15 10:55:59.935329
258672	PRESSURE GAUGE-02	NA	\N	\N	11371	19748	19774	NA	1	0	2	1	\N	\N	\N	\N	\N	\N	\N	0	0	0	f	2026-06-14 15:48:46.993999	2026-06-15 08:09:53.286755
259779	DISCHARGE SLUICE VALVE-01	NA	\N	SIZE:100 MM DISCHARGE VALVE	11370	19722	31366	SKOPE	1	0	1	1	\N	\N	\N	\N	\N	\N	\N	0	0	0	f	2026-06-14 15:45:46.536552	2026-06-15 10:49:49.950449
135717	Level Sensor	NA	\N	Level Sensor	11371	12486	19774	NA	1	0	1	1	\N	\N	\N	\N	\N	\N	\N	0	0	0	f	2026-06-14 15:41:48.867385	2026-06-15 10:44:55.063756
141125	MOCB	NA	\N	MOCB	11369	12483	19773	Kirloskar	1	0	1	1	\N	\N	\N	\N	\N	\N	\N	0	0	0	f	2026-06-14 15:41:50.650879	2026-06-15 10:11:57.64484
135764	Flow Meter	NA	\N	Flow Meter	11371	12487	19774	NA	1	0	1	1	\N	\N	\N	\N	\N	\N	\N	0	0	0	f	2026-06-14 15:47:46.318129	2026-06-15 11:03:07.593816
260198	MCCB	NA	\N	\N	11369	12378	19774	NA	1	0	1	1	\N	\N	\N	\N	\N	\N	\N	0	0	0	f	2026-06-14 15:52:44.661662	2026-06-15 10:54:40.002596
259844	EXHAUST FAN-01	NA	\N	SIZE:22 "	11369	19727	19774	NA	1	0	1	1	\N	\N	\N	\N	\N	\N	\N	0	0	0	f	2026-06-14 15:53:47.278711	2026-06-15 10:16:41.402789
259065	OHT	OHT	\N	OHT	17164	\N	\N	\N	\N	0	3	1	\N	\N	\N	\N	\N	\N	\N	0	0	0	f	2026-06-14 16:04:45.541786	2026-06-14 20:39:58.590775
258628	change over Switch	NA	\N	RATING:63 AMP	11369	12378	19785	Havells	1	0	1	1	\N	\N	\N	\N	\N	\N	\N	0	0	0	f	2026-06-14 16:03:47.822184	2026-06-15 08:19:19.12785
258863	FLUSHING SLUICE VALVE-01	NA	\N	CAPACITY: 450 MM FLUSHING SLUICE VALVE-01	11370	19765	19773	Kirloskar	1	0	1	1	\N	\N	\N	\N	\N	\N	\N	0	0	0	f	2026-06-14 16:03:43.344163	2026-06-14 20:35:01.523361
260296	BOOSTER PUMP-2	NA	\N	NA	11370	19753	31434	KIRLOSKAR, BENTEK	1	0	1	1	\N	\N	\N	\N	\N	\N	\N	0	0	0	f	2026-06-14 16:04:48.653844	2026-06-14 20:51:43.806568
260334	NRV- 2	NA	\N	SIZE: 200 MM NRV	11370	12374	31382	IVC	1	0	1	1	\N	\N	\N	\N	\N	\N	\N	0	0	0	f	2026-06-14 15:57:53.459583	2026-06-15 07:15:02.970417
259067	CEILING FAN-1	NA	\N	CEILING FAN,48"	11369	19727	31396	BAJAJ	1	0	1	1	\N	\N	\N	\N	\N	\N	\N	0	0	0	f	2026-06-14 16:04:45.794955	2026-06-15 07:59:08.348709
258671	PRESSURE GAUGE-01	NA	\N	\N	11371	19748	19774	NA	1	0	2	1	\N	\N	\N	\N	\N	\N	\N	0	0	0	f	2026-06-14 15:58:52.833843	2026-06-15 09:29:58.747169
135822	Oil Immersed Starter	NA	\N	Star Delta Starter	11369	12484	19774	NA	1	0	1	1	\N	\N	\N	\N	\N	\N	\N	0	0	0	f	2026-06-14 16:04:45.203013	2026-06-15 10:27:41.902206
135725	APFC Panel	NA	\N	Power factor Control	11369	12484	19774	NA	1	0	1	1	\N	\N	\N	\N	\N	\N	\N	0	0	0	f	2026-06-14 16:02:48.480462	2026-06-15 06:45:27.983948
258433	WALL MOUNTED FAN	NA	\N	SIZE: 550 MM	11369	19727	31362	CROMPTON	1	0	1	1	\N	\N	\N	\N	\N	\N	\N	0	0	0	f	2026-06-14 15:57:53.445732	2026-06-15 09:31:16.991687
260278	PRESSURE GUAGE-01	NA	\N	\N	17163	19787	19774	NA	1	0	2	1	\N	\N	\N	\N	\N	\N	\N	0	0	0	f	2026-06-14 15:58:52.276207	2026-06-15 10:10:44.715598
259080	ELECTROMAGNETIC FLOW METER-06	NA	\N	SIZE: 300 MM,PRISEDENT HOUSE	11371	19747	19774	NA	1	0	2	1	\N	\N	\N	\N	\N	\N	\N	0	0	0	f	2026-06-14 16:03:47.965538	2026-06-14 20:35:06.062926
260227	DISCHARGE SLUICE VALVE-01	NA	\N	SIZE: 600 mm	11370	19722	19773	Kirloskar	1	0	1	1	\N	\N	\N	\N	\N	\N	\N	0	0	0	f	2026-06-14 15:57:53.581045	2026-06-15 10:31:22.649996
258915	CHARGE BALL VALVE-01	NA	\N	SIZE: 40 MM	11370	19724	19773	Kirloskar	1	0	1	1	\N	\N	\N	\N	\N	\N	\N	0	0	0	f	2026-06-14 16:00:53.51323	2026-06-15 10:48:38.503193
135848	Booster Pump	NA	\N	NA	11369	12485	19794	Jyoti	1	0	1	1	\N	\N	\N	\N	\N	\N	\N	0	0	0	f	2026-06-14 16:02:43.618416	2026-06-14 21:18:51.893957
259010	STAR DELTA STARTER-02	NA	\N	RATING: 25 HP	11369	12378	19774	NA	1	0	1	1	\N	\N	\N	\N	\N	\N	\N	0	0	0	f	2026-06-14 15:59:52.414908	2026-06-15 10:57:14.117155
259823	Dewatering Pump	NA	\N	CAPACITY:3 HP	11370	19721	19773	Kirloskar	1	0	1	1	\N	\N	\N	\N	\N	\N	\N	0	0	0	f	2026-06-14 15:53:47.319444	2026-06-15 07:12:41.665276
135833	Transformer	NA	\N	Transformer 400KVA	11369	12484	19773	Kirloskar	1	0	1	1	\N	\N	\N	\N	\N	\N	\N	0	0	0	f	2026-06-14 15:55:55.195661	2026-06-15 07:48:31.697912
135795	LT Panel Main MCCB	NA	\N	LT Panel Main	11369	12484	19781	C&S	1	0	1	1	\N	\N	\N	\N	\N	\N	\N	0	0	0	f	2026-06-14 16:01:45.476468	2026-06-14 17:39:17.142715
259051	EXHAUST FAN	NA	\N	SIZE: 400 MM EXHAUST FAN	11369	19727	31396	BAJAJ	1	0	1	1	\N	\N	\N	\N	\N	\N	\N	0	0	0	f	2026-06-14 16:01:45.521953	2026-06-14 17:39:19.497038
259919	WALL FAN-01	NA	\N	SIZE: 600 MM	11369	19727	19784	L&T	1	0	1	1	\N	\N	\N	\N	\N	\N	\N	0	0	0	f	2026-06-14 16:01:47.274808	2026-06-14 17:39:21.797635
258616	STAR DELTA STARTER-2	NA	\N	NA	11369	19750	19784	L&T	1	0	1	1	\N	\N	\N	\N	\N	\N	\N	0	0	0	f	2026-06-14 16:01:47.322178	2026-06-14 17:39:24.109883
135751	NRV	NRV	\N	NRV	11370	12374	19780	KSB	1	0	1	1	\N	\N	\N	\N	\N	\N	\N	0	0	0	f	2026-06-14 16:04:48.896223	2026-06-15 00:34:12.884763
258448	BOOSTER PUMP-06	NA	\N	150 HP, 548 M3/HR	11370	19721	19780	KSB	1	0	1	1	\N	\N	\N	\N	\N	\N	\N	0	0	0	f	2026-06-14 15:56:53.084995	2026-06-14 21:02:27.548497
258589	UGR SUCTION VALVE	NA	\N	SIZE: 125 MM	11370	19722	19773	Kirloskar	1	0	1	1	\N	\N	\N	\N	\N	\N	\N	0	0	0	f	2026-06-14 15:53:47.423956	2026-06-15 08:01:29.638085
260223	NRV-03	NA	\N	SIZE: 600 mm	11370	12374	19773	Kirloskar	1	0	1	1	\N	\N	\N	\N	\N	\N	\N	0	0	0	f	2026-06-14 15:53:47.446144	2026-06-15 09:08:26.662063
258744	SUCTION SLUICE VALVE-2	NA	\N	BOOSER PUMP- 2 SUCTION SLUICE VALVE-2	11370	19722	19773	Kirloskar	1	0	1	1	\N	\N	\N	\N	\N	\N	\N	0	0	0	f	2026-06-14 15:52:47.912909	2026-06-15 10:13:11.04209
258913	DEWATERING PUMP- 01	NA	\N	CAPACITY: 3 HP	11370	19721	19774	NA	1	0	1	1	\N	\N	\N	\N	\N	\N	\N	0	0	0	f	2026-06-14 16:00:53.778321	2026-06-15 11:03:13.518886
260329	DISCHARGE SLUICE VALVE-2	NA	\N	SIZE: 200 MM SUCTION VALVE	11370	19722	31382	IVC	1	0	1	1	\N	\N	\N	\N	\N	\N	\N	0	0	0	f	2026-06-14 16:03:43.457367	2026-06-14 20:35:02.053277
258633	BOOSTER PUMP-1	NA	\N	10 HP,RPM-2920	11370	19721	31362	CROMPTON	1	0	1	1	\N	\N	\N	\N	\N	\N	\N	0	0	0	f	2026-06-14 15:57:53.528937	2026-06-15 10:05:50.440713
258982	HOT Crane	NA	\N	CAPACITY: 3 TON	11370	12381	19774	NA	1	0	1	1	\N	\N	\N	\N	\N	\N	\N	0	0	0	f	2026-06-14 15:59:52.47145	2026-06-15 10:48:31.861888
135766	LT Panel	DN2 250M Amp	\N	LT Panel	11369	12484	19774	NA	1	0	1	1	\N	\N	\N	\N	\N	\N	\N	0	0	0	f	2026-06-14 15:55:55.282163	2026-06-15 07:43:41.968539
135765	Booster Pump	600/125BST TA	\N	Booster Pump to Consumers	11369	12485	19774	NA	1	0	1	1	\N	\N	\N	\N	\N	\N	\N	0	0	0	f	2026-06-14 16:04:45.678913	2026-06-14 20:41:03.555945
260018	CCTV CAMERA -02	NA	\N	\N	17163	19785	31426	CP PLUS	1	0	2	1	\N	\N	\N	\N	\N	\N	\N	0	0	0	f	2026-06-14 15:58:52.606775	2026-06-15 08:47:01.375726
258878	BP-2 STAR DELTA STARTER_2	NA	\N	NA	11369	12378	19784	L&T	1	0	1	1	\N	\N	\N	\N	\N	\N	\N	0	0	0	f	2026-06-14 15:54:44.329794	2026-06-15 08:34:17.375782
135810	Booster Pump	UP 150/38A	\N	Booster Pump to Feed Consumer. Specification: Rpm 1450, Head 42 mtr , Flow 345.6 m3/hr	11369	12485	20006	Kirloskar Brother Ltd	1	0	1	1	\N	\N	\N	\N	\N	\N	\N	0	0	0	f	2026-06-14 16:00:54.176054	2026-06-15 11:03:11.817497
259770	MCB-1	NA	\N	RATING:63 AMP MCB -1	11369	12378	19784	L&T	1	0	1	1	\N	\N	\N	\N	\N	\N	\N	0	0	0	f	2026-06-14 15:56:53.226019	2026-06-14 21:02:27.824573
135732	Main MCCB	NA	\N	Main MCCB	11369	12484	19781	C&S	1	0	1	1	\N	\N	\N	\N	\N	\N	\N	0	0	0	f	2026-06-14 15:56:53.574966	2026-06-14 21:03:33.121598
136557	EOT	NA	\N	EOT for Motor/Pump Lifting	11369	12484	19776	MORRIS	1	0	1	1	\N	\N	\N	\N	\N	\N	\N	0	0	0	f	2026-06-14 15:56:53.623258	2026-06-14 21:03:33.901029
259033	ELECTROMAGNETIC FLOW METER-01	NA	\N	EMF INLET-01 LINE DEER PARK	17177	19773	19774	NA	1	0	2	1	\N	\N	\N	\N	\N	\N	\N	0	0	0	f	2026-06-14 15:59:52.518462	2026-06-15 10:00:56.09784
135780	Main MCCB	DN3 630S	\N	Main MCCB	11369	12484	19784	L&T	1	0	1	1	\N	\N	\N	\N	\N	\N	\N	0	0	0	f	2026-06-14 15:59:52.374808	2026-06-15 10:00:57.298088
135708	Vaccum Release Pump	NA	\N	Vaccum Release Pump	11369	12485	19774	NA	1	0	1	1	\N	\N	\N	\N	\N	\N	\N	0	0	0	f	2026-06-14 15:54:45.162455	2026-06-15 09:51:11.115722
135836	Booster Pump	WO260N	\N	Booster Pump to Consumers	11369	12484	19773	Kirloskar	1	0	1	1	\N	\N	\N	\N	\N	\N	\N	0	0	0	f	2026-06-14 15:53:44.422626	2026-06-15 09:59:44.605941
258624	DISCHARGE SLUICE VALVE -1	NA	\N	SIZE: 80 MM	11370	19740	19774	NA	1	0	1	1	\N	\N	\N	\N	\N	\N	\N	0	0	0	f	2026-06-14 15:59:52.534364	2026-06-15 10:02:03.690315
183031	Valve	NA	\N	UGR-Inlet-Valve	11370	12373	19778	KBL	1	0	1	1	\N	\N	\N	\N	\N	\N	\N	0	0	0	f	2026-06-14 15:58:53.163027	2026-06-15 10:41:15.739606
258845	ULTRASONIC LEVEL TRANSMITTER	NA	\N	ULTRASONIC LEVEL TRANSMITTER	17163	19763	24452	Siemens	1	0	2	1	\N	\N	\N	\N	\N	\N	\N	0	0	0	f	2026-06-14 15:56:53.296815	2026-06-15 09:51:17.645597
135818	LT Panel	NA	\N	LT Panel	11369	12484	19773	Kirloskar	1	0	1	1	\N	\N	\N	\N	\N	\N	\N	0	0	0	f	2026-06-14 16:02:46.022799	2026-06-15 09:52:27.02914
258785	SUCTION VALVE	NA	\N	SIZE-100 MM	11370	19722	19773	Kirloskar	1	0	1	1	\N	\N	\N	\N	\N	\N	\N	0	0	0	f	2026-06-14 16:00:54.266202	2026-06-15 08:57:38.955757
258789	PUMP HOUSE	NA	\N	\N	17164	\N	\N	\N	\N	0	3	1	\N	\N	\N	\N	\N	\N	\N	0	0	0	f	2026-06-14 15:55:54.709864	2026-06-15 10:30:13.603848
258956	Main MCCB	NA	\N	RATING: 400 AMP MAIN MCCB	11369	12378	19784	L&T	1	0	1	1	\N	\N	\N	\N	\N	\N	\N	0	0	0	f	2026-06-14 15:59:52.545528	2026-06-15 10:00:58.340314
259809	MCCB-4	NA	\N	RATING:63 AMP MCB	11369	12378	31364	STANDARD	1	0	1	1	\N	\N	\N	\N	\N	\N	\N	0	0	0	f	2026-06-14 15:59:52.589608	2026-06-15 10:02:06.336119
137727	Vaccum Release Pump	NA	\N	\N	11369	12485	\N	\N	\N	0	1	1	\N	\N	\N	\N	\N	\N	\N	0	0	0	f	2026-06-14 16:03:45.558605	2026-06-15 10:04:38.019322
259966	ACB PANEL-4	NA	\N	RATING:400 AMP ACB	11369	12378	19784	L&T	1	0	1	1	\N	\N	\N	\N	\N	\N	\N	0	0	0	f	2026-06-14 16:00:53.269881	2026-06-15 10:49:43.185698
260256	LT Panel	NA	\N	\N	11369	12378	19774	NA	1	0	1	1	\N	\N	\N	\N	\N	\N	\N	0	0	0	f	2026-06-14 16:00:53.539108	2026-06-15 11:03:09.668602
136554	HT Panel	5530VR	\N	HT Panel for Plant	11369	12483	19774	NA	1	0	1	1	\N	\N	\N	\N	\N	\N	\N	0	0	0	f	2026-06-14 16:06:45.876663	2026-06-15 09:07:12.022615
258479	DOL STARTER-1	NA	\N	16 HP	11369	12378	19784	L&T	1	0	1	1	\N	\N	\N	\N	\N	\N	\N	0	0	0	f	2026-06-14 16:06:45.592567	2026-06-15 10:26:26.26965
135825	Starter Panel	NA	\N	Starter Panel 10HP	11369	12484	19774	NA	1	0	1	1	\N	\N	\N	\N	\N	\N	\N	0	0	0	f	2026-06-14 16:06:48.842632	2026-06-15 10:27:39.407119
258554	EOT CRANE	NA	\N	CAP: 3 TON	11369	19731	31375	GLOBE	1	0	1	1	\N	\N	\N	\N	\N	\N	\N	0	0	0	f	2026-06-14 16:05:45.675373	2026-06-14 21:28:18.472143
258819	BP_02_STAR-DELTA STARTER-1	NA	\N	RATING: 125 AMP	11369	12378	19784	L&T	1	0	1	1	\N	\N	\N	\N	\N	\N	\N	0	0	0	f	2026-06-14 16:06:46.006388	2026-06-15 07:41:24.055435
259928	NRV-01	NA	\N	SIZE: 100 MM	11370	19722	31366	SKOPE	1	0	1	1	\N	\N	\N	\N	\N	\N	\N	0	0	0	f	2026-06-14 16:06:47.100498	2026-06-15 07:41:24.809162
135767	Valve	NA	\N	Discharge Valve	11370	12373	20006	Kirloskar Brother Ltd	1	0	1	1	\N	\N	\N	\N	\N	\N	\N	0	0	0	f	2026-06-14 15:44:46.415145	2026-06-15 11:00:48.537247
258733	UGR-03	NA	\N	UGR 3	17164	\N	\N	\N	\N	0	3	1	\N	\N	\N	\N	\N	\N	\N	0	0	0	f	2026-06-14 16:07:45.659802	2026-06-15 08:37:43.410487
259976	LRS-3	NA	\N	CAPACITY:150 HP	11369	12378	31424	EE	1	0	1	1	\N	\N	\N	\N	\N	\N	\N	0	0	0	f	2026-06-14 16:07:46.181239	2026-06-15 08:37:44.584649
259918	APFC	NA	\N	RATING:20 KVAR	11369	12378	19784	L&T	1	0	1	1	\N	\N	\N	\N	\N	\N	\N	0	0	0	f	2026-06-14 16:07:46.259964	2026-06-15 08:37:45.390861
259852	EXHAUST FAN-09	NA	\N	SIZE:22 "	11369	19727	19774	NA	1	0	1	1	\N	\N	\N	\N	\N	\N	\N	0	0	0	f	2026-06-14 16:10:45.803359	2026-06-14 16:10:45.803359
258606	BOOSTER PUMP-1	NA	\N	CAP: 45 HP,MOTOR-JYOTI,PUMP-KIRLOSKAR	11370	19721	19794	Jyoti	1	0	1	1	\N	\N	\N	\N	\N	\N	\N	0	0	0	f	2026-06-14 16:10:49.017404	2026-06-14 16:10:49.017404
258561	STAR DELTA STARTER FOR TUBEWELL	NA	\N	CAP: 5/7.5HP FOR SUBMERSIBLE PUMP	11369	12378	19774	NA	1	0	1	1	\N	\N	\N	\N	\N	\N	\N	0	0	0	f	2026-06-14 16:05:46.862848	2026-06-14 21:08:18.559265
258995	ULTRASONIC LEVEL TRANSMITTER	NA	\N	MEASURED UGR LEVEL 15 FEETS	17177	19768	31398	PROCESS	1	0	2	1	\N	\N	\N	\N	\N	\N	\N	0	0	0	f	2026-06-14 16:16:46.309559	2026-06-15 10:17:54.55738
260301	NRV-03	NA	\N	\N	11370	12374	31382	IVC	1	0	1	1	\N	\N	\N	\N	\N	\N	\N	0	0	0	f	2026-06-14 16:20:45.51768	2026-06-14 16:20:45.51768
259850	EXHAUST FAN-07	NA	\N	SIZE:22 "	11369	19727	19774	NA	1	0	1	1	\N	\N	\N	\N	\N	\N	\N	0	0	0	f	2026-06-14 16:20:46.12515	2026-06-14 16:20:46.12515
258796	APFC	EPCOS,BR-6000	\N	NA	11369	12378	19774	NA	1	0	1	1	\N	\N	\N	\N	\N	\N	\N	0	0	0	f	2026-06-14 16:10:45.554152	2026-06-15 08:00:20.364372
260272	EOT	NA	\N	\N	11369	19731	19774	NA	1	0	1	1	\N	\N	\N	\N	\N	\N	\N	0	0	0	f	2026-06-14 16:20:48.328131	2026-06-15 10:08:13.107658
135730	Main MCCB	NA	\N	Main MCCB	11369	12484	19784	L&T	1	0	1	1	\N	\N	\N	\N	\N	\N	\N	0	0	0	f	2026-06-14 16:19:48.112664	2026-06-14 21:18:48.099491
258602	BPS STAR DELTA STARTER_1	NA	\N	NA	11369	12378	19784	L&T	1	0	1	1	\N	\N	\N	\N	\N	\N	\N	0	0	0	f	2026-06-14 16:14:48.38096	2026-06-15 09:31:16.568365
258786	DISCHARGE VALVE	NA	\N	SIZE-100 MM	11370	19722	19773	Kirloskar	1	0	1	1	\N	\N	\N	\N	\N	\N	\N	0	0	0	f	2026-06-14 16:38:13.772924	2026-06-15 09:40:22.244609
259004	BATHROOM	BATHROOM	\N	BATHROOM	17164	\N	\N	\N	\N	0	3	1	\N	\N	\N	\N	\N	\N	\N	0	0	0	f	2026-06-14 16:15:43.531441	2026-06-15 09:58:24.375628
258428	BOOSTER PUMP-07	NA	\N	234 HP, CAPACITY: 1473 M3	11369	12378	24452	Siemens	1	0	1	1	\N	\N	\N	\N	\N	\N	\N	0	0	0	f	2026-06-14 16:13:48.604659	2026-06-15 09:09:42.331639
258842	BP_01_NRV-01	NA	\N	BOOSTER PUMP-1 SIZE: 200 MM	11370	12374	19773	Kirloskar	1	0	1	1	\N	\N	\N	\N	\N	\N	\N	0	0	0	f	2026-06-14 16:11:47.553946	2026-06-15 08:19:20.843936
258632	OIL IMMERSED STAR DELTA STARTER_4	NA	\N	RATING:15 HP	11369	12378	19783	Bentex	1	0	1	1	\N	\N	\N	\N	\N	\N	\N	0	0	0	f	2026-06-14 16:06:46.14704	2026-06-14 21:25:58.802791
258538	BP-1 NRV-01	NA	\N	SIZE: 200 MM	11370	12374	19773	Kirloskar	1	0	1	1	\N	\N	\N	\N	\N	\N	\N	0	0	0	f	2026-06-14 16:08:49.149203	2026-06-15 09:27:36.968303
135724	LT Panel	NA	\N	LT Panel to operate Pump	11369	12484	19784	L&T	1	0	1	1	\N	\N	\N	\N	\N	\N	\N	0	0	0	f	2026-06-14 16:38:16.314946	2026-06-15 10:02:09.135507
135752	Main Fuse	NA	\N	Main Fuse	11369	12485	19774	NA	1	0	1	1	\N	\N	\N	\N	\N	\N	\N	0	0	0	f	2026-06-14 16:39:08.077785	2026-06-14 19:58:42.536821
258444	BOOSTER PUMP-02	NA	\N	40 HP, 189 M3/HR	11370	19721	31358	COROMPTION /KSB	1	0	1	1	\N	\N	\N	\N	\N	\N	\N	0	0	0	f	2026-06-14 16:08:45.418518	2026-06-15 07:09:08.914472
258983	MAIN SWITCH	NA	\N	RATING: 200 AMP MAIN SWITCH	11369	12378	19785	Havells	1	0	1	1	\N	\N	\N	\N	\N	\N	\N	0	0	0	f	2026-06-14 16:38:11.029568	2026-06-14 19:50:44.012271
258513	DISCHARGE SLUICE VALVE-1	NA	\N	SIZE: 100 MM	11370	19722	19774	NA	1	0	1	1	\N	\N	\N	\N	\N	\N	\N	0	0	0	f	2026-06-14 16:10:48.906632	2026-06-15 07:44:55.206803
135840	NRV	NA	\N	NRV	11370	12374	19792	Upadhyaya	1	0	1	1	\N	\N	\N	\N	\N	\N	\N	0	0	0	f	2026-06-14 16:11:45.20813	2026-06-15 09:19:20.475402
260232	DISCHARGE SLUICE VALVE-06	NA	\N	SIZE: 500 mm	11370	19722	19773	Kirloskar	1	0	1	1	\N	\N	\N	\N	\N	\N	\N	0	0	0	f	2026-06-14 16:08:49.149157	2026-06-15 09:27:37.319997
259854	EXHAUST FAN-11	NA	\N	SIZE:22 "	11369	19727	19774	NA	1	0	1	1	\N	\N	\N	\N	\N	\N	\N	0	0	0	f	2026-06-14 16:09:45.578445	2026-06-15 10:22:45.312624
260014	PRESSURE TRANSMITTER-01	NA	\N	\N	17163	19729	31398	PROCESS	1	0	2	1	\N	\N	\N	\N	\N	\N	\N	0	0	0	f	2026-06-14 16:08:45.250922	2026-06-15 10:33:55.744172
258462	PRESSURE GAUGE	NA	\N	RANGE: 100 PSI	17163	19728	31361	GURU	1	0	2	1	\N	\N	\N	\N	\N	\N	\N	0	0	0	f	2026-06-14 16:08:45.88196	2026-06-15 10:11:52.928791
258595	PRESSURE GAUGE	NA	\N	70 PSI	11371	19748	31361	GURU	1	0	2	1	\N	\N	\N	\N	\N	\N	\N	0	0	0	f	2026-06-14 16:12:44.101666	2026-06-15 10:28:48.139901
259943	UGR DISCHARGE VALVE-01	NA	\N	DIRECT CONSUMER OLD RAJENDRA NAGAR	11370	19722	19773	Kirloskar	1	0	1	1	\N	\N	\N	\N	\N	\N	\N	0	0	0	f	2026-06-14 16:15:46.474475	2026-06-15 09:58:28.389722
259002	TOILET	TOILET	\N	TOILET	17164	\N	\N	\N	\N	0	3	1	\N	\N	\N	\N	\N	\N	\N	0	0	0	f	2026-06-14 16:09:45.620277	2026-06-15 10:26:22.331892
258430	SUCTION SLUICE VALVE	NA	\N	250 MM	11370	19722	19773	Kirloskar	1	0	1	1	\N	\N	\N	\N	\N	\N	\N	0	0	0	f	2026-06-14 16:12:46.533704	2026-06-15 10:22:53.65764
157227	Main Inlet Valve	NA	\N	Main Inlet Sluice Valve	11370	\N	20006	Kirloskar Brother Ltd	1	0	1	1	\N	\N	\N	\N	\N	\N	\N	0	0	0	f	2026-06-14 16:18:44.575553	2026-06-15 10:58:26.804175
259773	4 POLE CHANGEOVER	NA	\N	RATING:200 AMP CHANGEOVER -01	11369	12378	19785	Havells	1	0	1	1	\N	\N	\N	\N	\N	\N	\N	0	0	0	f	2026-06-14 16:09:46.114155	2026-06-15 10:22:45.084778
259818	UGR	UGE	\N	\N	17164	\N	\N	\N	\N	0	3	1	\N	\N	\N	\N	\N	\N	\N	0	0	0	f	2026-06-14 16:09:46.675928	2026-06-15 10:48:38.067251
258608	TUBEWELL	NA	\N	CAPACITY:7.5 HP	11370	19749	19774	NA	1	0	1	1	\N	\N	\N	\N	\N	\N	\N	0	0	0	f	2026-06-14 16:10:45.711699	2026-06-15 08:00:21.219139
135746	Submersible Pump	NA	\N	Submersible	11369	12485	19774	NA	1	0	1	1	\N	\N	\N	\N	\N	\N	\N	0	0	0	f	2026-06-14 16:20:43.931033	2026-06-15 10:49:45.854717
258575	MCB	NA	\N	RATING:63 AMP	11369	12378	19774	NA	1	0	1	1	\N	\N	\N	\N	\N	\N	\N	0	0	0	f	2026-06-14 16:16:45.538484	2026-06-15 10:17:54.287269
258585	change over Switch	NA	\N	NA	11369	12378	19784	L&T	1	0	1	1	\N	\N	\N	\N	\N	\N	\N	0	0	0	f	2026-06-14 16:10:48.868595	2026-06-15 08:00:22.369813
260314	ATS STARTER-2	NA	\N	CAPACITY: 100 HP	11369	12378	20008	HPL	1	0	1	1	\N	\N	\N	\N	\N	\N	\N	0	0	0	f	2026-06-14 16:13:46.599593	2026-06-15 09:09:40.265053
258459	DISCHARGE SLUICE VALVE	NA	\N	NDMC	11370	19722	19773	Kirloskar	1	0	1	1	\N	\N	\N	\N	\N	\N	\N	0	0	0	f	2026-06-14 16:18:43.9345	2026-06-15 10:58:26.370713
259951	ULTRASONIC LEVEL TRANSMITTER	NA	\N	NOT WORKING	17163	19732	19774	NA	1	0	2	1	\N	\N	\N	\N	\N	\N	\N	0	0	0	f	2026-06-14 16:14:46.375276	2026-06-15 10:00:52.632804
258747	NRV-1	NA	\N	BOOSTER PUMP- 1 NRV-1	11370	12374	19773	Kirloskar	1	0	1	1	\N	\N	\N	\N	\N	\N	\N	0	0	0	f	2026-06-14 16:10:45.871075	2026-06-15 08:30:46.278128
259040	NRV-01	NA	\N	SIZE: 100 MM	11370	12374	31366	SKOPE	1	0	1	1	\N	\N	\N	\N	\N	\N	\N	0	0	0	f	2026-06-14 16:13:44.040197	2026-06-15 09:09:38.348776
258780	FUSE	NA	\N	RATING:1OO AMP	11369	12378	19774	NA	1	0	1	1	\N	\N	\N	\N	\N	\N	\N	0	0	0	f	2026-06-14 16:16:44.166907	2026-06-15 10:44:49.153828
259892	TRANSFORMER-2	NA	\N	\N	11369	12378	19774	NA	1	0	1	1	\N	\N	\N	\N	\N	\N	\N	0	0	0	f	2026-06-14 16:16:43.483826	2026-06-15 10:17:52.231467
135726	Booster Pump	UP 80/38	\N	Booster Pump to Consumers	11369	12485	19773	Kirloskar	1	0	1	1	\N	\N	\N	\N	\N	\N	\N	0	0	0	f	2026-06-14 16:13:46.973673	2026-06-15 09:09:40.501117
259752	DISCHARGE SLUICE VALVE-01	NA	\N	SIZE: 200 MM	11370	19722	19780	KSB	1	0	1	1	\N	\N	\N	\N	\N	\N	\N	0	0	0	f	2026-06-14 16:08:45.167623	2026-06-15 09:27:33.037657
135813	Mechanical Level Sensor	NA	\N	Mechanical Level Sensor	11370	12498	20006	Kirloskar Brother Ltd	1	0	1	1	\N	\N	\N	\N	\N	\N	\N	0	0	0	f	2026-06-14 16:08:45.153185	2026-06-15 09:27:34.945231
259018	SLUICE VALVE UGR INLET-02	NA	\N	RATING: 100 MM	11370	19722	19773	Kirloskar	1	0	1	1	\N	\N	\N	\N	\N	\N	\N	0	0	0	f	2026-06-14 16:17:43.469874	2026-06-15 10:38:39.70345
258552	BP-1 DISCHARGE DV-8	NA	\N	SIZE: 200 MM	11370	19722	19773	Kirloskar	1	0	1	1	\N	\N	\N	\N	\N	\N	\N	0	0	0	f	2026-06-14 16:14:43.836776	2026-06-15 09:30:09.234208
258634	BOOSTER PUMP-4	NA	\N	10 HP,RPM-2920	11370	19721	19773	Kirloskar	1	0	1	1	\N	\N	\N	\N	\N	\N	\N	0	0	0	f	2026-06-14 16:14:46.141514	2026-06-15 09:31:14.245988
258702	UGR SUCTION VALVE-02	NA	\N	SIZE:600 MM	11370	19722	19773	Kirloskar	1	0	1	1	\N	\N	\N	\N	\N	\N	\N	0	0	0	f	2026-06-14 16:15:48.532028	2026-06-15 09:58:29.989315
258801	ULTRASONIC LEVEL TRANSMITTER	NA	\N	NA	11371	19760	19774	NA	1	0	2	1	\N	\N	\N	\N	\N	\N	\N	0	0	0	f	2026-06-14 16:38:08.418259	2026-06-15 10:21:35.549467
260007	DOL STARTER-2	NA	\N	CAPACITY:5 HP	11369	12378	31388	AVON CONTROLS	1	0	1	1	\N	\N	\N	\N	\N	\N	\N	0	0	0	f	2026-06-14 16:18:46.790936	2026-06-15 10:59:32.406171
258823	4 POLE CHANGEOVER-01	NA	\N	RATING: 400 AMP	11369	12378	19785	Havells	1	0	1	1	\N	\N	\N	\N	\N	\N	\N	0	0	0	f	2026-06-14 16:17:45.02369	2026-06-15 10:38:40.613414
258588	CHARGING PUMP	NA	\N	CAPACITY:3 HP	11370	19744	19773	Kirloskar	1	0	1	1	\N	\N	\N	\N	\N	\N	\N	0	0	0	f	2026-06-14 16:09:48.627326	2026-06-15 10:38:42.297607
258472	TOILET	NA	\N	NA	17164	\N	\N	\N	\N	0	3	1	\N	\N	\N	\N	\N	\N	\N	0	0	0	f	2026-06-14 16:18:46.288917	2026-06-15 10:59:31.973173
258580	NRV	NA	\N	SIZE: 250 MM	11370	12374	19773	Kirloskar	1	0	1	1	\N	\N	\N	\N	\N	\N	\N	0	0	0	f	2026-06-14 16:18:48.218344	2026-06-15 10:59:33.915426
258716	MCB-03	NA	\N	RATING:16 AMP	11369	12378	19785	Havells	1	0	1	1	\N	\N	\N	\N	\N	\N	\N	0	0	0	f	2026-06-14 16:46:08.009473	2026-06-14 20:47:09.253929
135837	Booster Pump	CD 200 H	\N	Booster Pump to Consumers	11369	12484	19794	Jyoti	1	0	1	1	\N	\N	\N	\N	\N	\N	\N	0	0	0	f	2026-06-14 16:42:10.819188	2026-06-14 20:25:29.78748
258689	WALL FAN_1	NA	\N	NA	11369	19727	19774	NA	1	0	1	1	\N	\N	\N	\N	\N	\N	\N	0	0	0	f	2026-06-14 16:44:10.148104	2026-06-14 20:36:21.549123
258413	4 POLE CHANGEOVER SWITCH	NA	\N	\N	11369	12378	19785	Havells	1	0	1	1	\N	\N	\N	\N	\N	\N	\N	0	0	0	f	2026-06-14 16:57:15.090204	2026-06-15 09:22:56.746224
258410	APFC	NA	\N	250 KVAR	11369	12378	25076	Advance	1	0	1	1	\N	\N	\N	\N	\N	\N	\N	0	0	0	f	2026-06-14 16:53:16.98681	2026-06-15 09:03:35.994705
259048	DOL STARTER-1	NA	\N	RATING: 25 AMP DOL STARTER	11369	12378	31404	AVON CONTROL	1	0	1	1	\N	\N	\N	\N	\N	\N	\N	0	0	0	f	2026-06-14 16:43:11.490426	2026-06-14 20:31:24.29499
135842	Air Circuit Breaker	CN-CS2000-C	\N	LT Panel Incoming Air Circuit Breaker	11369	12484	19784	L&T	1	0	1	1	\N	\N	\N	\N	\N	\N	\N	0	0	0	f	2026-06-14 16:39:11.011237	2026-06-14 21:14:06.596981
258416	BOOSTER PUMP-03 LRS	NA	\N	RIDGE ROAD_ LRS WITH OCB- 200 AMP	11369	12378	25076	Advance	1	0	1	1	\N	\N	\N	\N	\N	\N	\N	0	0	0	f	2026-06-14 16:45:10.617586	2026-06-14 20:42:17.311494
258510	BOOSTER PUMP-1	NA	\N	NA	11370	19721	19774	NA	1	0	1	1	\N	\N	\N	\N	\N	\N	\N	0	0	0	f	2026-06-14 16:47:09.127996	2026-06-15 10:31:18.826333
259987	WALL FAN-4	NA	\N	SIZE:600 MM	11369	19727	31396	BAJAJ	1	0	1	1	\N	\N	\N	\N	\N	\N	\N	0	0	0	f	2026-06-14 16:54:08.348974	2026-06-14 21:33:01.814462
260291	SOFT STARTER-03	NA	\N	\N	11369	12378	19774	NA	1	0	1	1	\N	\N	\N	\N	\N	\N	\N	0	0	0	f	2026-06-14 16:59:12.215273	2026-06-15 10:54:45.072856
135834	MCCB	NA	\N	63AMP MCCB for Light Distribution Panel.	11369	12484	19774	NA	1	0	1	1	\N	\N	\N	\N	\N	\N	\N	0	0	0	f	2026-06-14 16:39:16.068703	2026-06-15 10:03:24.786394
260025	MONITOR	NA	\N	\N	17163	19786	31427	HP	1	0	2	1	\N	\N	\N	\N	\N	\N	\N	0	0	0	f	2026-06-14 16:48:08.605038	2026-06-14 20:58:48.642374
260028	TRANSFORMER ROOM	TRANSFORMER ROOM- 01	\N	\N	17164	\N	\N	\N	\N	0	3	1	\N	\N	\N	\N	\N	\N	\N	0	0	0	f	2026-06-14 16:44:15.186699	2026-06-14 20:36:23.469602
260279	CIVIL	UGR	\N	UGR-1	17180	\N	\N	\N	\N	0	3	1	\N	\N	\N	\N	\N	\N	\N	0	0	0	f	2026-06-14 16:44:12.717873	2026-06-15 10:54:48.578259
258454	BALL VALVE	NA	\N	40MM	11370	19724	19774	NA	1	0	1	1	\N	\N	\N	\N	\N	\N	\N	0	0	0	f	2026-06-14 16:51:09.221421	2026-06-15 10:02:06.715482
258578	EOT_1	NA	\N	RATING:1TON	11369	19731	31375	GLOBE	1	0	1	1	\N	\N	\N	\N	\N	\N	\N	0	0	0	f	2026-06-14 16:57:12.607499	2026-06-15 06:58:29.636051
136555	Transformer	76HC-022/21	\N	Transformer oil type	11369	12484	19773	Kirloskar	1	0	1	1	\N	\N	\N	\N	\N	\N	\N	0	0	0	f	2026-06-14 16:45:13.485477	2026-06-14 20:42:18.818859
259945	UGR DISCHARGE VALVE-03	NA	\N	GANGA RAM HOSPITAL 24X7	11370	19722	19773	Kirloskar	1	0	1	1	\N	\N	\N	\N	\N	\N	\N	0	0	0	f	2026-06-14 16:47:17.323836	2026-06-14 20:53:02.45978
259994	INLET SLUICE VALVE-3	NA	\N	SIZE: 600 MM	11370	19722	31382	IVC	1	0	1	1	\N	\N	\N	\N	\N	\N	\N	0	0	0	f	2026-06-14 16:46:11.93306	2026-06-14 20:48:13.845993
259824	INLET SLUICE VALVE	NA	\N	SIZE:300 MM INLET VALVE	11370	19722	19780	KSB	1	0	1	1	\N	\N	\N	\N	\N	\N	\N	0	0	0	f	2026-06-14 16:46:14.445576	2026-06-14 20:48:14.226823
258788	NRV- 02	NA	\N	SIZE-100 MM	11370	12374	19773	Kirloskar	1	0	1	1	\N	\N	\N	\N	\N	\N	\N	0	0	0	f	2026-06-14 17:03:12.341853	2026-06-15 07:48:27.102211
259078	UGR DISCHARGE VALVE-14	NA	\N	SIZE: 300 MM,PRISEDENT HOUSE	11370	19722	19773	Kirloskar	1	0	1	1	\N	\N	\N	\N	\N	\N	\N	0	0	0	f	2026-06-14 16:51:14.326712	2026-06-14 21:16:25.10282
258748	NRV-2	NA	\N	BOOSTER PUMP- 2 NRV-1	11370	12374	19773	Kirloskar	1	0	1	1	\N	\N	\N	\N	\N	\N	\N	0	0	0	f	2026-06-14 16:45:07.946186	2026-06-15 11:02:00.362692
258432	EOT CRANE	NA	\N	5 TON	11369	19731	19774	NA	1	0	1	1	\N	\N	\N	\N	\N	\N	\N	0	0	0	f	2026-06-14 16:58:16.536213	2026-06-15 07:59:02.856671
260233	DISCHARGE SLUICE VALVE-07	NA	\N	SIZE: 900 mm	11370	19722	19773	Kirloskar	1	0	1	1	\N	\N	\N	\N	\N	\N	\N	0	0	0	f	2026-06-14 16:48:15.101737	2026-06-14 20:58:50.847788
258475	MAIN SWITCH-1	NA	\N	63 AMP	11369	12378	19784	L&T	1	0	1	1	\N	\N	\N	\N	\N	\N	\N	0	0	0	f	2026-06-14 16:49:09.169253	2026-06-14 21:03:39.25173
135760	change over Switch	NA	\N	Change over Switch	11369	12485	20009	Advance Engineering Works Pvt Ltd	1	0	1	0	\N	\N	\N	\N	\N	\N	\N	0	0	0	f	2026-06-14 16:49:13.029724	2026-06-14 21:04:43.769038
260259	MCCB	NA	\N	\N	11369	12378	19784	L&T	1	0	1	1	\N	\N	\N	\N	\N	\N	\N	0	0	0	f	2026-06-14 16:50:15.807845	2026-06-15 10:21:30.899876
258864	FLUSHING SLUICE VALVE-02	NA	\N	CAPACITY: 450 MM FLUSHING SLUICE VALVE-02	11370	19765	19773	Kirloskar	1	0	1	1	\N	\N	\N	\N	\N	\N	\N	0	0	0	f	2026-06-14 16:51:16.631024	2026-06-14 21:16:25.196787
258480	DOL STARTER-2	NA	\N	16 HP	11369	12378	19784	L&T	1	0	1	1	\N	\N	\N	\N	\N	\N	\N	0	0	0	f	2026-06-14 16:50:13.192425	2026-06-15 07:59:05.192422
258794	BP- 02 STAR DELTA STARTER_1	NA	\N	RATING:50 HP	11369	12378	19784	L&T	1	0	1	1	\N	\N	\N	\N	\N	\N	\N	0	0	0	f	2026-06-14 16:52:08.154692	2026-06-14 21:21:10.529365
260121	SOFT STARTER-2	NA	\N	\N	11369	12378	31384	SCHNEIDER	1	0	1	1	\N	\N	\N	\N	\N	\N	\N	0	0	0	f	2026-06-14 16:52:11.986134	2026-06-14 21:21:11.767316
258586	BPS STAR DELTA STARTER_1	NA	\N	NA	11369	12378	19774	NA	1	0	1	1	\N	\N	\N	\N	\N	\N	\N	0	0	0	f	2026-06-14 16:52:14.644336	2026-06-14 21:21:12.28261
183037	Oil Starter	NA	\N	Rating: 60HP.	11369	16539	25076	Advance	1	0	1	1	\N	\N	\N	\N	\N	\N	\N	0	0	0	f	2026-06-14 16:52:17.174682	2026-06-14 21:21:13.508305
259827	DISCHARGE SLUICE VALVE-1	NA	\N	SIZE:150 MM DISCHARGE VALVE	11370	19722	19780	KSB	1	0	1	1	\N	\N	\N	\N	\N	\N	\N	0	0	0	f	2026-06-14 17:04:09.534828	2026-06-15 07:54:22.737551
135843	Air Circuit Breaker	NA	\N	Air Circuit Breaker 600 AMP	11369	12484	\N	\N	\N	0	1	1	\N	\N	\N	\N	\N	\N	\N	0	0	0	f	2026-06-14 16:42:08.127672	2026-06-15 10:49:45.134229
259768	BOUNDARY	BPS BOUNDARY	\N	NA	17164	\N	\N	\N	\N	0	3	1	\N	\N	\N	\N	\N	\N	\N	0	0	0	f	2026-06-14 17:05:08.896088	2026-06-15 08:00:14.658142
259988	CEILING FAN-2	NA	\N	SIZE:1200 MM	11369	19727	31396	BAJAJ	1	0	1	1	\N	\N	\N	\N	\N	\N	\N	0	0	0	f	2026-06-14 17:04:14.846237	2026-06-15 07:54:24.626783
260267	SOFT STARTER-2	NA	\N	\N	11369	12378	19774	NA	1	0	1	1	\N	\N	\N	\N	\N	\N	\N	0	0	0	f	2026-06-14 17:02:14.937046	2026-06-15 10:52:20.815112
140970	Air Circuit Breaker	800 AMP	\N	Air Circuit Breaker	11369	12484	19784	L&T	1	0	1	1	\N	\N	\N	\N	\N	\N	\N	0	0	0	f	2026-06-14 16:58:08.850372	2026-06-15 07:04:19.795119
135709	Dewatering Pump	NA	\N	Submersible Pump(Dewatering)	11369	12485	19774	NA	1	0	1	1	\N	\N	\N	\N	\N	\N	\N	0	0	0	f	2026-06-14 16:53:14.344993	2026-06-15 10:49:52.152867
135855	Starter Panel	NA	\N	Auto Transformer Starter & Manual Star Delta Starter	11369	12485	\N	\N	\N	0	1	1	\N	\N	\N	\N	\N	\N	\N	0	0	0	f	2026-06-14 17:01:16.390784	2026-06-15 09:48:42.780254
260273	ULTRASONIC LEVEL TRANSMITTER-01	NA	\N	\N	17163	19732	19774	NA	1	0	2	1	\N	\N	\N	\N	\N	\N	\N	0	0	0	f	2026-06-14 16:58:14.057846	2026-06-15 07:04:21.645937
260264	RTU/PLC CONTROL PANEL(HT & LT PANEL)-1	NA	\N	\N	11369	12378	19774	NA	1	0	1	1	\N	\N	\N	\N	\N	\N	\N	0	0	0	f	2026-06-14 16:15:45.961331	2026-06-15 09:58:27.745587
135814	Main Fuse	NA	\N	NA	11369	12484	19785	Havells	1	0	1	1	\N	\N	\N	\N	\N	\N	\N	0	0	0	f	2026-06-14 16:59:14.869752	2026-06-15 07:09:12.809435
135863	Booster Pump	KDS-2030+	\N	Bosoter Pump to consumer	11369	12485	19774	NA	1	0	1	1	\N	\N	\N	\N	\N	\N	\N	0	0	0	f	2026-06-14 16:55:15.640521	2026-06-15 08:42:26.600038
258613	MCCB	NA	\N	RATING:200 AMP	11369	12378	19781	C&S	1	0	1	1	\N	\N	\N	\N	\N	\N	\N	0	0	0	f	2026-06-14 17:02:12.382088	2026-06-15 07:42:34.480341
258458	WALL MOUNTED FAN	NA	\N	SIZE: 22''	11369	19727	31360	Coromption Greaves	1	0	1	1	\N	\N	\N	\N	\N	\N	\N	0	0	0	f	2026-06-14 17:01:08.356651	2026-06-15 10:08:14.374016
141124	MOCB	NA	\N	MOCB	11369	12483	\N	\N	\N	0	1	1	\N	\N	\N	\N	\N	\N	\N	0	0	0	f	2026-06-14 16:47:14.856883	2026-06-15 08:33:06.220144
260199	EXHAUST FAN-1	NA	\N	SIZE:22 "	11369	19727	19774	NA	1	0	1	1	\N	\N	\N	\N	\N	\N	\N	0	0	0	f	2026-06-14 17:03:15.915053	2026-06-15 07:48:29.716803
258532	STAR DELTA STARTER-01	NA	\N	CAP: 50 HP	11369	12378	19784	L&T	1	0	1	1	\N	\N	\N	\N	\N	\N	\N	0	0	0	f	2026-06-14 16:48:11.301525	2026-06-15 09:14:25.919755
259792	NRV- 02	NA	\N	SIZE-100 MM	11370	12374	31366	SKOPE	1	0	1	1	\N	\N	\N	\N	\N	\N	\N	0	0	0	f	2026-06-14 17:04:12.199155	2026-06-15 07:54:23.183231
258783	BOOSTER PUMP-1	NA	\N	CAPACITY: 20 HP, H-53 MTR, RPM-2920	11370	19721	19773	Kirloskar	1	0	1	1	\N	\N	\N	\N	\N	\N	\N	0	0	0	f	2026-06-14 16:44:17.548599	2026-06-15 10:32:39.623159
258469	ROOMS-01	STAFF ROOM-01	\N	2 ROOMS FOR STAFF	17164	\N	\N	\N	\N	0	3	1	\N	\N	\N	\N	\N	\N	\N	0	0	0	f	2026-06-14 17:05:11.450295	2026-06-15 08:00:15.193478
259056	DISCHARGE SLUICE VALVE-3	NA	\N	SIZE: 150 MM DISCHARGE SLUICE VALVE-3	11370	19722	19773	Kirloskar	1	0	1	1	\N	\N	\N	\N	\N	\N	\N	0	0	0	f	2026-06-14 17:05:16.388906	2026-06-15 08:00:17.152614
260128	PRESSURE GAUGE-1	NA	\N	\N	17163	19728	19774	NA	1	0	2	1	\N	\N	\N	\N	\N	\N	\N	0	0	0	f	2026-06-14 16:43:13.959482	2026-06-15 10:54:42.977368
259956	TRANSFORMER-1	NA	\N	RATING:400 KVA TRANSFORMER	11369	15848	19774	NA	1	0	1	1	\N	\N	\N	\N	\N	\N	\N	0	0	0	f	2026-06-14 17:24:29.62266	2026-06-15 10:05:50.527622
135729	Booster Pump	NA	\N	Booster Pump to Consumer	11369	12485	19773	Kirloskar	1	0	1	1	\N	\N	\N	\N	\N	\N	\N	0	0	0	f	2026-06-14 17:24:31.957129	2026-06-15 10:42:21.879759
258537	BP-1 DISCHARGE DV-2	NA	\N	SIZE: 200 MM	11370	19722	19773	Kirloskar	1	0	1	1	\N	\N	\N	\N	\N	\N	\N	0	0	0	f	2026-06-14 17:07:15.974607	2026-06-15 08:11:07.015672
258612	MCCB	NA	\N	RATING:160 AMP	11369	12378	19785	Havells	1	0	1	1	\N	\N	\N	\N	\N	\N	\N	0	0	0	f	2026-06-14 17:23:25.2167	2026-06-15 10:49:49.261683
258805	BP- 02 PRESSURE GAUGE-01	NA	\N	NA	11371	19748	19774	NA	1	0	2	1	\N	\N	\N	\N	\N	\N	\N	0	0	0	f	2026-06-14 17:24:11.802363	2026-06-15 10:04:40.467645
258437	OIL IMMERSED MANUALLY STAR DELTA STARTER_2	NA	\N	40 HP	11369	12378	25076	Advance	1	0	1	1	\N	\N	\N	\N	\N	\N	\N	0	0	0	f	2026-06-14 17:25:11.613102	2026-06-15 10:10:39.042066
258883	INLET SUCTION VALVE-01	NA	\N	SIZE: 300 MM	11370	19722	19773	Kirloskar	1	0	1	1	\N	\N	\N	\N	\N	\N	\N	0	0	0	f	2026-06-14 17:08:08.665588	2026-06-15 08:16:59.046759
260323	SUBMERSIBLE PUMP-1	NA	\N	CAPACITY: 40 HP,HEAD: 40 MTR	11370	19753	19773	Kirloskar	1	0	1	1	\N	\N	\N	\N	\N	\N	\N	0	0	0	f	2026-06-14 17:11:09.318038	2026-06-15 08:43:32.583627
258431	DISCHARGE SLUICE VALVE	NA	\N	250 MM	11370	19730	19773	Kirloskar	1	0	1	1	\N	\N	\N	\N	\N	\N	\N	0	0	0	f	2026-06-14 17:07:18.431395	2026-06-15 10:42:28.832614
259931	SUBMERSIBLE PUMP-02	NA	\N	CAPACITY: 40 HP	11370	19753	31362	CROMPTON	1	0	1	1	\N	\N	\N	\N	\N	\N	\N	0	0	0	f	2026-06-14 17:13:09.823436	2026-06-15 08:55:17.667612
258570	SUCTION SLUICE VALVE-1	NA	\N	SIZE: 80 MM	11370	19740	19774	NA	1	0	1	1	\N	\N	\N	\N	\N	\N	\N	0	0	0	f	2026-06-14 17:16:10.695048	2026-06-15 09:13:14.581448
258516	DISCHARGE SLUICE VALVE-2	NA	\N	SIZE: 80 MM	11370	19722	19774	NA	1	0	1	1	\N	\N	\N	\N	\N	\N	\N	0	0	0	f	2026-06-14 17:07:13.222376	2026-06-15 08:11:05.516866
259796	SUCTION SLUICE VALVE-2	NA	\N	SIZE:100 MM SUCTION VALVE	11370	19722	31410	CM/L	1	0	1	1	\N	\N	\N	\N	\N	\N	\N	0	0	0	f	2026-06-14 17:06:11.603581	2026-06-15 08:05:10.50159
258825	APFC PANEL_01	NA	\N	NA	11369	12378	19774	NA	1	0	1	1	\N	\N	\N	\N	\N	\N	\N	0	0	0	f	2026-06-14 17:06:14.121643	2026-06-15 08:06:13.603408
259049	4 POLE CHANGEOVER	NA	\N	RATING: 400AMP CHANGEOVER	11369	12378	31404	AVON CONTROL	1	0	1	1	\N	\N	\N	\N	\N	\N	\N	0	0	0	f	2026-06-14 17:06:16.505816	2026-06-15 08:06:15.068639
258963	4 POLE CHANGEOVER	NA	\N	RATING: 400 AMP CHANGEOVER	11369	12378	19784	L&T	1	0	1	1	\N	\N	\N	\N	\N	\N	\N	0	0	0	f	2026-06-14 17:07:09.173152	2026-06-15 08:11:05.236523
260280	CIVIL	ROOM	\N	PUMP HOUSE ROOM	17180	\N	\N	\N	\N	0	3	1	\N	\N	\N	\N	\N	\N	\N	0	0	0	f	2026-06-14 17:23:22.844719	2026-06-15 10:33:55.529109
258470	DG ROOM-01	DG ROOM-01	\N	1 DG ROOM	17164	\N	\N	\N	\N	0	3	1	\N	\N	\N	\N	\N	\N	\N	0	0	0	f	2026-06-14 17:08:14.148496	2026-06-15 08:17:00.948602
258514	NRV__1	NA	\N	SIZE: 100 MM	11370	12374	19774	NA	1	0	1	1	\N	\N	\N	\N	\N	\N	\N	0	0	0	f	2026-06-14 17:08:16.609045	2026-06-15 08:17:02.632544
258535	BOOSTER PUMP-2	NA	\N	CAP: 50 HP/364 M3/HR	11370	19721	31365	JYOTIKA	1	0	1	1	\N	\N	\N	\N	\N	\N	\N	0	0	0	f	2026-06-14 17:09:10.219149	2026-06-15 08:31:55.835177
259055	SUCTION SLUICE VALVE-4	NA	\N	SIZE: 200 MM SUCTION SLUICE VALVE-4	11370	19722	19773	Kirloskar	1	0	1	1	\N	\N	\N	\N	\N	\N	\N	0	0	0	f	2026-06-14 17:09:13.886109	2026-06-15 08:31:57.088429
259791	NRV- 01	NA	\N	SIZE-100 MM	11370	12374	31366	SKOPE	1	0	1	1	\N	\N	\N	\N	\N	\N	\N	0	0	0	f	2026-06-14 17:12:09.440821	2026-06-15 08:49:26.181887
258898	OIL IMMERSED STAR DELTA STARTER_2	NA	\N	RATING:60 HP,80 AMP	11369	12378	25076	Advance	1	0	1	1	\N	\N	\N	\N	\N	\N	\N	0	0	0	f	2026-06-14 17:13:13.707648	2026-06-15 08:55:19.792613
258707	UGR DISCHARGE VALVE-04	NA	\N	SIZE:250 MM	11370	19722	19773	Kirloskar	1	0	1	1	\N	\N	\N	\N	\N	\N	\N	0	0	0	f	2026-06-14 17:24:19.021866	2026-06-15 10:07:02.665835
259953	ROOM	NA	\N	RIDGE ROAD UGR	17164	\N	\N	\N	\N	0	3	1	\N	\N	\N	\N	\N	\N	\N	0	0	0	f	2026-06-14 17:14:10.254066	2026-06-15 09:01:17.714306
258751	OIL IMMERSED STARTER (DOL)	NA	\N	RATING: 7.5 HP	11369	12378	31369	KAPIL	1	0	1	1	\N	\N	\N	\N	\N	\N	\N	0	0	0	f	2026-06-14 17:14:14.129563	2026-06-15 09:01:19.549777
258723	UGR DISCHARGE VALVE-06	NA	\N	SIZE:250 MM	11370	19722	19773	Kirloskar	1	0	1	1	\N	\N	\N	\N	\N	\N	\N	0	0	0	f	2026-06-14 17:23:15.97073	2026-06-15 09:59:42.953442
260313	ATS STARTER-1	NA	\N	CAPACITY: 100 HP	11369	12378	20008	HPL	1	0	1	1	\N	\N	\N	\N	\N	\N	\N	0	0	0	f	2026-06-14 17:15:17.095194	2026-06-15 09:07:19.015226
258441	PALAM UGR_LRS WITH OCB- 150 AMP_3	NA	\N	150 HP	11369	12378	25076	Advance	1	0	1	1	\N	\N	\N	\N	\N	\N	\N	0	0	0	f	2026-06-14 17:17:15.98177	2026-06-15 09:19:15.709745
260217	INLET SLUICE VALVE-03	NA	\N	SIZE: 600 mm	11370	19722	19773	Kirloskar	1	0	1	1	\N	\N	\N	\N	\N	\N	\N	0	0	0	f	2026-06-14 17:16:18.394435	2026-06-15 09:13:18.515615
135781	Main Fuse	Kit Kat	\N	Main Fuse	11369	12484	19785	Havells	1	0	1	1	\N	\N	\N	\N	\N	\N	\N	0	0	0	f	2026-06-14 17:22:26.965242	2026-06-15 09:55:57.674558
258724	UGR FLUSHING VALVE-01	NA	\N	SIZE:300 MM	11370	19722	19773	Kirloskar	1	0	1	1	\N	\N	\N	\N	\N	\N	\N	0	0	0	f	2026-06-14 17:13:18.718003	2026-06-15 09:20:26.846055
258666	BOOSTER PUMP -1	NA	\N	NA	11370	19721	19774	NA	1	0	1	1	\N	\N	\N	\N	\N	\N	\N	0	0	0	f	2026-06-14 17:19:22.659165	2026-06-15 09:31:20.681812
259061	NRV-4	NA	\N	SIZE: 150 MM NRV	11370	12374	19773	Kirloskar	1	0	1	1	\N	\N	\N	\N	\N	\N	\N	0	0	0	f	2026-06-14 17:19:24.885604	2026-06-15 09:31:21.118865
258569	Main MCCB	NA	\N	RATING: 63 AMP	11369	12378	31377	HACK	1	0	1	1	\N	\N	\N	\N	\N	\N	\N	0	0	0	f	2026-06-14 17:19:27.147114	2026-06-15 09:31:22.678787
258675	OIL STARTER -2	NA	\N	CAPACITY: 50HP	11369	12378	25076	Advance	1	0	1	1	\N	\N	\N	\N	\N	\N	\N	0	0	0	f	2026-06-14 17:20:11.518926	2026-06-15 09:43:54.381347
259001	UGR-2	UGR-2	\N	OLD UGR -2 WORKING	17164	\N	\N	\N	\N	0	3	1	\N	\N	\N	\N	\N	\N	\N	0	0	0	f	2026-06-14 17:20:19.751764	2026-06-15 09:43:57.918937
258466	UGR-03	UGR-03	\N	BY GRAVITY SUPPLY	17164	\N	\N	\N	\N	0	3	1	\N	\N	\N	\N	\N	\N	\N	0	0	0	f	2026-06-14 17:20:22.070012	2026-06-15 09:43:59.635305
259075	UGR DISCHARGE VALVE-11	NA	\N	SIZE: 700 MM,GOL MARKET	11370	19722	19773	Kirloskar	1	0	1	1	\N	\N	\N	\N	\N	\N	\N	0	0	0	f	2026-06-14 17:20:25.632623	2026-06-15 09:45:05.886145
258844	ULTRASONIC LEVEL TRANSMITTER	NA	\N	ULTRASONIC LEVEL TRANSMITTER	17163	19763	31398	PROCESS	1	0	2	1	\N	\N	\N	\N	\N	\N	\N	0	0	0	f	2026-06-14 17:21:11.11342	2026-06-15 09:48:49.616523
258717	MCB-04	NA	\N	RATING:25 AMP	11369	12378	19785	Havells	1	0	1	1	\N	\N	\N	\N	\N	\N	\N	0	0	0	f	2026-06-14 17:21:13.562055	2026-06-15 09:48:51.011918
260022	CCTV CAMERA -06	NA	\N	\N	17163	19785	31426	CP PLUS	1	0	2	1	\N	\N	\N	\N	\N	\N	\N	0	0	0	f	2026-06-14 17:22:12.569507	2026-06-15 09:54:47.365887
260288	Transformer	NA	\N	RATING: 990 KVA	11369	12378	19774	NA	1	0	1	1	\N	\N	\N	\N	\N	\N	\N	0	0	0	f	2026-06-14 17:21:22.354432	2026-06-15 09:49:57.809427
259924	UGR INLET SUCTION VALVE -01	NA	\N	SIZE: 600 MM	11370	19722	19773	Kirloskar	1	0	1	1	\N	\N	\N	\N	\N	\N	\N	0	0	0	f	2026-06-14 17:21:24.750963	2026-06-15 09:49:58.387218
258526	PUMP HOUSE	PUMP HOUSE	\N	\N	17164	\N	\N	\N	\N	0	3	1	\N	\N	\N	\N	\N	\N	\N	0	0	0	f	2026-06-14 17:21:18.148983	2026-06-15 09:52:28.543955
258456	DG & ROOM	NA	\N	NA	11369	19725	19774	NA	1	0	1	1	\N	\N	\N	\N	\N	\N	\N	0	0	0	f	2026-06-14 17:22:14.974076	2026-06-15 09:54:47.846321
259072	UGR DISCHARGE VALVE-08	NA	\N	SIZE: 300 MM,VIGYAN BHAWAN	11370	19722	19773	Kirloskar	1	0	1	1	\N	\N	\N	\N	\N	\N	\N	0	0	0	f	2026-06-14 17:22:22.201707	2026-06-15 09:54:52.103333
135784	Dewatering Pump	NA	\N	dewatering Pump	11369	12485	20006	Kirloskar Brother Ltd	1	0	1	1	\N	\N	\N	\N	\N	\N	\N	0	0	0	f	2026-06-14 17:22:24.624355	2026-06-15 09:54:53.253581
135864	Vaccum Release Pump	NA	\N	Vaccum Release Pump	11369	12485	19773	Kirloskar	1	0	1	1	\N	\N	\N	\N	\N	\N	\N	0	0	0	f	2026-06-14 17:22:31.712271	2026-06-15 09:55:59.700607
258639	MCCB-1	NA	\N	RATING:100 AMP	11369	12378	19784	L&T	1	0	1	1	\N	\N	\N	\N	\N	\N	\N	0	0	0	f	2026-06-14 17:23:13.700497	2026-06-15 09:59:42.139283
260260	BOOSTER PUMP-1	NA	\N	\N	11370	19721	31416	KIRLOSKAR, BHARAT BIJLEE	1	0	1	1	\N	\N	\N	\N	\N	\N	\N	0	0	0	f	2026-06-14 17:20:17.47788	2026-06-15 10:53:28.256975
258645	INLET SLUICE VALVE	NA	\N	SIZE:600 MM	11370	19722	19773	Kirloskar	1	0	1	1	\N	\N	\N	\N	\N	\N	\N	0	0	0	f	2026-06-14 17:03:09.94411	2026-06-15 10:57:10.785658
135831	Starter Panel	NA	\N	Star Delta Starter for Pump	11369	12484	19785	Havells	1	0	1	1	\N	\N	\N	\N	\N	\N	\N	0	0	0	f	2026-06-14 17:24:14.262654	2026-06-15 10:04:41.078079
135798	Transformer	NA	\N	Transformer oil type	11369	12484	19774	NA	1	0	1	1	\N	\N	\N	\N	\N	\N	\N	0	0	0	f	2026-06-14 17:19:18.024319	2026-06-15 10:19:15.781116
258753	BOOSTER PUMP-01	NA	\N	RATING : 5 HP, 46 M3/HR	11370	19721	19774	NA	1	0	1	1	\N	\N	\N	\N	\N	\N	\N	0	0	0	f	2026-06-14 17:25:13.823778	2026-06-15 10:10:39.408963
258512	SUCTION SLUICE VALVE-1	NA	\N	SIZE: 100 MM	11370	19722	19774	NA	1	0	1	1	\N	\N	\N	\N	\N	\N	\N	0	0	0	f	2026-06-14 17:25:22.406711	2026-06-15 10:10:43.987522
258487	ULTRASONIC LEVEL TRANSMITTER	NA	\N	\N	17163	19732	31366	SKOPE	1	0	2	1	\N	\N	\N	\N	\N	\N	\N	0	0	0	f	2026-06-14 17:28:16.357058	2026-06-15 10:25:16.71979
259846	EXHAUST FAN-03	NA	\N	SIZE:22 "	11369	19727	19774	NA	1	0	1	1	\N	\N	\N	\N	\N	\N	\N	0	0	0	f	2026-06-14 17:28:11.609074	2026-06-15 10:25:14.574297
260212	BOOSTER PUMP-5	NA	\N	CAP: 1890 m3/hr	11370	19721	31428	FLOW MORE KIRLOSKAR ELECTRIC	1	0	1	1	\N	\N	\N	\N	\N	\N	\N	0	0	0	f	2026-06-14 17:36:16.124524	2026-06-14 17:36:16.124524
258750	PUMP HOUSE	PUMP HOUSE ROOM	\N	BOOSTER PUMP	17164	\N	\N	\N	\N	0	3	1	\N	\N	\N	\N	\N	\N	\N	0	0	0	f	2026-06-14 17:36:21.103968	2026-06-15 09:42:42.652214
258646	DELIVERY SLUICE VALVE	NA	\N	SIZE:825 MM	11370	19722	19773	Kirloskar	1	0	1	1	\N	\N	\N	\N	\N	\N	\N	0	0	0	f	2026-06-14 17:27:18.427915	2026-06-15 10:21:33.191725
259751	SUCTION SLUICE VALVE-01	NA	\N	SIZE: 200 MM	11370	19722	19780	KSB	1	0	1	1	\N	\N	\N	\N	\N	\N	\N	0	0	0	f	2026-06-14 17:37:24.009579	2026-06-14 17:37:24.009579
259801	PRESSURE GUAGE- 02	NA	\N	CAPACITY:(0-10 KG/CM2) PRESSURE GUAGE	11370	19778	31361	GURU	1	0	1	1	\N	\N	\N	\N	\N	\N	\N	0	0	0	f	2026-06-14 17:37:26.41525	2026-06-14 17:37:26.41525
260010	DISCHARGE SLUICE VALVE-1	NA	\N	SIZE:250 MM DISCHARGE VALVE	11370	19722	31425	UPADHAYA	1	0	1	1	\N	\N	\N	\N	\N	\N	\N	0	0	0	f	2026-06-14 17:27:11.526225	2026-06-15 10:21:28.9025
259874	STAR DELTA STARTER-04	NA	\N	\N	11369	12378	19774	NA	1	0	1	1	\N	\N	\N	\N	\N	\N	\N	0	0	0	f	2026-06-14 17:27:16.146131	2026-06-15 10:21:31.018399
258784	BOOSTER PUMP-2	NA	\N	CAPACITY: 20 HP, H-53 MTR, RPM-2920	11370	19721	19773	Kirloskar	1	0	1	1	\N	\N	\N	\N	\N	\N	\N	0	0	0	f	2026-06-14 17:30:17.723815	2026-06-15 10:59:38.179856
260243	EXHAUST FAN	NA	\N	SIZE:22 "	11369	19727	19774	NA	1	0	1	1	\N	\N	\N	\N	\N	\N	\N	0	0	0	f	2026-06-14 17:33:21.63213	2026-06-15 10:54:42.11812
260265	RTU/PLC CONTROL PANEL(HT & LT PANEL)-2	NA	\N	\N	11369	12378	19774	NA	1	0	1	1	\N	\N	\N	\N	\N	\N	\N	0	0	0	f	2026-06-14 17:28:25.523517	2026-06-15 10:26:24.204119
258445	BOOSTER PUMP-03	NA	\N	40 HP, 189 M3/HR	11370	19721	31358	COROMPTION /KSB	1	0	1	1	\N	\N	\N	\N	\N	\N	\N	0	0	0	f	2026-06-14 17:31:15.521179	2026-06-15 10:41:10.491719
258899	BOOSTER PUMP-01	NA	\N	CAPACITY:30 HP	11370	19721	31394	WILO	1	0	1	1	\N	\N	\N	\N	\N	\N	\N	0	0	0	f	2026-06-14 17:29:18.854116	2026-06-15 10:31:19.84579
259991	DEWATERING PUMP-2	NA	\N	CAPACITY:5 HP	11370	19753	19773	Kirloskar	1	0	1	1	\N	\N	\N	\N	\N	\N	\N	0	0	0	f	2026-06-14 17:35:15.085016	2026-06-15 11:01:54.943394
135845	Oil-Circuit-Breaker	Type A2	\N	Oil Immersed Starter	11369	12484	20009	Advance Engineering Works Pvt Ltd	1	0	1	1	\N	\N	\N	\N	\N	\N	\N	0	0	0	f	2026-06-14 17:30:25.93632	2026-06-15 10:36:18.913058
259873	STAR DELTA STARTER-03	NA	\N	\N	11369	12378	19774	NA	1	0	1	1	\N	\N	\N	\N	\N	\N	\N	0	0	0	f	2026-06-14 17:33:17.011957	2026-06-15 10:51:06.60714
258515	SUCTION SLUICE VALVE-2	NA	\N	SIZE: 80 MM	11370	19722	19774	NA	1	0	1	1	\N	\N	\N	\N	\N	\N	\N	0	0	0	f	2026-06-14 17:26:26.15329	2026-06-15 10:15:36.209661
135856	Pressure Guage	NA	\N	30" Main Line Pressure Guage	11371	12499	19774	NA	1	0	1	1	\N	\N	\N	\N	\N	\N	\N	0	0	0	f	2026-06-14 17:31:13.133879	2026-06-15 10:41:10.22787
258916	CHARGE BALL VALVE-02	NA	\N	SIZE: 40 MM	11370	19724	19773	Kirloskar	1	0	1	1	\N	\N	\N	\N	\N	\N	\N	0	0	0	f	2026-06-14 17:30:21.292208	2026-06-15 10:36:16.263224
258468	PUMP HOUSE-02	PUMP HOUSE-02	\N	NEW PUMP HOUSE TOTAL PUMPS-07	17164	\N	\N	\N	\N	0	3	1	\N	\N	\N	\N	\N	\N	\N	0	0	0	f	2026-06-14 17:35:19.822663	2026-06-15 11:01:57.540454
258814	DISCHARGE VALVE_02	NA	\N	SIZE: 150 MM	11370	19722	19773	Kirloskar	1	0	1	1	\N	\N	\N	\N	\N	\N	\N	0	0	0	f	2026-06-14 17:25:31.040119	2026-06-15 10:10:47.056778
258486	BP-2 SUCTION SV-1	NA	\N	50 MM(cpcv)	11370	19722	19774	NA	1	0	1	1	\N	\N	\N	\N	\N	\N	\N	0	0	0	f	2026-06-14 17:35:30.076102	2026-06-15 11:02:02.756603
259019	SLUICE VALVE OUTLET HEADER-01	NA	\N	RATING: 100 MM	11370	19722	19773	Kirloskar	1	0	1	1	\N	\N	\N	\N	\N	\N	\N	0	0	0	f	2026-06-14 17:30:28.381436	2026-06-15 10:36:19.551368
259847	EXHAUST FAN-04	NA	\N	SIZE:22 "	11369	19727	19774	NA	1	0	1	1	\N	\N	\N	\N	\N	\N	\N	0	0	0	f	2026-06-14 17:33:26.367706	2026-06-15 10:52:14.393119
136553	Booster Pump	8/10 ALE	\N	Booster Pump to Induepuri UGR	11369	12485	19772	Mather+Platte	1	0	1	1	\N	\N	\N	\N	\N	\N	\N	0	0	0	f	2026-06-14 17:27:23.181373	2026-06-15 10:21:35.469638
259885	UGR-2	NA	\N	CAP: 1.5 MGD	17164	\N	\N	\N	\N	0	3	1	\N	\N	\N	\N	\N	\N	\N	0	0	0	f	2026-06-14 17:34:12.782306	2026-06-15 10:56:02.150573
135761	change over Switch	NA	\N	Change over Switch	11369	12485	19785	Havells	1	0	1	0	\N	\N	\N	\N	\N	\N	\N	0	0	0	f	2026-06-14 17:32:24.031562	2026-06-15 10:46:12.709483
260215	INLET SLUICE VALVE-01	NA	\N	SIZE: 600 mm	11370	19722	19773	Kirloskar	1	0	1	1	\N	\N	\N	\N	\N	\N	\N	0	0	0	f	2026-06-14 17:34:29.339117	2026-06-15 10:57:13.052894
258966	BOOSTER PUMP-03	NA	\N	CAPACITY: 40 HP,HEAD-35 MTR	11370	19721	28377	Kiloskar	1	0	1	1	\N	\N	\N	\N	\N	\N	\N	0	0	0	f	2026-06-14 17:29:28.222301	2026-06-15 10:31:25.282136
259035	ROOM	PUMP HOUSE ROOM	\N	NA	17164	\N	\N	\N	\N	0	3	1	\N	\N	\N	\N	\N	\N	\N	0	0	0	f	2026-06-14 17:37:15.576382	2026-06-15 10:03:27.95374
260207	INTELLIGENCE PF CONTROLLER	NA	\N	SIZE:22 "	11369	12378	19774	NA	1	0	1	1	\N	\N	\N	\N	\N	\N	\N	0	0	0	f	2026-06-14 17:33:14.734959	2026-06-15 10:57:11.943359
259894	BOOSTER PUMP-02	NA	\N	\N	11370	19721	31417	KIRLOSKAR,CG	1	0	1	1	\N	\N	\N	\N	\N	\N	\N	0	0	0	f	2026-06-14 17:26:11.927658	2026-06-15 10:15:30.316848
260221	NRV-01	NA	\N	SIZE: 600 mm	11370	12374	19773	Kirloskar	1	0	1	1	\N	\N	\N	\N	\N	\N	\N	0	0	0	f	2026-06-14 17:21:15.80634	2026-06-15 10:15:34.946332
260229	DISCHARGE SLUICE VALVE-03	NA	\N	SIZE: 600 mm	11370	19722	19773	Kirloskar	1	0	1	1	\N	\N	\N	\N	\N	\N	\N	0	0	0	f	2026-06-14 17:34:20.018417	2026-06-15 10:57:08.257069
157217	Foot Valve	NA	\N	Foot Valve 150MM	11370	\N	19774	NA	1	0	1	1	\N	\N	\N	\N	\N	\N	\N	0	0	0	f	2026-06-14 17:28:18.730805	2026-06-15 10:25:17.191057
260001	DISCHARGE SLUICE VALVE-4	NA	\N	SIZE:300 MM SUCTION VALVE	11370	19722	31382	IVC	1	0	1	1	\N	\N	\N	\N	\N	\N	\N	0	0	0	f	2026-06-14 17:28:28.006567	2026-06-15 10:26:24.642502
258664	OIL STARTER (DOL)	NA	\N	RATING: 10 HP	11369	12378	19783	Bentex	1	0	1	1	\N	\N	\N	\N	\N	\N	\N	0	0	0	f	2026-06-14 17:29:14.364186	2026-06-15 10:30:14.145032
135759	Booster Pump	NA	\N	Booster pump to Consumer	11369	12485	20006	Kirloskar Brother Ltd	1	0	1	1	\N	\N	\N	\N	\N	\N	\N	0	0	0	f	2026-06-14 17:29:21.254521	2026-06-15 10:31:21.549597
258804	BP- 01 PRESSURE GAUGE- 01	NA	\N	NA	11371	19748	19774	NA	1	0	2	1	\N	\N	\N	\N	\N	\N	\N	0	0	0	f	2026-06-14 17:29:32.961301	2026-06-15 10:31:27.712361
258756	SUCTION SLUICE VALVE-01	NA	\N	NA	11370	19722	19774	NA	1	0	1	1	\N	\N	\N	\N	\N	\N	\N	0	0	0	f	2026-06-14 17:30:11.820199	2026-06-15 10:35:08.542816
135773	Tubewell Pump	NA	\N	Tubewell	11369	12488	19774	NA	1	0	1	1	\N	\N	\N	\N	\N	\N	\N	0	0	0	f	2026-06-14 17:30:15.416398	2026-06-15 10:36:13.976733
258640	MCCB-2	NA	\N	RATING:100 AMP	11369	12378	19784	L&T	1	0	1	1	\N	\N	\N	\N	\N	\N	\N	0	0	0	f	2026-06-14 17:32:11.63845	2026-06-15 10:46:07.34995
258703	UGR SUCTION VALVE-03	NA	\N	SIZE:600 MM	11370	19722	19773	Kirloskar	1	0	1	1	\N	\N	\N	\N	\N	\N	\N	0	0	0	f	2026-06-14 17:30:23.573652	2026-06-15 10:36:16.95032
259845	EXHAUST FAN-02	NA	\N	SIZE:22 "	11369	19727	19774	NA	1	0	1	1	\N	\N	\N	\N	\N	\N	\N	0	0	0	f	2026-06-14 17:33:24.087732	2026-06-15 10:52:12.025595
135850	Oil Circuit Breaker Starter	NA	\N	Oil Circuit Breaker Starter	11369	12484	19774	NA	1	0	1	1	\N	\N	\N	\N	\N	\N	\N	0	0	0	f	2026-06-14 17:35:12.727909	2026-06-15 11:01:54.53699
258831	BOOSTER PUMP-02	NA	\N	CAPACITY: 75 HP,45 MTR^3/h	11370	19721	19773	Kirloskar	1	0	1	1	\N	\N	\N	\N	\N	\N	\N	0	0	0	f	2026-06-14 17:32:21.675572	2026-06-15 10:46:11.967565
258566	BP-2 NRV-2	NA	\N	SIZE: 80 MM	11370	12374	19773	Kirloskar	1	0	1	1	\N	\N	\N	\N	\N	\N	\N	0	0	0	f	2026-06-14 17:32:28.929877	2026-06-15 10:47:17.673913
258959	STAR DELTA STARTER-2	NA	\N	RATING: 125 AMP STAR DELTA STRTER	11369	12378	19784	L&T	1	0	1	1	\N	\N	\N	\N	\N	\N	\N	0	0	0	f	2026-06-14 17:32:31.380182	2026-06-15 10:47:18.581705
260304	BOOSTER PUMP-6	NA	\N	RATING :10 HP	11370	19721	31435	KIRLOSKAR/ BEACON	1	0	1	1	\N	\N	\N	\N	\N	\N	\N	0	0	0	f	2026-06-14 17:33:33.208902	2026-06-15 10:52:16.831515
259865	TRANSFORMER-1	NA	\N	RATING: 750 kVA	11369	12378	20010	CG	1	0	1	1	\N	\N	\N	\N	\N	\N	\N	0	0	0	f	2026-06-14 17:34:34.091152	2026-06-15 10:57:15.090917
259875	PRESSURE GAUGE-01	NA	\N	\N	17163	19728	19774	NA	1	0	2	1	\N	\N	\N	\N	\N	\N	\N	0	0	0	f	2026-06-14 17:28:13.978727	2026-06-15 10:57:07.298638
258693	SUCTION SLUICE VALVE-02	NA	\N	SIZE:150 MM	11370	19722	19773	Kirloskar	1	0	1	1	\N	\N	\N	\N	\N	\N	\N	0	0	0	f	2026-06-14 17:27:27.676433	2026-06-15 10:59:35.343013
260266	SOFT STARTER-1	NA	\N	\N	11369	12378	19774	NA	1	0	1	1	\N	\N	\N	\N	\N	\N	\N	0	0	0	f	2026-06-14 17:35:23.480094	2026-06-15 11:01:59.994616
258533	STAR DELTA STARTER-02	NA	\N	CAP: 50 HP	11369	12378	19784	L&T	1	0	1	1	\N	\N	\N	\N	\N	\N	\N	0	0	0	f	2026-06-14 17:29:25.775336	2026-06-15 11:03:08.002006
135741	Main Fuse	SEZ400	\N	Main Fuse	11369	12485	19782	GE	1	0	1	1	\N	\N	\N	\N	\N	\N	\N	0	0	0	f	2026-06-14 17:38:23.352316	2026-06-14 17:38:23.352316
258407	TRANSFORMER-1	NA	\N	400 KVA , 11 kV/415 V	11369	12378	19780	KSB	1	0	1	1	\N	\N	\N	\N	\N	\N	\N	0	0	0	f	2026-06-14 17:38:25.663153	2026-06-14 17:38:25.663153
258525	OUTLET ELECTROMEGNATIC FLOW METER-1	NA	\N	\N	17163	19733	31370	KROHNE	1	0	2	1	\N	\N	\N	\N	\N	\N	\N	0	0	0	f	2026-06-14 17:38:30.216671	2026-06-14 17:38:30.216671
260343	SUCTION SLUICE VALVE-3	NA	\N	SIZE: 300 MM SUCTION VALVE	11370	19722	31425	UPADHAYA	1	0	1	1	\N	\N	\N	\N	\N	\N	\N	0	0	0	f	2026-06-14 16:01:44.746871	2026-06-14 17:39:13.599839
260111	ACTUATOR-3	NA	\N	\N	11369	12378	31432	AUMA	1	0	1	1	\N	\N	\N	\N	\N	\N	\N	0	0	0	f	2026-06-14 17:39:27.548761	2026-06-14 17:39:27.548761
259038	Dewatering Pump	NA	\N	CAPACITY: 3 HP	11370	19753	19774	NA	1	0	1	1	\N	\N	\N	\N	\N	\N	\N	0	0	0	f	2026-06-14 17:39:32.016347	2026-06-14 17:39:32.016347
259973	MAIN MCCB-6	NA	\N	RATING:600 AMP MCCB	11369	12378	19784	L&T	1	0	1	1	\N	\N	\N	\N	\N	\N	\N	0	0	0	f	2026-06-14 17:40:16.321206	2026-06-14 17:40:16.321206
135763	LT Panel	UCX615	\N	LT Panel to operate Pump	11369	12484	19774	NA	1	0	1	0	\N	\N	\N	\N	\N	\N	\N	0	0	0	f	2026-06-14 17:40:24.654779	2026-06-14 17:40:24.654779
259070	UGR INTERCONNECTION VALVE	NA	\N	SIZE: 750 MM	11370	19722	19773	Kirloskar	1	0	1	1	\N	\N	\N	\N	\N	\N	\N	0	0	0	f	2026-06-14 17:40:28.216924	2026-06-14 17:40:28.216924
258582	PRESSURE TRANSMITTER	NA	\N	NA	11371	19743	19774	NA	1	0	2	1	\N	\N	\N	\N	\N	\N	\N	0	0	0	f	2026-06-14 17:41:18.748732	2026-06-14 17:41:18.748732
258728	ELECTROMAGNETIC FLOW METER-03	NA	\N	NA	11371	19747	31387	FORBES	1	0	2	1	\N	\N	\N	\N	\N	\N	\N	0	0	0	f	2026-06-14 17:42:29.560818	2026-06-14 17:42:29.560818
259974	LRS-1	NA	\N	CAPACITY:180 HP	11369	12378	31424	EE	1	0	1	1	\N	\N	\N	\N	\N	\N	\N	0	0	0	f	2026-06-14 19:21:54.457322	2026-06-14 19:54:05.273746
135862	change over Switch	NA	\N	4 Pole Changeover Switch	11369	12484	20008	HPL	1	0	1	1	\N	\N	\N	\N	\N	\N	\N	0	0	0	f	2026-06-14 20:09:29.761288	2026-06-14 20:37:31.070117
136560	NRV	NA	\N	insatlled as overflow line connected to outlet line	11370	12374	19778	KBL	1	0	1	1	\N	\N	\N	\N	\N	\N	\N	0	0	0	f	2026-06-14 19:20:33.677007	2026-06-15 10:59:39.742401
136562	Light Distribution BOX	NA	\N	Interior and Outdoor Plant	11369	12485	19774	NA	1	0	1	1	\N	\N	\N	\N	\N	\N	\N	0	0	0	f	2026-06-14 15:41:49.185853	2026-06-14 20:03:19.244748
260008	SUCTION SLUICE VALVE-1	NA	\N	SIZE:300 MM SUCTION VALVE	11370	19722	31425	UPADHAYA	1	0	1	1	\N	\N	\N	\N	\N	\N	\N	0	0	0	f	2026-06-14 19:23:22.349537	2026-06-14 19:51:53.107869
258871	ELECTROMAGNETIC FLOW METER -05	NA	\N	EMF OUTLET LINE NDMC	17163	19764	19774	NA	1	0	2	1	\N	\N	\N	\N	\N	\N	\N	0	0	0	f	2026-06-14 19:24:32.928222	2026-06-14 19:51:55.762677
156267	LRRS	NA	\N	125HP	11369	12484	20009	Advance Engineering Works Pvt Ltd	1	0	1	1	\N	\N	\N	\N	\N	\N	\N	0	0	0	f	2026-06-14 19:20:35.864428	2026-06-14 20:03:25.887216
135755	Main MCCB	DU 250	\N	Main MCCB	11369	12485	19784	L&T	1	0	1	1	\N	\N	\N	\N	\N	\N	\N	0	0	0	f	2026-06-14 19:27:37.346778	2026-06-14 19:56:30.972077
258742	INLET SLUICE VALVE-1	NA	\N	UGR INLET SUCTION SLUICE VALVE DN:63MM SV-1	11370	19722	19773	Kirloskar	1	0	1	1	\N	\N	\N	\N	\N	\N	\N	0	0	0	f	2026-06-14 17:41:13.949324	2026-06-14 20:54:11.649019
258958	STAR DELTA STARTER-1	NA	\N	RATING: 125 AMP STAR DELTA STRTER	11369	12378	19784	L&T	1	0	1	1	\N	\N	\N	\N	\N	\N	\N	0	0	0	f	2026-06-14 20:14:21.338829	2026-06-15 08:02:39.663566
135794	Booster Pump	UP 100/38	\N	Booster Pump to Feed Consumer. Specification: Rpm 1400, Head 42 mtr , Flow 198 m3/hr	11369	12485	20006	Kirloskar Brother Ltd	1	0	1	1	\N	\N	\N	\N	\N	\N	\N	0	0	0	f	2026-06-14 19:30:34.397653	2026-06-15 10:33:49.78352
135778	Main Fuse	NA	\N	Main Fuse	11369	12484	19774	NA	1	0	1	1	\N	\N	\N	\N	\N	\N	\N	0	0	0	f	2026-06-14 17:41:28.778993	2026-06-15 09:05:57.444662
258692	SUCTION SLUICE VALVE-01	NA	\N	SIZE:150 MM	11370	19722	19773	Kirloskar	1	0	1	1	\N	\N	\N	\N	\N	\N	\N	0	0	0	f	2026-06-14 17:38:20.985066	2026-06-15 10:22:52.042429
135718	Main MCCB	SEZ400	\N	Main MCCB	11369	12485	19782	GE	1	0	1	1	\N	\N	\N	\N	\N	\N	\N	0	0	0	f	2026-06-14 19:30:23.523706	2026-06-14 19:59:57.570279
135788	Vaccum Release Pump	NA	\N	Vaccum Release Pump	11369	12485	20006	Kirloskar Brother Ltd	1	0	1	1	\N	\N	\N	\N	\N	\N	\N	0	0	0	f	2026-06-14 17:41:33.650498	2026-06-15 06:48:59.602787
135804	Level Sensor	NA	\N	\N	11371	12486	\N	\N	\N	0	1	1	\N	\N	\N	\N	\N	\N	\N	0	0	0	f	2026-06-14 19:30:25.667965	2026-06-14 19:59:59.457451
135817	HT Panel	NA	\N	11KV/800 Amp.	11369	12483	19773	Kirloskar	1	0	1	1	\N	\N	\N	\N	\N	\N	\N	0	0	0	f	2026-06-14 19:30:21.347756	2026-06-14 21:16:26.994067
135802	change over Switch	CO3 315A	\N	4 Pole Changeover Switch	11369	12484	19784	L&T	1	0	1	1	\N	\N	\N	\N	\N	\N	\N	0	0	0	f	2026-06-14 20:01:09.209865	2026-06-14 20:01:09.209865
135789	Main MCCB	DN2 400D	\N	Main MCCB	11369	12484	19774	NA	1	0	1	1	\N	\N	\N	\N	\N	\N	\N	0	0	0	f	2026-06-14 20:03:30.718748	2026-06-14 20:10:32.293065
135787	Booster Pump	UP 80/38	\N	Booster Pump, Motor Frame:KI 180L	11369	12485	20006	Kirloskar Brother Ltd	1	0	1	1	\N	\N	\N	\N	\N	\N	\N	0	0	0	f	2026-06-14 20:07:20.274102	2026-06-14 20:23:01.119079
181472	Electrical Document	NA	\N	Electrical Document	11369	\N	\N	\N	\N	0	1	1	\N	\N	\N	\N	\N	\N	\N	0	0	0	f	2026-06-14 20:01:17.262111	2026-06-14 20:10:16.188566
157237	Booster Pump	NA	\N	Booster Pump	11369	12484	20006	Kirloskar Brother Ltd	1	0	1	1	\N	\N	\N	\N	\N	\N	\N	0	0	0	f	2026-06-14 20:02:23.902377	2026-06-14 20:10:23.390166
135801	Main MCCB	NA	\N	Main MCCB	11369	12484	19774	NA	1	0	1	1	\N	\N	\N	\N	\N	\N	\N	0	0	0	f	2026-06-14 20:06:15.510995	2026-06-15 09:00:12.379394
259891	TRANSFORMER-1	NA	\N	\N	11369	12378	19774	NA	1	0	1	1	\N	\N	\N	\N	\N	\N	\N	0	0	0	f	2026-06-14 19:24:41.635369	2026-06-15 07:33:01.164889
135857	HT Panel	NA	\N	HT Panel	11369	12483	20005	Mysore Electricals	1	0	1	1	\N	\N	\N	\N	\N	\N	\N	0	0	0	f	2026-06-14 20:06:20.25154	2026-06-14 20:15:27.132311
258709	ELECTROMAGNETIC FLOW METER-01	NA	\N	NA	11371	19747	19774	NA	1	0	2	1	\N	\N	\N	\N	\N	\N	\N	0	0	0	f	2026-06-14 19:21:57.792952	2026-06-15 07:39:01.116266
260319	STAR DELTA OIL STARTER-5	NA	\N	CAPACITY: 40 HP	11369	12378	20008	HPL	1	0	1	1	\N	\N	\N	\N	\N	\N	\N	0	0	0	f	2026-06-14 20:13:21.072449	2026-06-14 20:27:53.0526
260110	ACTUATOR-2	NA	\N	\N	11369	12378	31432	AUMA	1	0	1	1	\N	\N	\N	\N	\N	\N	\N	0	0	0	f	2026-06-14 20:13:18.834505	2026-06-14 20:27:53.178816
260293	PRESSURE GAUGE-2	NA	\N	OUTLET	17163	19728	19774	NA	1	0	2	1	\N	\N	\N	\N	\N	\N	\N	0	0	0	f	2026-06-14 17:41:23.663861	2026-06-15 10:54:44.209431
260349	SOFT STARTER	NA	\N	\N	11369	12378	31438	SUB TECH ELECTRONIC	1	0	1	1	\N	\N	\N	\N	\N	\N	\N	0	0	0	f	2026-06-14 20:13:30.935988	2026-06-14 20:27:57.816107
259880	ELECTROMAGNETIC FLOWMETER-01	NA	\N	\N	17163	19780	19774	NA	1	0	2	1	\N	\N	\N	\N	\N	\N	\N	0	0	0	f	2026-06-14 20:14:16.059238	2026-06-14 20:32:40.588476
258914	CHARGING PUMP - 02	NA	\N	CAPACITY: 5 HP	11370	19721	19773	Kirloskar	1	0	1	1	\N	\N	\N	\N	\N	\N	\N	0	0	0	f	2026-06-14 20:14:18.544374	2026-06-14 20:32:41.814153
157231	Sluice Gate	NA	\N	Compartment-1 & 2 Partition Sluice Gate 1500* 1500 MM	11370	\N	22320	JASH	1	0	1	1	\N	\N	\N	\N	\N	\N	\N	0	0	0	f	2026-06-14 19:26:18.755828	2026-06-15 08:34:11.152192
135705	Cooling Fan	NA	\N	Wall Mounted Fan	11369	12485	19773	Kirloskar	1	0	1	1	\N	\N	\N	\N	\N	\N	\N	0	0	0	f	2026-06-14 19:20:38.077375	2026-06-15 10:23:59.444351
258832	BOOSTER PUMP-03	NA	\N	CAPACITY: 75 HP,45 MTR^3/h	11370	19721	19773	Kirloskar	1	0	1	1	\N	\N	\N	\N	\N	\N	\N	0	0	0	f	2026-06-14 17:38:27.96988	2026-06-14 20:42:15.439516
135800	Kit Kat Fuse	NA	\N	Kit Kat Fuse for Motor Starters	11369	12484	19774	NA	1	0	1	1	\N	\N	\N	\N	\N	\N	\N	0	0	0	f	2026-06-14 17:42:13.454116	2026-06-15 10:59:37.490525
260286	BOOSTER PUMP-03	NA	\N	RATING: 60HP, 324m3/hr Head-33mtrs	11370	19753	19773	Kirloskar	1	0	1	1	\N	\N	\N	\N	\N	\N	\N	0	0	0	f	2026-06-14 17:38:13.655686	2026-06-15 10:46:05.129267
260228	DISCHARGE SLUICE VALVE-02	NA	\N	SIZE: 600 mm	11370	19722	19773	Kirloskar	1	0	1	1	\N	\N	\N	\N	\N	\N	\N	0	0	0	f	2026-06-14 19:24:35.136856	2026-06-15 10:48:32.528155
135776	Booster Pump	CP125 330H & 150/200 CST	\N	Booster Pump	11369	12485	20006	Kirloskar Brother Ltd	1	0	1	0	\N	\N	\N	\N	\N	\N	\N	0	0	0	f	2026-06-14 20:06:17.942636	2026-06-15 07:13:57.577494
260285	BOOSTER PUMP-02	NA	\N	RATING: 60HP, 324m3/hr Head-33mtrs	11370	19753	19773	Kirloskar	1	0	1	1	\N	\N	\N	\N	\N	\N	\N	0	0	0	f	2026-06-14 20:13:27.603338	2026-06-15 10:27:41.394067
260298	INLET SLUICE VALVE	NA	\N	SIZE: 80MM	11370	19722	19774	NA	1	0	1	1	\N	\N	\N	\N	\N	\N	\N	0	0	0	f	2026-06-14 17:38:34.91893	2026-06-15 09:51:08.948124
135757	change over Switch	NA	\N	Change Over Switch 63AMP	11369	12484	19785	Havells	1	0	1	1	\N	\N	\N	\N	\N	\N	\N	0	0	0	f	2026-06-14 17:38:18.641138	2026-06-15 10:48:29.7278
135797	HT Panel	NA	\N	HT Panel for Plant	11369	12483	19774	NA	1	0	1	1	\N	\N	\N	\N	\N	\N	\N	0	0	0	f	2026-06-14 20:20:37.262747	2026-06-14 20:20:37.262747
157236	MCB	NA	\N	MCB TP 32AMP	11369	12484	19784	L&T	1	0	1	1	\N	\N	\N	\N	\N	\N	\N	0	0	0	f	2026-06-14 20:20:41.357607	2026-06-14 20:20:41.357607
135790	APFC Panel	RM 8 PLUS	\N	Powerfactor Control	11369	12484	20040	NEPTUNE	1	0	1	0	\N	\N	\N	\N	\N	\N	\N	0	0	0	f	2026-06-14 20:21:48.426781	2026-06-14 20:21:48.426781
135847	Booster Pump	122698	\N	Pump No-2 Detail - Sr No. - 81225016/19/1 Model - 250/300 AST, Make - Jyoti Ltd, Flow -326 M3/hr, Head - 36.6 mtr	11369	12485	19794	Jyoti	1	0	1	1	\N	\N	\N	\N	\N	\N	\N	0	0	0	f	2026-06-14 20:12:33.554125	2026-06-14 20:23:05.827114
135745	Light Distribution BOX	NA	\N	Light Distribution BOX	11369	12484	19774	NA	1	0	1	1	\N	\N	\N	\N	\N	\N	\N	0	0	0	f	2026-06-14 20:20:39.222757	2026-06-15 07:43:43.791642
259794	4 POLE CHANGEOVER	NA	\N	RATING:320 AMP CHANGEOVER -01	11369	12378	31364	STANDARD	1	0	1	1	\N	\N	\N	\N	\N	\N	\N	0	0	0	f	2026-06-14 20:29:03.289912	2026-06-14 20:29:03.289912
258412	LT PANEL INCOMER_2 ACB	NA	\N	1250 Amp	11369	12378	19774	NA	1	0	1	1	\N	\N	\N	\N	\N	\N	\N	0	0	0	f	2026-06-14 20:29:04.280443	2026-06-14 20:29:04.280443
258907	STAR DELTA STARTER-4 WITH OIL	NA	\N	RATING: 7.5 HP STAR DELTA STARTER	11369	12378	31389	BENTAX	1	0	1	1	\N	\N	\N	\N	\N	\N	\N	0	0	0	f	2026-06-14 20:29:06.19452	2026-06-14 20:29:06.19452
258650	MANUAL LEVEL INDICATOR COMPARTMENT-3	NA	\N	UGR DEPTH:15 FEET	17163	19751	19774	NA	1	0	2	1	\N	\N	\N	\N	\N	\N	\N	0	0	0	f	2026-06-14 20:29:07.302866	2026-06-14 20:29:07.302866
258690	DG-01	NA	\N	NA	11369	12378	31386	DG	1	0	1	1	\N	\N	\N	\N	\N	\N	\N	0	0	0	f	2026-06-14 20:29:08.118747	2026-06-14 20:29:08.118747
258969	INLET SLUICE VALVE-1	NA	\N	SIZE: 300 MM INLET VALVE PALAM	11370	19722	28377	Kiloskar	1	0	1	1	\N	\N	\N	\N	\N	\N	\N	0	0	0	f	2026-06-14 20:30:17.749097	2026-06-14 20:30:17.749097
258846	ELECTROMAGNETIC FLOW METER	NA	\N	ELECTROMAGNETIC FLOW METER	17163	19764	19774	NA	1	0	2	1	\N	\N	\N	\N	\N	\N	\N	0	0	0	f	2026-06-14 20:32:38.733296	2026-06-14 20:32:38.733296
260292	SOFT STARTER-04	NA	\N	\N	11369	12378	19774	NA	1	0	1	1	\N	\N	\N	\N	\N	\N	\N	0	0	0	f	2026-06-14 20:32:39.804083	2026-06-14 20:32:39.804083
258601	change over Switch	NA	\N	RATING:200 AMP	11369	12378	31364	STANDARD	1	0	1	1	\N	\N	\N	\N	\N	\N	\N	0	0	0	f	2026-06-14 20:32:45.514357	2026-06-14 20:32:45.514357
259748	BOOSTER PUMP-02	NA	\N	CAPACITY: 50 HP	11370	19721	24445	ABB	1	0	1	1	\N	\N	\N	\N	\N	\N	\N	0	0	0	f	2026-06-14 20:33:50.118906	2026-06-14 20:33:50.118906
259855	EXHAUST FAN-12	NA	\N	SIZE:22 "	11369	19727	19774	NA	1	0	1	1	\N	\N	\N	\N	\N	\N	\N	0	0	0	f	2026-06-14 20:33:51.99588	2026-06-14 20:33:51.99588
260114	APFC PANEL-1	NA	\N	\N	11369	12378	19774	NA	1	0	1	1	\N	\N	\N	\N	\N	\N	\N	0	0	0	f	2026-06-14 20:33:53.851957	2026-06-14 20:33:53.851957
258807	DISCHARGE PRESSURE GAUGE-01	NA	\N	NA	11371	19748	19774	NA	1	0	2	1	\N	\N	\N	\N	\N	\N	\N	0	0	0	f	2026-06-14 20:33:55.723427	2026-06-14 20:33:55.723427
260016	PRESSURE TRANSMITTER-03	NA	\N	\N	17163	19729	31398	PROCESS	1	0	2	1	\N	\N	\N	\N	\N	\N	\N	0	0	0	f	2026-06-14 20:35:08.207797	2026-06-14 20:35:08.207797
258424	BOOSTER PUMP-03	NA	\N	62 HP, CAPACITY: 491 M3/H	11369	12378	19780	KSB	1	0	1	1	\N	\N	\N	\N	\N	\N	\N	0	0	0	f	2026-06-14 20:35:10.575391	2026-06-14 20:35:10.575391
259805	PRESSURE GAUGE-02	NA	\N	NA	17163	19728	31361	GURU	1	0	2	1	\N	\N	\N	\N	\N	\N	\N	0	0	0	f	2026-06-14 20:35:10.723926	2026-06-14 20:35:10.723926
260200	EXHAUST FAN-2	NA	\N	SIZE:22 "	11369	19727	19774	NA	1	0	1	1	\N	\N	\N	\N	\N	\N	\N	0	0	0	f	2026-06-14 20:36:15.712195	2026-06-14 20:36:15.712195
258962	DOL STARTER -2	NA	\N	RATING: 25 AMP DOL STRTER	11369	12378	19784	L&T	1	0	1	1	\N	\N	\N	\N	\N	\N	\N	0	0	0	f	2026-06-14 20:36:17.712276	2026-06-14 20:36:17.712276
260204	EXHAUST FAN-6	NA	\N	SIZE:22 "	11369	19727	19774	NA	1	0	1	1	\N	\N	\N	\N	\N	\N	\N	0	0	0	f	2026-06-14 20:37:31.919055	2026-06-14 20:37:31.919055
135809	Pump Feeder Panel	NA	\N	Star Delta Starter for Booster Pump	11369	12484	19774	NA	1	0	1	1	\N	\N	\N	\N	\N	\N	\N	0	0	0	f	2026-06-14 20:30:13.739303	2026-06-15 09:43:51.112383
259789	DISCHARGE SLUICE VALVE- 01	NA	\N	SIZE-100 MM	11370	19722	31366	SKOPE	1	0	1	1	\N	\N	\N	\N	\N	\N	\N	0	0	0	f	2026-06-14 20:41:10.39396	2026-06-15 06:45:31.542509
258534	BOOSTER PUMP-1	NA	\N	CAP: 50 HP/364 M3/HR	11370	19721	31365	JYOTIKA	1	0	1	1	\N	\N	\N	\N	\N	\N	\N	0	0	0	f	2026-06-14 20:15:23.505325	2026-06-14 20:38:44.134321
259929	NRV-02	NA	\N	SIZE: 100 MM	11370	19722	31366	SKOPE	1	0	1	1	\N	\N	\N	\N	\N	\N	\N	0	0	0	f	2026-06-14 20:15:25.641915	2026-06-14 20:38:45.548288
260308	LT Panel	NA	\N	RATING: 630 AMP LT	11369	12378	31388	AVON CONTROLS	1	0	1	1	\N	\N	\N	\N	\N	\N	\N	0	0	0	f	2026-06-14 20:15:28.041744	2026-06-14 20:38:45.923825
259917	MCCB-03	NA	\N	RATING:100 AMP	11369	12378	31364	STANDARD	1	0	1	1	\N	\N	\N	\N	\N	\N	\N	0	0	0	f	2026-06-14 20:39:51.396687	2026-06-14 20:39:51.396687
259802	BOOSTER PUMP-2	NA	\N	CAPAPCITY: 10 HP,H-33 MTR,RPM-2840	11370	19721	31362	CROMPTON	1	0	1	1	\N	\N	\N	\N	\N	\N	\N	0	0	0	f	2026-06-14 20:39:53.209838	2026-06-14 20:39:53.209838
259804	PRESSURE GAUGE-01	NA	\N	NA	17163	19728	31361	GURU	1	0	2	1	\N	\N	\N	\N	\N	\N	\N	0	0	0	f	2026-06-14 20:41:08.60564	2026-06-14 20:41:08.60564
258446	BOOSTER PUMP-04	NA	\N	150 HP, 548 M3/HR	11370	19721	19780	KSB	1	0	1	1	\N	\N	\N	\N	\N	\N	\N	0	0	0	f	2026-06-14 20:41:09.059323	2026-06-14 20:41:09.059323
260320	STAR DELTA OIL STARTER-6	NA	\N	CAPACITY: 25 HP	11369	12378	20008	HPL	1	0	1	1	\N	\N	\N	\N	\N	\N	\N	0	0	0	f	2026-06-14 20:42:20.623324	2026-06-14 20:42:20.623324
259757	UGR DISCHARGE VALVE-2	NA	\N	SIZE: 500 MM	11370	19722	19780	KSB	1	0	1	1	\N	\N	\N	\N	\N	\N	\N	0	0	0	f	2026-06-14 20:42:22.362174	2026-06-14 20:42:22.362174
259902	NRV -1	NA	\N	\N	11370	12374	19773	Kirloskar	1	0	1	1	\N	\N	\N	\N	\N	\N	\N	0	0	0	f	2026-06-14 20:43:28.90471	2026-06-14 20:43:28.90471
260311	MCCB-3	NA	\N	RATING: 125 AMP MCCB	11369	12378	20008	HPL	1	0	1	1	\N	\N	\N	\N	\N	\N	\N	0	0	0	f	2026-06-14 20:33:57.462075	2026-06-15 09:10:54.678994
259944	UGR DISCHARGE VALVE-02	NA	\N	GANGA RAM HOSPITAL 24X7	11370	19722	19773	Kirloskar	1	0	1	1	\N	\N	\N	\N	\N	\N	\N	0	0	0	f	2026-06-14 20:16:27.63859	2026-06-14 20:44:41.130436
260098	INLET SLUICE VALVE TO UGR-4	NA	\N	SIZE: 450MM	11370	19722	19773	Kirloskar	1	0	1	1	\N	\N	\N	\N	\N	\N	\N	0	0	0	f	2026-06-14 20:16:23.254163	2026-06-15 06:43:05.758238
260312	MCCB-4	NA	\N	RATING: 125 AMP MCCB	11369	12378	20008	HPL	1	0	1	1	\N	\N	\N	\N	\N	\N	\N	0	0	0	f	2026-06-14 20:32:36.804451	2026-06-14 20:45:58.07126
258605	EOT	NA	\N	CAPACITY:-1 TON	11369	12378	31380	REWA	1	0	1	1	\N	\N	\N	\N	\N	\N	\N	0	0	0	f	2026-06-14 20:17:15.817187	2026-06-14 20:49:23.540997
259776	SUCTION SLUICE VALVE-01	NA	\N	SIZE:100 MM SUCTON VALVE	11370	19722	31366	SKOPE	1	0	1	1	\N	\N	\N	\N	\N	\N	\N	0	0	0	f	2026-06-14 20:17:28.141885	2026-06-14 20:49:28.800016
258584	change over Switch	NA	\N	NA	11369	12378	19774	NA	1	0	1	1	\N	\N	\N	\N	\N	\N	\N	0	0	0	f	2026-06-14 20:42:22.670107	2026-06-14 20:50:36.629991
260219	INLET SLUICE VALVE-05	NA	\N	SIZE: 500 mm	11370	19722	19773	Kirloskar	1	0	1	1	\N	\N	\N	\N	\N	\N	\N	0	0	0	f	2026-06-14 20:18:18.124638	2026-06-14 20:54:11.428895
258452	NRV	NA	\N	125 MM	11370	12374	19780	KSB	1	0	1	1	\N	\N	\N	\N	\N	\N	\N	0	0	0	f	2026-06-14 20:33:51.211662	2026-06-15 09:28:52.9205
260011	DISCHARGE SLUICE VALVE-2	NA	\N	SIZE:250 MM DISCHARGE VALVE	11370	19722	31425	UPADHAYA	1	0	1	1	\N	\N	\N	\N	\N	\N	\N	0	0	0	f	2026-06-14 20:15:21.341106	2026-06-14 21:10:38.952926
136556	Capacitor Panel	NA	\N	Powerfactor Control	11369	12484	19775	DOMAIN	1	0	1	1	\N	\N	\N	\N	\N	\N	\N	0	0	0	f	2026-06-14 20:31:27.841967	2026-06-15 10:13:06.693113
135851	LT Panel	Type A2	\N	Manually Operated Oil Immersed Slip Ring Motor Starter	11369	12484	19774	NA	1	0	1	1	\N	\N	\N	\N	\N	\N	\N	0	0	0	f	2026-06-14 20:32:44.621437	2026-06-15 08:55:24.009197
258986	APFC Panel	NA	\N	NA	11369	12378	19774	NA	1	0	1	1	\N	\N	\N	\N	\N	\N	\N	0	0	0	f	2026-06-14 20:16:29.862997	2026-06-15 07:07:56.690895
214480	LT Panel	N/A	\N	LT Panel	11369	12484	28377	Kiloskar	1	0	1	1	\N	\N	\N	\N	\N	\N	\N	0	0	0	f	2026-06-14 20:21:52.231077	2026-06-15 07:44:53.509437
258509	OIL STARTER (DOL)	NA	\N	RATING: 10 HP	11369	12378	31369	KAPIL	1	0	1	1	\N	\N	\N	\N	\N	\N	\N	0	0	0	f	2026-06-14 20:15:16.8084	2026-06-15 08:13:25.366383
183038	Valve	NA	\N	Discharge-Valve	11370	12373	25079	IBC	1	0	1	1	\N	\N	\N	\N	\N	\N	\N	0	0	0	f	2026-06-14 20:41:06.766284	2026-06-15 09:15:36.205637
258553	BP-03 NRV-03	NA	\N	SIZE: 200 MM	11370	12374	19773	Kirloskar	1	0	1	1	\N	\N	\N	\N	\N	\N	\N	0	0	0	f	2026-06-14 20:42:20.94655	2026-06-15 09:22:51.224191
260283	CHANGE OVER	NA	\N	RATING: 100AMP	11369	12378	19774	NA	1	0	1	1	\N	\N	\N	\N	\N	\N	\N	0	0	0	f	2026-06-14 20:39:57.21631	2026-06-15 09:26:27.263052
135819	Oil Circuit Breaker	NA	\N	Oil Circuit Breake	11369	12484	19774	NA	1	0	1	1	\N	\N	\N	\N	\N	\N	\N	0	0	0	f	2026-06-14 20:20:35.13548	2026-06-15 10:09:33.758263
260224	NRV-04	NA	\N	SIZE: 600 mm	11370	12374	19773	Kirloskar	1	0	1	1	\N	\N	\N	\N	\N	\N	\N	0	0	0	f	2026-06-14 20:31:28.421004	2026-06-15 10:53:30.489457
135839	Vaccum Release Pump	NA	\N	Vaccum Release Pump	11369	12484	19773	Kirloskar	1	0	1	1	\N	\N	\N	\N	\N	\N	\N	0	0	0	f	2026-06-14 20:43:31.156898	2026-06-14 20:43:31.156898
260211	BOOSTER PUMP-4	NA	\N	CAP: 2835 m3/hr	11370	19721	31428	FLOW MORE KIRLOSKAR ELECTRIC	1	0	1	1	\N	\N	\N	\N	\N	\N	\N	0	0	0	f	2026-06-14 20:16:21.031203	2026-06-14 20:44:39.050264
260270	EOT-1	NA	\N	CAP: 5 TONS	11369	19731	31431	MORIS ROPE MASTER	1	0	1	1	\N	\N	\N	\N	\N	\N	\N	0	0	0	f	2026-06-14 20:44:46.474383	2026-06-14 20:44:46.474383
259013	BOOSTER PUMP-01	NA	\N	RATING: 25 HP	11370	19721	31401	PNIG	1	0	1	1	\N	\N	\N	\N	\N	\N	\N	0	0	0	f	2026-06-14 20:44:46.517482	2026-06-14 20:44:46.517482
258465	UGR-02	UGR-02	\N	BY GRAVITY SUPPLY	17164	\N	\N	\N	\N	0	3	1	\N	\N	\N	\N	\N	\N	\N	0	0	0	f	2026-06-14 20:45:57.15988	2026-06-14 20:45:57.15988
259979	APFC Panel	NA	\N	NA	11369	12378	19788	Sigma	1	0	1	1	\N	\N	\N	\N	\N	\N	\N	0	0	0	f	2026-06-14 20:47:05.27915	2026-06-14 20:47:05.27915
258809	BP-01 OIL IMMERSED STAR DELTA STARTER_1	NA	\N	RATING:50 HP	11369	19761	25076	Advance	1	0	1	1	\N	\N	\N	\N	\N	\N	\N	0	0	0	f	2026-06-14 20:47:07.389205	2026-06-14 20:47:07.389205
258429	BOOSTER PUMP-08	NA	\N	280 HP, CAPACITY: 1473 M3	11369	12378	24452	Siemens	1	0	1	1	\N	\N	\N	\N	\N	\N	\N	0	0	0	f	2026-06-14 20:48:16.001369	2026-06-14 20:48:16.001369
259810	STAR DELTA STARTER WITH OIL-01	NA	\N	CAPACITY:25 HP SDS	11369	12378	31411	MEI	1	0	1	1	\N	\N	\N	\N	\N	\N	\N	0	0	0	f	2026-06-14 20:17:22.504776	2026-06-14 20:49:25.859318
136558	DG Panel	NA	\N	DG Panel	11369	12497	19777	Cummins	1	0	1	1	\N	\N	\N	\N	\N	\N	\N	0	0	0	f	2026-06-14 20:50:39.210907	2026-06-14 20:50:39.210907
258850	MCCB-03	NA	\N	RATING: 100 AMP MCCB	11369	12378	19784	L&T	1	0	1	1	\N	\N	\N	\N	\N	\N	\N	0	0	0	f	2026-06-14 20:51:45.387899	2026-06-14 20:51:45.387899
259835	STAR DELTA OIL STARTER-01	NA	\N	CAPACITY:60 HP SDS	11369	12378	25076	Advance	1	0	1	1	\N	\N	\N	\N	\N	\N	\N	0	0	0	f	2026-06-14 20:51:45.627467	2026-06-14 20:51:45.627467
258677	BOOSTER PUMP-1	NA	\N	CAPACITY: 50HP/250 M3/HR	11370	19721	31385	BHARAT BIJEE/KIRLOSKAR	1	0	1	1	\N	\N	\N	\N	\N	\N	\N	0	0	0	f	2026-06-14 20:51:50.818	2026-06-14 20:51:50.818
260347	PRESSURE GAUGE-3	NA	\N	\N	17163	19728	19774	NA	1	0	2	1	\N	\N	\N	\N	\N	\N	\N	0	0	0	f	2026-06-14 20:54:09.08947	2026-06-14 20:54:09.08947
258987	DOL STARTER WITH OIL	NA	\N	RATING: 25 AMP DOL STRTER	11369	12378	19783	Bentex	1	0	1	1	\N	\N	\N	\N	\N	\N	\N	0	0	0	f	2026-06-14 20:55:16.184698	2026-06-14 20:55:16.184698
135738	Booster Pump	UP 125/35	\N	Booster Pump to Consumers	11369	12485	19773	Kirloskar	1	0	1	1	\N	\N	\N	\N	\N	\N	\N	0	0	0	f	2026-06-14 20:55:18.26855	2026-06-14 20:55:18.26855
135735	change over Switch	CO3	\N	Change over Switch	11369	12484	19784	L&T	1	0	1	1	\N	\N	\N	\N	\N	\N	\N	0	0	0	f	2026-06-14 20:55:20.06383	2026-06-14 20:55:20.06383
260252	MOTORISED LIQUID ROTOR STARTER -4	NA	\N	\N	11369	12378	19774	NA	1	0	1	1	\N	\N	\N	\N	\N	\N	\N	0	0	0	f	2026-06-14 20:56:26.554635	2026-06-14 20:56:26.554635
258604	BPS STAR DELTA STARTER_3	NA	\N	NA	11369	12378	19784	L&T	1	0	1	1	\N	\N	\N	\N	\N	\N	\N	0	0	0	f	2026-06-14 20:56:26.990883	2026-06-14 20:56:26.990883
135820	Auto Transformer Starter	NA	\N	Auto Transformer Starter	11369	12484	19774	NA	1	0	1	1	\N	\N	\N	\N	\N	\N	\N	0	0	0	f	2026-06-14 20:56:28.778148	2026-06-14 20:56:28.778148
258998	ELECTROMAGENTIC FLOW METER-03	NA	\N	EMF INLET LINE DEER PARK	17177	19769	19774	NA	1	0	2	1	\N	\N	\N	\N	\N	\N	\N	0	0	0	f	2026-06-14 20:57:38.009014	2026-06-14 20:57:38.009014
258421	BOOSTER PUMP-08 OCB	NA	\N	JHANDEWALAN_OIL IMMERSED MANUALLY STAR DELTA STARTER	11369	12378	25076	Advance	1	0	1	1	\N	\N	\N	\N	\N	\N	\N	0	0	0	f	2026-06-14 20:59:59.309541	2026-06-14 20:59:59.309541
258471	STORE ROOM-01	STORE ROOM-01	\N	2 ROOMS FOR STORE	17164	\N	\N	\N	\N	0	3	1	\N	\N	\N	\N	\N	\N	\N	0	0	0	f	2026-06-14 21:00:01.193577	2026-06-14 21:00:01.193577
259073	UGR DISCHARGE VALVE-09	NA	\N	SIZE: 300 MM,LODHI ROAD	11370	19722	19773	Kirloskar	1	0	1	1	\N	\N	\N	\N	\N	\N	\N	0	0	0	f	2026-06-14 21:01:10.58436	2026-06-14 21:01:10.58436
135739	Vaccum Release Pump	RC112M	\N	Vaccum Release Pump	11369	12485	19773	Kirloskar	1	0	1	1	\N	\N	\N	\N	\N	\N	\N	0	0	0	f	2026-06-14 21:01:10.604965	2026-06-14 21:01:10.604965
260261	BOOSTER PUMP-2	NA	\N	\N	11370	19721	31416	KIRLOSKAR, BHARAT BIJLEE	1	0	1	1	\N	\N	\N	\N	\N	\N	\N	0	0	0	f	2026-06-14 21:01:12.44539	2026-06-14 21:01:12.44539
259967	ACB PANEL-5	NA	\N	RATING:400 AMP ACB	11369	12378	19784	L&T	1	0	1	1	\N	\N	\N	\N	\N	\N	\N	0	0	0	f	2026-06-14 21:01:16.937024	2026-06-14 21:01:16.937024
258543	BOOSTER PUMP-2	NA	\N	CAP: 50 HP/364 M3/HR	11370	19721	31373	ABB/KIRLOSKAR	1	0	1	1	\N	\N	\N	\N	\N	\N	\N	0	0	0	f	2026-06-14 21:03:36.63677	2026-06-14 21:03:36.63677
258903	PRESSURE GAUGE-05	NA	\N	NA	11371	19748	19774	NA	1	0	2	1	\N	\N	\N	\N	\N	\N	\N	0	0	0	f	2026-06-14 21:05:54.386784	2026-06-14 21:05:54.386784
258478	4-POLE CHANGEOVER	NA	\N	63 AMP	11369	12378	31364	STANDARD	1	0	1	1	\N	\N	\N	\N	\N	\N	\N	0	0	0	f	2026-06-14 20:58:51.20951	2026-06-15 06:58:31.42904
259006	CHANGEOVER-01	NA	\N	RATING : 200 AMP	11369	12378	19784	L&T	1	0	1	1	\N	\N	\N	\N	\N	\N	\N	0	0	0	f	2026-06-14 21:07:05.499532	2026-06-14 21:07:05.499532
258992	SUCTION SLUICE VALVE-02	NA	\N	SIZE: 150 MM SUCTION VALVE	11370	19722	28377	Kiloskar	1	0	1	1	\N	\N	\N	\N	\N	\N	\N	0	0	0	f	2026-06-14 21:07:07.361898	2026-06-14 21:07:07.361898
258523	BP-1 DISCHARGE SLUICE VALVE-1	NA	\N	SIZE: 50 MM	11370	19722	19774	NA	1	0	1	1	\N	\N	\N	\N	\N	\N	\N	0	0	0	f	2026-06-14 21:07:09.210527	2026-06-14 21:07:09.210527
259744	MCCB	NA	\N	RATING: 400 KVA	11369	12378	19780	KSB	1	0	1	1	\N	\N	\N	\N	\N	\N	\N	0	0	0	f	2026-06-14 21:07:09.726434	2026-06-14 21:07:09.726434
260306	STAR DELTA STARTER-05	NA	\N	\N	11369	12378	19774	NA	1	0	1	1	\N	\N	\N	\N	\N	\N	\N	0	0	0	f	2026-06-14 21:08:14.541112	2026-06-14 21:08:14.541112
259869	STAR DELTA STARTER-02	NA	\N	\N	11369	12378	31411	MEI	1	0	1	1	\N	\N	\N	\N	\N	\N	\N	0	0	0	f	2026-06-14 20:50:34.099832	2026-06-15 09:43:51.419497
258973	SUCTION SLUICE VALVE-2	NA	\N	SIZE: 200 MM SUCTION VALVE	11370	19722	28377	Kiloskar	1	0	1	1	\N	\N	\N	\N	\N	\N	\N	0	0	0	f	2026-06-14 21:09:25.178919	2026-06-14 21:09:25.178919
259785	BOOSTER PUMP- 01	NA	\N	10 HP,H-37 MTR,RPM-2880	11370	19721	31362	CROMPTON	1	0	1	1	\N	\N	\N	\N	\N	\N	\N	0	0	0	f	2026-06-14 21:10:37.26756	2026-06-14 21:10:37.26756
259822	STAR DELTA OIL STARTER-2	NA	\N	CAPACITY:60 HP SDS	11369	12378	25076	Advance	1	0	1	1	\N	\N	\N	\N	\N	\N	\N	0	0	0	f	2026-06-14 21:10:37.877021	2026-06-14 21:10:37.877021
258714	MCB-01	NA	\N	RATING:20 AMP	11369	12378	24445	ABB	1	0	1	1	\N	\N	\N	\N	\N	\N	\N	0	0	0	f	2026-06-14 21:10:40.705412	2026-06-14 21:10:40.705412
260205	EXHAUST FAN-7	NA	\N	SIZE:22 "	11369	19727	19774	NA	1	0	1	1	\N	\N	\N	\N	\N	\N	\N	0	0	0	f	2026-06-14 21:11:46.149561	2026-06-14 21:11:46.149561
258565	BP-2 DISCHARGE SV-2	NA	\N	SIZE: 80 MM	11370	19722	19773	Kirloskar	1	0	1	1	\N	\N	\N	\N	\N	\N	\N	0	0	0	f	2026-06-14 21:11:49.434854	2026-06-14 21:11:49.434854
259868	STAR DELTA STARTER-01	NA	\N	\N	11369	12378	31411	MEI	1	0	1	1	\N	\N	\N	\N	\N	\N	\N	0	0	0	f	2026-06-14 21:00:05.81444	2026-06-14 21:17:39.410325
135803	Flow Meter	NA	\N	Flow Meter	11371	12487	19780	KSB	1	0	1	1	\N	\N	\N	\N	\N	\N	\N	0	0	0	f	2026-06-14 20:47:03.634096	2026-06-15 11:00:46.873578
260342	DOL STARTER-2	NA	\N	CAPACITY: 5 HP	11369	12378	19774	NA	1	0	1	1	\N	\N	\N	\N	\N	\N	\N	0	0	0	f	2026-06-15 07:33:02.97807	2026-06-15 07:33:02.97807
259009	STAR DELTA STARTER-01	NA	\N	RATING: 25 HP	11369	12378	19774	NA	1	0	1	1	\N	\N	\N	\N	\N	\N	\N	0	0	0	f	2026-06-14 20:43:32.905063	2026-06-15 07:34:18.331038
260309	MCCB-1	NA	\N	RATING: 200 AMP MCCB	11369	12378	20008	HPL	1	0	1	1	\N	\N	\N	\N	\N	\N	\N	0	0	0	f	2026-06-14 20:44:44.695369	2026-06-15 07:43:47.122964
258536	BP-1 DISCHARGE DV-1	NA	\N	SIZE: 200 MM	11370	19722	19773	Kirloskar	1	0	1	1	\N	\N	\N	\N	\N	\N	\N	0	0	0	f	2026-06-14 21:09:30.177375	2026-06-15 08:13:27.515494
135838	Dewatering Pump	NA	\N	dewatering Pump	11369	12484	19773	Kirloskar	1	0	1	1	\N	\N	\N	\N	\N	\N	\N	0	0	0	f	2026-06-14 20:52:56.477021	2026-06-15 09:08:27.761145
259863	MAIN HEADER	NA	\N	SIZE:600MM	11370	19779	19774	NA	1	0	1	1	\N	\N	\N	\N	\N	\N	\N	0	0	0	f	2026-06-14 21:03:39.161013	2026-06-15 10:23:56.959147
259992	INLET SLUICE VALVE-1	NA	\N	SIZE: 600 MM	11370	19722	31382	IVC	1	0	1	1	\N	\N	\N	\N	\N	\N	\N	0	0	0	f	2026-06-14 20:52:58.366631	2026-06-15 09:43:53.633594
258725	UGR FLUSHING VALVE-02	NA	\N	SIZE:300 MM	11370	19722	19773	Kirloskar	1	0	1	1	\N	\N	\N	\N	\N	\N	\N	0	0	0	f	2026-06-14 20:55:20.682998	2026-06-15 09:50:03.775229
258699	MCB-1	NA	\N	RATING:32 AMP	11369	12378	19785	Havells	1	0	1	1	\N	\N	\N	\N	\N	\N	\N	0	0	0	f	2026-06-14 20:45:59.029087	2026-06-15 09:53:36.287607
135772	Dewatering Pump	NA	\N	dewatering Pump	11369	12485	19780	KSB	1	0	1	1	\N	\N	\N	\N	\N	\N	\N	0	0	0	f	2026-06-14 20:57:41.951336	2026-06-15 09:59:40.045083
259889	INLET SLUICE VALVE TO UGR 1	NA	\N	SIZE: 250MM	11370	19722	19773	Kirloskar	1	0	1	1	\N	\N	\N	\N	\N	\N	\N	0	0	0	f	2026-06-14 16:59:17.291658	2026-06-15 10:53:30.425585
258463	PRESSURE TRANSMITTER	NA	\N	NA	17163	19729	19774	NA	1	0	2	1	\N	\N	\N	\N	\N	\N	\N	0	0	0	f	2026-06-14 20:43:30.768244	2026-06-15 10:32:41.896925
135775	change over Switch	CO3 315	\N	Change over Switch	11369	12484	19774	NA	1	0	1	1	\N	\N	\N	\N	\N	\N	\N	0	0	0	f	2026-06-14 21:14:03.724556	2026-06-14 21:14:03.724556
135774	Main MCCB	DN3 630D	\N	Main MCCB	11369	12484	19774	NA	1	0	1	1	\N	\N	\N	\N	\N	\N	\N	0	0	0	f	2026-06-14 21:15:12.716694	2026-06-14 21:15:12.716694
258488	ELECTROMEGNATIC FLOW METER-1	NA	\N	\N	17163	19733	19774	NA	1	0	2	1	\N	\N	\N	\N	\N	\N	\N	0	0	0	f	2026-06-14 21:15:18.80448	2026-06-14 21:15:18.80448
259858	BOOSTER PUMP-02	NA	\N	\N	11370	19721	31415	KIRLOSKAR, CROMPTON GREEVES	1	0	1	1	\N	\N	\N	\N	\N	\N	\N	0	0	0	f	2026-06-14 21:15:18.896557	2026-06-14 21:15:18.896557
258971	INLET SLUICE VALVE-3	NA	\N	SIZE: 100 MM INLET VALVE DEER PARK	11370	19722	28377	Kiloskar	1	0	1	1	\N	\N	\N	\N	\N	\N	\N	0	0	0	f	2026-06-14 21:16:27.027728	2026-06-14 21:16:27.027728
135793	APFC Panel	APFC Type 1143	\N	Powerfactor Control	11369	12484	19791	Syntron	1	0	1	0	\N	\N	\N	\N	\N	\N	\N	0	0	0	f	2026-06-14 21:16:30.728358	2026-06-14 21:16:30.728358
259949	ELECTROMAGNETIC FLOW METER-3	NA	\N	SIZE: 100 MM	17163	19764	19774	NA	1	0	2	1	\N	\N	\N	\N	\N	\N	\N	0	0	0	f	2026-06-14 21:17:37.592227	2026-06-14 21:17:37.592227
258453	VACUUM PUMP	NA	\N	5 HP	11370	19723	19780	KSB	1	0	1	1	\N	\N	\N	\N	\N	\N	\N	0	0	0	f	2026-06-14 21:17:42.294607	2026-06-14 21:17:42.294607
258653	OUTLET ELECTROMAGNETIC FLOWMETER -2	NA	\N	OUTLET ELECTROMAGNETIC FLOWMETER -2	17163	19752	19774	NA	1	0	2	1	\N	\N	\N	\N	\N	\N	\N	0	0	0	f	2026-06-14 21:18:46.377045	2026-06-14 21:18:46.377045
258793	BP- 01 STAR DELTA STARTER_1	NA	\N	RATING:75HP	11369	12378	19784	L&T	1	0	1	1	\N	\N	\N	\N	\N	\N	\N	0	0	0	f	2026-06-14 21:18:49.838735	2026-06-14 21:18:49.838735
135853	HOT	NA	\N	HOT	11370	12381	20043	HOT	1	0	1	1	\N	\N	\N	\N	\N	\N	\N	0	0	0	f	2026-06-14 21:18:50.068318	2026-06-14 21:18:50.068318
259870	STAR DELTA STARTER-03	NA	\N	\N	11369	12378	31411	MEI	1	0	1	1	\N	\N	\N	\N	\N	\N	\N	0	0	0	f	2026-06-14 21:18:51.633247	2026-06-14 21:18:51.633247
135815	Booster Pump	RD280M	\N	Booster Pump to Consumer, 1470RPM	11369	12485	20006	Kirloskar Brother Ltd	1	0	1	1	\N	\N	\N	\N	\N	\N	\N	0	0	0	f	2026-06-14 21:19:58.206895	2026-06-14 21:19:58.206895
260019	CCTV CAMERA -03	NA	\N	\N	17163	19785	31426	CP PLUS	1	0	2	1	\N	\N	\N	\N	\N	\N	\N	0	0	0	f	2026-06-14 21:19:58.284321	2026-06-14 21:19:58.284321
135714	Main MCCB	250Amp	\N	Main MCCB	11369	12485	19781	C&S	1	0	1	1	\N	\N	\N	\N	\N	\N	\N	0	0	0	f	2026-06-14 21:20:02.648532	2026-06-14 21:20:02.648532
258443	BOOSTER PUMP-01	NA	\N	40 HP, 189 M3/HR	11370	19721	31358	COROMPTION /KSB	1	0	1	1	\N	\N	\N	\N	\N	\N	\N	0	0	0	f	2026-06-14 21:21:06.294687	2026-06-14 21:21:06.294687
135748	LT Panel	NA	\N	LT Panel to operate Pump	11369	12485	19774	NA	1	0	1	1	\N	\N	\N	\N	\N	\N	\N	0	0	0	f	2026-06-14 21:22:18.945469	2026-06-14 21:22:18.945469
135737	Booster Pump	UP 100/38	\N	Booster Pump to Consumers	11369	12485	19773	Kirloskar	1	0	1	1	\N	\N	\N	\N	\N	\N	\N	0	0	0	f	2026-06-14 21:23:33.903232	2026-06-14 21:23:33.903232
260315	STAR DELTA STARTER-1	NA	\N	CAPACITY: 60 HP	11369	12378	20008	HPL	1	0	1	1	\N	\N	\N	\N	\N	\N	\N	0	0	0	f	2026-06-14 21:23:34.31868	2026-06-14 21:23:34.31868
258837	BP_03_ SUCTION SLUICE VALVE-01	NA	\N	BOOSTER PUMP-03 SV-01 SIZE: 200 MM	11370	19722	19773	Kirloskar	1	0	1	1	\N	\N	\N	\N	\N	\N	\N	0	0	0	f	2026-06-14 21:24:42.203206	2026-06-14 21:24:42.203206
258857	INLET SLUICE VALVE-07	NA	\N	CAPACITY: 450 MM INLET SLUICE VALVE- 07	11370	19722	19773	Kirloskar	1	0	1	1	\N	\N	\N	\N	\N	\N	\N	0	0	0	f	2026-06-14 21:24:42.407281	2026-06-14 21:24:42.407281
258884	COMMON HEADER SLUICE VALVE-01	NA	\N	SIZE: 150 MM	11370	19722	19773	Kirloskar	1	0	1	1	\N	\N	\N	\N	\N	\N	\N	0	0	0	f	2026-06-14 21:24:44.162985	2026-06-14 21:24:44.162985
260202	EXHAUST FAN-4	NA	\N	SIZE:22 "	11369	19727	19774	NA	1	0	1	1	\N	\N	\N	\N	\N	\N	\N	0	0	0	f	2026-06-14 21:24:45.991504	2026-06-14 21:24:45.991504
258812	SUCTION VALVE_02	NA	\N	SIZE: 200 MM	11370	19722	19773	Kirloskar	1	0	1	1	\N	\N	\N	\N	\N	\N	\N	0	0	0	f	2026-06-14 21:24:46.028956	2026-06-14 21:24:46.028956
135722	Main MCCB	NA	\N	Main MCCB	11369	12485	19781	C&S	1	0	1	1	\N	\N	\N	\N	\N	\N	\N	0	0	0	f	2026-06-14 21:24:47.991857	2026-06-14 21:24:47.991857
259883	PRESSURE GAUGE-08	NA	\N	\N	17163	19728	19774	NA	1	0	2	1	\N	\N	\N	\N	\N	\N	\N	0	0	0	f	2026-06-14 21:24:49.883926	2026-06-14 21:24:49.883926
259932	NRV-03	NA	\N	SIZE: 100 MM	11370	19722	31366	SKOPE	1	0	1	1	\N	\N	\N	\N	\N	\N	\N	0	0	0	f	2026-06-14 21:24:49.884055	2026-06-14 21:24:49.884055
260003	MCCB	NA	\N	RATING:400 AMP	11369	12378	31388	AVON CONTROLS	1	0	1	1	\N	\N	\N	\N	\N	\N	\N	0	0	0	f	2026-06-14 21:25:59.72022	2026-06-14 21:25:59.72022
258970	INLET SLUICE VALVE-2	NA	\N	SIZE: 200 MM INLET VALVE PALAM	11370	19722	28377	Kiloskar	1	0	1	1	\N	\N	\N	\N	\N	\N	\N	0	0	0	f	2026-06-14 21:26:00.539105	2026-06-14 21:26:00.539105
260303	PRESSURE GUAGE-02	NA	\N	\N	17163	19787	19774	NA	1	0	2	1	\N	\N	\N	\N	\N	\N	\N	0	0	0	f	2026-06-14 21:27:13.755728	2026-06-14 21:27:13.755728
259036	MCCB	NA	\N	RATING:100 AMP	11369	12378	31364	STANDARD	1	0	1	1	\N	\N	\N	\N	\N	\N	\N	0	0	0	f	2026-06-14 21:28:25.436157	2026-06-14 21:28:25.436157
259762	LEVEL GUAGE	NA	\N	CONDITION NOT OK	17163	19771	19774	NA	1	0	2	1	\N	\N	\N	\N	\N	\N	\N	0	0	0	f	2026-06-14 21:29:33.736585	2026-06-14 21:29:33.736585
258457	EXHAUST FAN	NA	\N	SIZE: 22''	11369	19726	31360	Coromption Greaves	1	0	1	1	\N	\N	\N	\N	\N	\N	\N	0	0	0	f	2026-06-14 21:30:42.038402	2026-06-14 21:30:42.038402
136561	Feed to UGR	NA	\N	Flow Meter	11371	12487	20121	Krohne Marshall	1	0	1	1	\N	\N	\N	\N	\N	\N	\N	0	0	0	f	2026-06-14 21:30:43.54051	2026-06-14 21:30:43.54051
260023	CCTV CAMERA -07	NA	\N	\N	17163	19785	31426	CP PLUS	1	0	2	1	\N	\N	\N	\N	\N	\N	\N	0	0	0	f	2026-06-14 21:32:59.869001	2026-06-14 21:32:59.869001
260000	DISCHARGE SOLENOID VALVE-3	NA	\N	SIZE:400 MM SOLENOID VALVE	11370	19722	19774	NA	1	0	1	1	\N	\N	\N	\N	\N	\N	\N	0	0	0	f	2026-06-14 21:33:00.381321	2026-06-14 21:33:00.381321
259984	WALL FAN-1	NA	\N	SIZE:600 MM	11369	19727	31396	BAJAJ	1	0	1	1	\N	\N	\N	\N	\N	\N	\N	0	0	0	f	2026-06-14 21:33:05.603138	2026-06-14 21:33:05.603138
135829	Tubewel Starter	NA	\N	Starter for Tubewell Pump	11369	12484	19774	NA	1	0	1	1	\N	\N	\N	\N	\N	\N	\N	0	0	0	f	2026-06-15 00:34:12.88418	2026-06-15 00:34:12.88418
259821	STAR DELTA OIL STARTER-1	NA	\N	CAPACITY:60 HP SDS	11369	12378	25076	Advance	1	0	1	1	\N	\N	\N	\N	\N	\N	\N	0	0	0	f	2026-06-15 06:43:03.724665	2026-06-15 06:43:03.724665
259920	WALL FAN-02	NA	\N	SIZE: 600 MM	11369	19727	19784	L&T	1	0	1	1	\N	\N	\N	\N	\N	\N	\N	0	0	0	f	2026-06-15 06:43:03.726331	2026-06-15 06:43:03.726331
140403	MOCB	GUD	\N	MOCB 11KV/800 Amp	11369	12483	20740	MEIL	1	0	1	1	\N	\N	\N	\N	\N	\N	\N	0	0	0	f	2026-06-14 21:29:30.562051	2026-06-15 09:57:13.240243
260127	RTU/PLC CONTROL PANEL	NA	\N	\N	11369	12378	19774	NA	1	0	1	1	\N	\N	\N	\N	\N	\N	\N	0	0	0	f	2026-06-15 06:44:17.211119	2026-06-15 06:44:17.211119
259064	UGR-2	UGR	\N	UGR	17164	\N	\N	\N	\N	0	3	1	\N	\N	\N	\N	\N	\N	\N	0	0	0	f	2026-06-15 06:44:21.420548	2026-06-15 06:44:21.420548
135826	Booster Pump	UP100/38	\N	Booster Pump to Consumer Motor Detail: Frame RC225S MK1, Head 42 mtr, Bearing(DE/NDE) 6313 C3, Speed 1470 RPM	11369	12485	20006	Kirloskar Brother Ltd	1	0	1	1	\N	\N	\N	\N	\N	\N	\N	0	0	0	f	2026-06-15 06:45:26.958066	2026-06-15 06:45:26.958066
258968	CHARGING PUMP-1	NA	\N	CAPACITY: 5HP	11370	19721	28377	Kiloskar	1	0	1	1	\N	\N	\N	\N	\N	\N	\N	0	0	0	f	2026-06-15 06:45:29.7806	2026-06-15 06:45:29.7806
135712	LT Panel	200Amp	\N	LT Panel	11369	12484	19774	NA	1	0	1	1	\N	\N	\N	\N	\N	\N	\N	0	0	0	f	2026-06-14 21:16:31.297556	2026-06-15 06:49:05.234303
258711	ELECTROMAGNETIC FLOW METER-03	NA	\N	NA	11371	19747	19774	NA	1	0	2	1	\N	\N	\N	\N	\N	\N	\N	0	0	0	f	2026-06-14 21:21:07.996033	2026-06-15 06:56:04.101069
258647	FLUSHING SLUICE VALVE	NA	\N	SIZE:250 MM	11370	19722	19773	Kirloskar	1	0	1	1	\N	\N	\N	\N	\N	\N	\N	0	0	0	f	2026-06-15 06:44:19.597038	2026-06-15 06:56:08.558886
135785	Main MCCB	DN2 250D	\N	Main MCCB	11369	12484	19784	L&T	1	0	1	1	\N	\N	\N	\N	\N	\N	\N	0	0	0	f	2026-06-14 21:17:35.874912	2026-06-15 07:07:58.378157
258817	MAIN MCCB-1	NA	\N	RATING: 400 AMP MAIN MCCB	11369	12378	19784	L&T	1	0	1	1	\N	\N	\N	\N	\N	\N	\N	0	0	0	f	2026-06-14 21:27:12.466809	2026-06-15 07:53:14.791261
258710	ELECTROMAGNETIC FLOW METER-02	NA	\N	NA	11371	19747	19774	NA	1	0	2	1	\N	\N	\N	\N	\N	\N	\N	0	0	0	f	2026-06-15 06:43:09.667714	2026-06-15 08:11:01.555457
259031	CHARGING PUMP-1	NA	\N	CAPACITY: 5 HP	11370	19721	19773	Kirloskar	1	0	1	1	\N	\N	\N	\N	\N	\N	\N	0	0	0	f	2026-06-14 21:16:28.795724	2026-06-15 08:30:41.975325
135858	Dewatering Pump	NA	\N	dewatering Pump	11369	12484	19774	NA	1	0	1	1	\N	\N	\N	\N	\N	\N	\N	0	0	0	f	2026-06-14 21:14:08.956674	2026-06-15 08:56:33.223352
259041	ELECTROMAGNETIC FLOW METER-01	NA	\N	EMF INLET LINE PALAM	17163	19764	19774	NA	1	0	2	1	\N	\N	\N	\N	\N	\N	\N	0	0	0	f	2026-06-14 21:31:51.977997	2026-06-15 09:18:01.121247
260096	INLET SLUICE VALVE TO UGR-2	NA	\N	SIZE: 450MM	11370	19722	19773	Kirloskar	1	0	1	1	\N	\N	\N	\N	\N	\N	\N	0	0	0	f	2026-06-14 21:01:17.897796	2026-06-15 09:26:27.868483
259954	BOUNDARY WALL	NA	\N	RIDGE ROAD UGR BOUNDARY	17164	\N	\N	\N	\N	0	3	1	\N	\N	\N	\N	\N	\N	\N	0	0	0	f	2026-06-15 10:07:07.335048	2026-06-15 10:07:07.335048
260109	ACTUATOR-1	NA	\N	\N	11369	12378	31432	AUMA	1	0	1	1	\N	\N	\N	\N	\N	\N	\N	0	0	0	f	2026-06-15 10:08:17.095063	2026-06-15 10:08:17.095063
258409	TRANSFORMER-3	NA	\N	400 KVA , 11 kV/415 V	11369	12378	19780	KSB	1	0	1	1	\N	\N	\N	\N	\N	\N	\N	0	0	0	f	2026-06-15 06:45:32.265176	2026-06-15 06:45:32.265176
258848	MAIN MCCB-01	NA	\N	RATING: 250 AMP MCCB	11369	12378	19784	L&T	1	0	1	1	\N	\N	\N	\N	\N	\N	\N	0	0	0	f	2026-06-15 06:45:33.229531	2026-06-15 06:45:33.229531
258659	Oil Starter	NA	\N	RATING : 12.5HP	11369	12378	19783	Bentex	1	0	1	1	\N	\N	\N	\N	\N	\N	\N	0	0	0	f	2026-06-15 06:46:36.832477	2026-06-15 06:46:36.832477
259871	STAR DELTA STARTER-04	NA	\N	\N	11369	12378	31411	MEI	1	0	1	1	\N	\N	\N	\N	\N	\N	\N	0	0	0	f	2026-06-15 06:47:54.822881	2026-06-15 06:47:54.822881
260310	MCCB-2	NA	\N	RATING: 125 AMP MCCB	11369	12378	20008	HPL	1	0	1	1	\N	\N	\N	\N	\N	\N	\N	0	0	0	f	2026-06-15 06:48:58.710687	2026-06-15 06:48:58.710687
258461	HOT	NA	\N	HOT	11370	12381	19774	NA	1	0	1	1	\N	\N	\N	\N	\N	\N	\N	0	0	0	f	2026-06-15 06:49:00.510194	2026-06-15 06:49:00.510194
258730	ULTRASONIC LEVEL TRANSMITTER	NA	\N	NA	11371	19745	31366	SKOPE	1	0	2	1	\N	\N	\N	\N	\N	\N	\N	0	0	0	f	2026-06-15 06:50:17.38204	2026-06-15 06:50:17.38204
258877	BP-1 STAR DELTA STARTER_1	NA	\N	NA	11369	12378	19784	L&T	1	0	1	1	\N	\N	\N	\N	\N	\N	\N	0	0	0	f	2026-06-15 06:50:18.971072	2026-06-15 06:50:18.971072
259890	INLET SLUICE VALVE TO UGR 2	NA	\N	SIZE: 250MM	11370	19722	19773	Kirloskar	1	0	1	1	\N	\N	\N	\N	\N	\N	\N	0	0	0	f	2026-06-15 07:10:19.056209	2026-06-15 09:21:42.159861
260281	CIVIL	DEAD PUMP HOUSE	\N	DEAD PUMP HOUSE	17180	\N	\N	\N	\N	0	3	1	\N	\N	\N	\N	\N	\N	\N	0	0	0	f	2026-06-15 06:53:42.881699	2026-06-15 06:53:42.881699
259978	ORS STARTER-1	NA	\N	CAPACITY:200 HP	11369	12378	19784	L&T	1	0	1	1	\N	\N	\N	\N	\N	\N	\N	0	0	0	f	2026-06-15 06:53:43.825562	2026-06-15 06:53:43.825562
259750	INLET SLUICE VALVE TO UGR-01	NA	\N	SIZE: 400 MM	11370	19722	19774	NA	1	0	1	1	\N	\N	\N	\N	\N	\N	\N	0	0	0	f	2026-06-15 06:53:46.177165	2026-06-15 06:53:46.177165
260331	DISCHARGE SOLENOID VALVE-4	NA	\N	SIZE: 200 MM SOLENOID VALVE	11370	19722	31382	IVC	1	0	1	1	\N	\N	\N	\N	\N	\N	\N	0	0	0	f	2026-06-15 06:53:48.693974	2026-06-15 06:53:48.693974
260218	INLET SLUICE VALVE-04	NA	\N	SIZE: 600 mm	11370	19722	19773	Kirloskar	1	0	1	1	\N	\N	\N	\N	\N	\N	\N	0	0	0	f	2026-06-15 06:54:55.811431	2026-06-15 06:54:55.811431
259872	STAR DELTA STARTER-05	NA	\N	\N	11369	12378	31411	MEI	1	0	1	1	\N	\N	\N	\N	\N	\N	\N	0	0	0	f	2026-06-15 06:54:59.610443	2026-06-15 06:54:59.610443
259927	INLET SUCTION VALVE-02	NA	\N	SIZE: 150 MM	11370	19722	31366	SKOPE	1	0	1	1	\N	\N	\N	\N	\N	\N	\N	0	0	0	f	2026-06-15 06:56:10.631842	2026-06-15 06:56:10.631842
258989	CEILING FAN	NA	\N	CAPACITY: 1200 MM	11369	19727	31362	CROMPTON	1	0	1	1	\N	\N	\N	\N	\N	\N	\N	0	0	0	f	2026-06-15 06:57:21.406761	2026-06-15 06:57:21.406761
259788	SUCTION SLUICE VALVE- 02	NA	\N	SIZE-100 MM	11370	19722	31366	SKOPE	1	0	1	1	\N	\N	\N	\N	\N	\N	\N	0	0	0	f	2026-06-15 06:58:25.881783	2026-06-15 06:58:25.881783
260318	STAR DELTA STARTER-4	NA	\N	CAPACITY: 40 HP	11369	12378	20008	HPL	1	0	1	1	\N	\N	\N	\N	\N	\N	\N	0	0	0	f	2026-06-15 06:58:33.204235	2026-06-15 06:58:33.204235
259745	LT Panel	NA	\N	RATING: 400 AMP	11369	12378	19784	L&T	1	0	1	1	\N	\N	\N	\N	\N	\N	\N	0	0	0	f	2026-06-15 06:59:39.28226	2026-06-15 06:59:39.28226
258631	OIL IMMERSED STAR DELTA STARTER_3	NA	\N	RATING:20 HP	11369	12378	19785	Havells	1	0	1	1	\N	\N	\N	\N	\N	\N	\N	0	0	0	f	2026-06-15 07:00:50.04318	2026-06-15 07:00:50.04318
258967	DEWATERING PUMP-1	NA	\N	CAPACITY: 3 HP	11370	19721	28377	Kiloskar	1	0	1	1	\N	\N	\N	\N	\N	\N	\N	0	0	0	f	2026-06-15 07:02:03.04069	2026-06-15 07:02:03.04069
135762	APFC Panel	UCX615	\N	Powerfactor Control	11369	12485	19788	Sigma	1	0	1	0	\N	\N	\N	\N	\N	\N	\N	0	0	0	f	2026-06-15 07:02:03.435977	2026-06-15 07:02:03.435977
258880	DG	NA	\N	20 KVA	11369	12378	31399	JACKSON	1	0	1	1	\N	\N	\N	\N	\N	\N	\N	0	0	0	f	2026-06-15 07:03:14.551469	2026-06-15 07:03:14.551469
258749	ELECTROMAGENTIC FLOW METER-01	NA	\N	ELECTROMAGNETIC FLOW METER	17163	19754	19774	NA	1	0	2	1	\N	\N	\N	\N	\N	\N	\N	0	0	0	f	2026-06-15 07:03:15.116397	2026-06-15 07:03:15.116397
260335	NRV- 3	NA	\N	SIZE: 150 MM NRV	11370	12374	31382	IVC	1	0	1	1	\N	\N	\N	\N	\N	\N	\N	0	0	0	f	2026-06-15 07:03:16.254247	2026-06-15 07:03:16.254247
259828	DISCHARGE SLUICE VALVE-2	NA	\N	SIZE:150 MM DISCHARGE VALVE	11370	19722	19780	KSB	1	0	1	1	\N	\N	\N	\N	\N	\N	\N	0	0	0	f	2026-06-15 07:04:23.448174	2026-06-15 07:04:23.448174
258821	BP_04_DOL STARTER-1	NA	\N	RATING: 25 AMP	11369	12378	19784	L&T	1	0	1	1	\N	\N	\N	\N	\N	\N	\N	0	0	0	f	2026-06-15 07:05:35.244136	2026-06-15 07:05:35.244136
258549	BP-1 SUCTION SV-5	NA	\N	SIZE: 250 MM	11370	19722	19773	Kirloskar	1	0	1	1	\N	\N	\N	\N	\N	\N	\N	0	0	0	f	2026-06-15 07:05:35.35471	2026-06-15 07:05:35.35471
258827	WALL FAN_02	NA	\N	CAPACITY: 600 MM	11369	19727	31396	BAJAJ	1	0	1	1	\N	\N	\N	\N	\N	\N	\N	0	0	0	f	2026-06-15 07:05:37.145966	2026-06-15 07:05:37.145966
258892	BOOSTER PUMP-04	NA	\N	CAPACITY:50 HP,H: 35 MTR,D: 260 M^3/HR	11370	19721	19773	Kirloskar	1	0	1	1	\N	\N	\N	\N	\N	\N	\N	0	0	0	f	2026-06-15 07:05:39.077412	2026-06-15 07:05:39.077412
258700	CEILING FAN_1	NA	\N	CEILING FAN	11369	19727	19774	NA	1	0	1	1	\N	\N	\N	\N	\N	\N	\N	0	0	0	f	2026-06-15 07:06:47.958706	2026-06-15 07:06:47.958706
260246	CHARGING PUMP-1	NA	\N	\N	11370	19753	19773	Kirloskar	1	0	1	1	\N	\N	\N	\N	\N	\N	\N	0	0	0	f	2026-06-15 07:06:49.764305	2026-06-15 07:06:49.764305
259859	BOOSTER PUMP-03	NA	\N	\N	11370	19721	31416	KIRLOSKAR, BHARAT BIJLEE	1	0	1	1	\N	\N	\N	\N	\N	\N	\N	0	0	0	f	2026-06-15 07:06:50.548212	2026-06-15 07:06:50.548212
258562	BP-1 DISCHARGE SV-1	NA	\N	SIZE: 80 MM	11370	19722	19773	Kirloskar	1	0	1	1	\N	\N	\N	\N	\N	\N	\N	0	0	0	f	2026-06-15 07:08:00.038518	2026-06-15 07:08:00.038518
259832	NRV-2	NA	\N	SIZE:150 MM NRV	11370	12374	19780	KSB	1	0	1	1	\N	\N	\N	\N	\N	\N	\N	0	0	0	f	2026-06-15 07:08:01.122543	2026-06-15 07:08:01.122543
258686	DEWATERING_DOL STARTER_2	NA	\N	RATING:200 AMP	11369	12378	19784	L&T	1	0	1	1	\N	\N	\N	\N	\N	\N	\N	0	0	0	f	2026-06-15 07:09:05.623741	2026-06-15 07:09:05.623741
259763	DISCHARGE PRESSURE GUAGE	NA	\N	NOT WORKING	17163	19776	31409	100 PSI	1	0	2	1	\N	\N	\N	\N	\N	\N	\N	0	0	0	f	2026-06-15 07:10:24.543509	2026-06-15 07:10:24.543509
258669	NRV-1	NA	\N	SIZE: 65 MM	11370	19722	19774	NA	1	0	1	1	\N	\N	\N	\N	\N	\N	\N	0	0	0	f	2026-06-15 07:11:29.089495	2026-06-15 07:11:29.089495
259082	MECHANICAL LEVEL GAUGE-02	NA	\N	NA	11370	19775	19774	NA	1	0	2	1	\N	\N	\N	\N	\N	\N	\N	0	0	0	f	2026-06-15 07:13:52.120013	2026-06-15 07:13:52.120013
258594	OUTLET ELECTROMAGNETIC FLOW METER-2	NA	\N	Size: 100MM	11371	19747	19774	NA	1	0	2	1	\N	\N	\N	\N	\N	\N	\N	0	0	0	f	2026-06-15 07:13:52.478725	2026-06-15 07:13:52.478725
259998	DISCHARGE SOLENOID VALVE-1	NA	\N	SIZE:400 MM SOLENOID VALVE	11370	19722	19774	NA	1	0	1	1	\N	\N	\N	\N	\N	\N	\N	0	0	0	f	2026-06-15 07:13:54.188812	2026-06-15 07:13:54.188812
258876	change over Switch	NA	\N	RATING: 63 AMP	11369	12378	22321	Capital	1	0	1	1	\N	\N	\N	\N	\N	\N	\N	0	0	0	f	2026-06-15 07:13:54.510364	2026-06-15 07:13:54.510364
135792	Booster Pump	HP 150/388	\N	Booster Pump, Motor Frame:RC225M	11369	12485	20006	Kirloskar Brother Ltd	1	0	1	1	\N	\N	\N	\N	\N	\N	\N	0	0	0	f	2026-06-15 07:11:30.980924	2026-06-15 07:51:57.120034
258618	DISCHARGE SLUICE VALVE	NA	\N	SIZE:100 MM	11370	19722	31382	IVC	1	0	1	1	\N	\N	\N	\N	\N	\N	\N	0	0	0	f	2026-06-15 07:04:24.651366	2026-06-15 08:07:31.578038
258610	PRESSURE GAUGE	NA	\N	NA	11371	19748	19774	NA	1	0	2	1	\N	\N	\N	\N	\N	\N	\N	0	0	0	f	2026-06-15 07:13:55.840574	2026-06-15 08:12:17.280441
258545	BP-1 SUCTION SV-1	NA	\N	SIZE: 300 MM	11370	19722	19773	Kirloskar	1	0	1	1	\N	\N	\N	\N	\N	\N	\N	0	0	0	f	2026-06-15 06:50:14.928801	2026-06-15 10:14:23.078576
135721	Vaccum Release Pump	RC112M	\N	Vaccum Release Pump	11369	12485	19774	NA	1	0	1	1	\N	\N	\N	\N	\N	\N	\N	0	0	0	f	2026-06-15 06:50:11.846483	2026-06-15 08:36:33.712592
258965	BOOSTER PUMP-02	NA	\N	CAPACITY: 60 HP,HEAD-45 MTR	11370	19721	28377	Kiloskar	1	0	1	1	\N	\N	\N	\N	\N	\N	\N	0	0	0	f	2026-06-15 07:00:47.964267	2026-06-15 08:42:20.470716
258657	ROOM	STAFF ROOM	\N	STAFF ROOM	17164	\N	\N	\N	\N	0	3	1	\N	\N	\N	\N	\N	\N	\N	0	0	0	f	2026-06-15 07:10:17.357319	2026-06-15 08:52:52.093279
135736	LT Panel	DN2 250N	\N	LT Panel for Pumps Operation	11369	12484	19784	L&T	1	0	1	1	\N	\N	\N	\N	\N	\N	\N	0	0	0	f	2026-06-15 06:49:07.009213	2026-06-15 09:47:33.09915
258743	SUCTION SLUICE VALVE-1	NA	\N	BOOSER PUMP- 1 SUCTION SLUICE VALVE-1	11370	19722	19773	Kirloskar	1	0	1	1	\N	\N	\N	\N	\N	\N	\N	0	0	0	f	2026-06-14 21:26:02.382618	2026-06-15 10:07:04.83874
259989	BOOSTER PUMP-1	NA	\N	CAPACITY:180 HP,HEAD-45 MTR	11370	19721	24445	ABB	1	0	1	1	\N	\N	\N	\N	\N	\N	\N	0	0	0	f	2026-06-15 06:57:15.239855	2026-06-15 10:47:20.797042
258960	STAR DELTA STARTER-3	NA	\N	RATING: 125 AMP STAR DELTA STRTER	11369	12378	19784	L&T	1	0	1	1	\N	\N	\N	\N	\N	\N	\N	0	0	0	f	2026-06-15 07:05:33.355671	2026-06-15 10:49:51.410842
258607	BOOSTER PUMP-3	NA	\N	CAP: 60 HP,RPM-1475,MOTOR-KIRLOSKAR,PUMP-WILO	11370	19721	19773	Kirloskar	1	0	1	1	\N	\N	\N	\N	\N	\N	\N	0	0	0	f	2026-06-15 06:47:48.557978	2026-06-15 10:56:00.801516
260094	BOOSTER PUMP-5	NA	\N	RATING: 200KW/1400RPM	11370	19721	19773	Kirloskar	1	0	1	1	\N	\N	\N	\N	\N	\N	\N	0	0	0	f	2026-06-15 06:57:17.031528	2026-06-15 10:55:52.118459
259797	SUCTION SLUICE VALVE-3	NA	\N	SIZE:100 MM SUCTION VALVE	11370	19722	31410	CM/L	1	0	1	1	\N	\N	\N	\N	\N	\N	\N	0	0	0	f	2026-06-15 07:33:04.801261	2026-06-15 07:33:04.801261
259025	BPS PUMP HOUSE	BPS PUMP HOUSE	\N	\N	17164	\N	\N	\N	\N	0	3	1	\N	\N	\N	\N	\N	\N	\N	0	0	0	f	2026-06-15 07:33:08.185622	2026-06-15 07:33:08.185622
260305	INLET SLUICE VALVE TO UGR-6	NA	\N	SIZE: 100mm	11370	19722	19773	Kirloskar	1	0	1	1	\N	\N	\N	\N	\N	\N	\N	0	0	0	f	2026-06-15 07:34:14.550543	2026-06-15 07:34:14.550543
258436	OIL IMMERSED MANUALLY STAR DELTA STARTER_1	NA	\N	40 HP	11369	12378	25076	Advance	1	0	1	1	\N	\N	\N	\N	\N	\N	\N	0	0	0	f	2026-06-15 07:34:15.667717	2026-06-15 07:34:15.667717
260257	RTU/PLC CONTROL PANEL-1	NA	\N	\N	11369	12378	19774	NA	1	0	1	1	\N	\N	\N	\N	\N	\N	\N	0	0	0	f	2026-06-15 07:35:22.841566	2026-06-15 07:35:22.841566
157233	MCB	NA	\N	MCB, 63 AMP	11369	\N	19784	L&T	1	0	1	1	\N	\N	\N	\N	\N	\N	\N	0	0	0	f	2026-06-15 07:35:25.636055	2026-06-15 07:35:25.636055
135715	change over Switch	100Amp	\N	4P Change Over Switch	11369	12485	19774	NA	1	0	1	1	\N	\N	\N	\N	\N	\N	\N	0	0	0	f	2026-06-15 07:35:28.169209	2026-06-15 07:35:28.169209
259079	ELECTROMAGNETIC FLOW METER-05	NA	\N	SIZE: 500 MM,GOL MARKET	11371	19747	19774	NA	1	0	2	1	\N	\N	\N	\N	\N	\N	\N	0	0	0	f	2026-06-15 07:35:29.944987	2026-06-15 07:35:29.944987
135782	Tubewell Pump	NA	\N	Tubewell	11369	12485	19774	NA	1	0	1	1	\N	\N	\N	\N	\N	\N	\N	0	0	0	f	2026-06-15 07:36:36.814829	2026-06-15 07:36:36.814829
258440	PALAM UGR_LRS WITH OCB- 150 AMP_2	NA	\N	150 HP	11369	12378	25076	Advance	1	0	1	1	\N	\N	\N	\N	\N	\N	\N	0	0	0	f	2026-06-15 07:37:49.100775	2026-06-15 07:37:49.100775
260097	INLET SLUICE VALVE TO UGR-3	NA	\N	SIZE: 450MM	11370	19722	19773	Kirloskar	1	0	1	1	\N	\N	\N	\N	\N	\N	\N	0	0	0	f	2026-06-15 07:37:50.923083	2026-06-15 07:37:50.923083
259980	EXHAUST FAN-1	NA	\N	SIZE:400 MM	11369	19727	31396	BAJAJ	1	0	1	1	\N	\N	\N	\N	\N	\N	\N	0	0	0	f	2026-06-15 07:38:59.016043	2026-06-15 07:38:59.016043
137762	APFC Panel	NA	\N	Power Factor Control	11369	12484	\N	\N	\N	0	1	1	\N	\N	\N	\N	\N	\N	\N	0	0	0	f	2026-06-15 07:39:03.037605	2026-06-15 07:39:03.037605
258637	ELECTROMAGNETIC FLOW METER	NA	\N	NA	11371	19747	19774	NA	1	0	2	1	\N	\N	\N	\N	\N	\N	\N	0	0	0	f	2026-06-15 07:39:04.724407	2026-06-15 07:39:04.724407
259083	GUARD ROOM	NA	\N	GUARD ROOM	17164	\N	\N	\N	\N	0	3	1	\N	\N	\N	\N	\N	\N	\N	0	0	0	f	2026-06-15 07:40:12.828668	2026-06-15 07:40:12.828668
259813	CHARGING PUMP	NA	\N	CAPACITY:5 HP	11369	12378	19773	Kirloskar	1	0	1	1	\N	\N	\N	\N	\N	\N	\N	0	0	0	f	2026-06-15 07:40:14.818949	2026-06-15 07:40:14.818949
260116	APFC PANEL-3	NA	\N	\N	11369	12378	19774	NA	1	0	1	1	\N	\N	\N	\N	\N	\N	\N	0	0	0	f	2026-06-15 07:40:16.43539	2026-06-15 07:40:16.43539
259071	UGR DISCHARGE VALVE-07	NA	\N	SIZE: 300 MM,VIGYAN BHAWAN	11370	19722	19773	Kirloskar	1	0	1	1	\N	\N	\N	\N	\N	\N	\N	0	0	0	f	2026-06-15 07:41:21.164231	2026-06-15 07:41:21.164231
259077	UGR DISCHARGE VALVE-13	NA	\N	SIZE: 600 MM,GOL MARKET	11370	19722	19773	Kirloskar	1	0	1	1	\N	\N	\N	\N	\N	\N	\N	0	0	0	f	2026-06-15 07:43:45.508068	2026-06-15 07:43:45.508068
260201	EXHAUST FAN-3	NA	\N	SIZE:22 "	11369	19727	19774	NA	1	0	1	1	\N	\N	\N	\N	\N	\N	\N	0	0	0	f	2026-06-15 07:43:46.139851	2026-06-15 07:43:46.139851
259861	BOOSTER PUMP-05	NA	\N	\N	11370	19721	19773	Kirloskar	1	0	1	1	\N	\N	\N	\N	\N	\N	\N	0	0	0	f	2026-06-15 07:44:56.78216	2026-06-15 07:44:56.78216
259777	SUCTION SLUICE VALVE-02	NA	\N	SIZE:100 MM SUCTION VALVE	11370	19722	31366	SKOPE	1	0	1	1	\N	\N	\N	\N	\N	\N	\N	0	0	0	f	2026-06-15 07:44:58.590583	2026-06-15 07:44:58.590583
135835	LRRS	NA	\N	LRRS is for operating respective motors	11369	12484	20041	Enterprises Engineers	1	0	1	1	\N	\N	\N	\N	\N	\N	\N	0	0	0	f	2026-06-15 07:11:31.561886	2026-06-15 07:46:03.379548
135844	Air Circuit Breaker	CN-CS-1250S1	\N	Air Circuit Breaker for Naraina Area	11369	12484	19784	L&T	1	0	1	1	\N	\N	\N	\N	\N	\N	\N	0	0	0	f	2026-06-15 07:46:07.13804	2026-06-15 07:46:07.13804
260337	HOT Crane	NA	\N	NA	11370	12381	31382	IVC	1	0	1	1	\N	\N	\N	\N	\N	\N	\N	0	0	0	f	2026-06-15 07:46:07.281868	2026-06-15 07:46:07.281868
258426	BOOSTER PUMP-05	NA	\N	80 HPCAPACITY:548 M3	11369	12378	24452	Siemens	1	0	1	1	\N	\N	\N	\N	\N	\N	\N	0	0	0	f	2026-06-15 07:46:11.6775	2026-06-15 07:46:11.6775
259881	PRESSURE GAUGE-06	NA	\N	\N	17163	19728	19774	NA	1	0	2	1	\N	\N	\N	\N	\N	\N	\N	0	0	0	f	2026-06-15 07:47:16.228376	2026-06-15 07:47:16.228376
258822	SPARE_DOL STARTER-1	NA	\N	RATING: 25 AMP	11369	12378	19784	L&T	1	0	1	1	\N	\N	\N	\N	\N	\N	\N	0	0	0	f	2026-06-15 07:47:19.84094	2026-06-15 07:47:19.84094
258449	BOOSTER PUMP-07	NA	\N	NA	11370	19721	19780	KSB	1	0	1	1	\N	\N	\N	\N	\N	\N	\N	0	0	0	f	2026-06-15 07:47:19.89784	2026-06-15 07:47:19.89784
135769	Booster Pump	UP100/35B ST TA	\N	Booster Pump to Consumers	11369	12485	19774	NA	1	0	1	1	\N	\N	\N	\N	\N	\N	\N	0	0	0	f	2026-06-14 20:45:52.315338	2026-06-15 07:47:23.440755
258901	PRESSURE GAUGE-03	NA	\N	NA	11371	19748	19774	NA	1	0	2	1	\N	\N	\N	\N	\N	\N	\N	0	0	0	f	2026-06-15 07:48:29.989606	2026-06-15 07:48:29.989606
259957	TRANSFORMER-2	NA	\N	RATING:400 KVA TRANSFORMER	11369	15848	19774	NA	1	0	1	1	\N	\N	\N	\N	\N	\N	\N	0	0	0	f	2026-06-15 07:48:31.899058	2026-06-15 07:48:31.899058
135852	Booster Pump	LCW 280S	\N	Pump Sr No. - 931151, Model - 300/350 AST Make- Mather+Platt., Flow- -850 M3/Hr, Head - 29.5 mtr	11369	12485	19773	Kirloskar	1	0	1	1	\N	\N	\N	\N	\N	\N	\N	0	0	0	f	2026-06-15 07:49:37.430645	2026-06-15 07:49:37.430645
259937	BPS ROOM-2	NA	\N	BPS ROOM-2	17164	\N	\N	\N	\N	0	3	1	\N	\N	\N	\N	\N	\N	\N	0	0	0	f	2026-06-15 07:50:48.18526	2026-06-15 07:50:48.18526
258550	BP-1 DISCHARGE DV-6	NA	\N	SIZE: 200 MM	11370	19722	19773	Kirloskar	1	0	1	1	\N	\N	\N	\N	\N	\N	\N	0	0	0	f	2026-06-15 07:50:49.998154	2026-06-15 07:50:49.998154
259812	OIL DOL STARTER-01	NA	\N	CAPACITY:5 HP DS-1	11369	12378	19783	Bentex	1	0	1	1	\N	\N	\N	\N	\N	\N	\N	0	0	0	f	2026-06-15 07:50:51.616365	2026-06-15 07:50:51.616365
259876	PRESSURE GAUGE-02	NA	\N	\N	17163	19728	19774	NA	1	0	2	1	\N	\N	\N	\N	\N	\N	\N	0	0	0	f	2026-06-15 07:39:04.854472	2026-06-15 08:40:01.499173
157238	Auto Transformer Starter	NA	\N	ATS 80HP	11369	12484	22321	Capital	1	0	1	1	\N	\N	\N	\N	\N	\N	\N	0	0	0	f	2026-06-15 07:51:58.86	2026-06-15 07:51:58.86
259068	CEILING FAN-2	NA	\N	CEILING FAN,36" NOT WORKING	11369	19727	31406	ORIENT	1	0	1	1	\N	\N	\N	\N	\N	\N	\N	0	0	0	f	2026-06-15 07:52:02.441369	2026-06-15 07:52:02.441369
258574	change over Switch	NA	\N	NA	11369	12378	31369	KAPIL	1	0	1	1	\N	\N	\N	\N	\N	\N	\N	0	0	0	f	2026-06-15 07:53:09.182377	2026-06-15 07:53:09.182377
258739	BOOSTER PUMP -01	NA	\N	CAPACITY:20 HP, HEAD:35 MTR	11370	19721	19773	Kirloskar	1	0	1	1	\N	\N	\N	\N	\N	\N	\N	0	0	0	f	2026-06-15 07:53:14.850175	2026-06-15 07:53:14.850175
259930	SUBMERSIBLE PUMP-01	NA	\N	CAPACITY: 40 HP	11370	19753	31362	CROMPTON	1	0	1	1	\N	\N	\N	\N	\N	\N	\N	0	0	0	f	2026-06-15 07:54:19.569229	2026-06-15 07:54:19.569229
260208	BOOSTER PUMP-1	NA	\N	CAP: 2835 m3/hr	11370	19721	31428	FLOW MORE KIRLOSKAR ELECTRIC	1	0	1	1	\N	\N	\N	\N	\N	\N	\N	0	0	0	f	2026-06-15 07:54:20.136509	2026-06-15 07:54:20.136509
259786	BOOSTER PUMP- 02	NA	\N	10 HP,H-37 MTR,RPM-2880	11370	19721	31362	CROMPTON	1	0	1	1	\N	\N	\N	\N	\N	\N	\N	0	0	0	f	2026-06-15 07:54:21.337698	2026-06-15 07:54:21.337698
258411	LT PANEL INCOMER _1 ACB	NA	\N	1250Amp	11369	12378	19774	NA	1	0	1	1	\N	\N	\N	\N	\N	\N	\N	0	0	0	f	2026-06-15 07:54:26.410206	2026-06-15 07:54:26.410206
258886	change over Switch	NA	\N	RATING:400 AMP	11369	12378	19783	Bentex	1	0	1	1	\N	\N	\N	\N	\N	\N	\N	0	0	0	f	2026-06-15 07:55:31.119249	2026-06-15 07:55:31.119249
259995	SUCTION SLUICE VALVE-1	NA	\N	SIZE:400 MM SUCTION VALVE	11370	19722	31382	IVC	1	0	1	1	\N	\N	\N	\N	\N	\N	\N	0	0	0	f	2026-06-15 07:44:58.805113	2026-06-15 08:03:57.403225
258636	ULTRASONIC LEVEL TRANSMITTER	NA	\N	NA	11371	19745	19774	NA	1	0	2	1	\N	\N	\N	\N	\N	\N	\N	0	0	0	f	2026-06-15 06:59:37.695381	2026-06-15 08:05:03.459201
260099	INLET SLUICE VALVE TO UGR-5	NA	\N	SIZE: 450MM	11370	19722	19773	Kirloskar	1	0	1	1	\N	\N	\N	\N	\N	\N	\N	0	0	0	f	2026-06-15 07:34:11.330688	2026-06-15 09:30:03.997075
136551	LT Panel	NA	\N	LT Panel consisting of 11Nos. Of Breakers	11369	12484	19774	NA	1	0	1	1	\N	\N	\N	\N	\N	\N	\N	0	0	0	f	2026-06-14 16:12:46.421174	2026-06-15 08:48:18.886484
135859	Booster Pump	J7R6, KW - 225	\N	Booster Pump LRRS operated.	11369	12485	19774	NA	1	0	1	1	\N	\N	\N	\N	\N	\N	\N	0	0	0	f	2026-06-15 07:46:09.005406	2026-06-15 08:51:46.100969
135816	Booster Pump	RC280S MKL	\N	Booster Pump to Consumer, 1470RPM	11369	12485	20006	Kirloskar Brother Ltd	1	0	1	1	\N	\N	\N	\N	\N	\N	\N	0	0	0	f	2026-06-15 07:36:34.885571	2026-06-15 09:46:20.775454
135740	Booster Pump	S2256	\N	Booster Pump to Consumers	11369	12485	19773	Kirloskar	1	0	1	1	\N	\N	\N	\N	\N	\N	\N	0	0	0	f	2026-06-15 07:43:47.930183	2026-06-15 09:16:51.132972
135692	Booster Pump	100 KW	\N	Online Booster to Feed UGR	11369	12485	19772	Mather+Platte	1	0	1	1	\N	\N	\N	\N	\N	\N	\N	0	0	0	f	2026-06-15 07:39:00.967848	2026-06-15 09:41:31.36242
260302	MAIN HEADER SLUICE VALVE	NA	\N	SIZE: 100MM	11370	19722	19774	NA	1	0	1	1	\N	\N	\N	\N	\N	\N	\N	0	0	0	f	2026-06-15 07:44:52.481809	2026-06-15 10:04:37.010263
258528	LT PANEL-01	NA	\N	RATING: 320 AMP	11369	12378	19785	Havells	1	0	1	1	\N	\N	\N	\N	\N	\N	\N	0	0	0	f	2026-06-15 10:46:05.738442	2026-06-15 10:46:05.738442
258868	ELECTROMAGNETIC FLOW METER -02	NA	\N	EMF INLET LINE DELHI CANTT	17163	19764	19774	NA	1	0	2	1	\N	\N	\N	\N	\N	\N	\N	0	0	0	f	2026-06-15 07:44:55.062503	2026-06-15 07:55:33.172825
260234	MAIN HEADER SLUICE VALVE	NA	\N	SIZE: 1200 mm	11370	19722	31382	IVC	1	0	1	1	\N	\N	\N	\N	\N	\N	\N	0	0	0	f	2026-06-15 07:56:41.917093	2026-06-15 07:56:41.917093
258485	BP-1 SUCTION SV-1	NA	\N	50 MM (CPCV)	11370	19722	19774	NA	1	0	1	1	\N	\N	\N	\N	\N	\N	\N	0	0	0	f	2026-06-15 07:56:45.564685	2026-06-15 07:56:45.564685
259054	SUCTION SLUICE VALVE-3	NA	\N	SIZE: 200 MM SUCTION SLUICE VALVE-3	11370	19722	19773	Kirloskar	1	0	1	1	\N	\N	\N	\N	\N	\N	\N	0	0	0	f	2026-06-15 07:56:45.92172	2026-06-15 07:56:45.92172
258782	BP-02 OIL IMMERSED STAR DELTA STARTER_1	NA	\N	RATING:20 HP	11369	19759	19783	Bentex	1	0	1	1	\N	\N	\N	\N	\N	\N	\N	0	0	0	f	2026-06-15 07:56:47.236144	2026-06-15 07:56:47.236144
259960	HT PANEL-3	NA	\N	NA	11369	15848	19784	L&T	1	0	1	1	\N	\N	\N	\N	\N	\N	\N	0	0	0	f	2026-06-15 07:57:52.954107	2026-06-15 07:57:52.954107
135866	Booster Pump	NA	\N	Booster Pump to Consumer	11369	12485	20010	CG	1	0	1	1	\N	\N	\N	\N	\N	\N	\N	0	0	0	f	2026-06-15 07:57:54.676428	2026-06-15 07:57:54.676428
259942	UGR INLET VALVE-02	NA	\N	SIZE: 600 MM	11370	19722	19773	Kirloskar	1	0	1	1	\N	\N	\N	\N	\N	\N	\N	0	0	0	f	2026-06-15 07:57:56.338426	2026-06-15 07:57:56.338426
259985	WALL FAN-2	NA	\N	SIZE:600 MM	11369	19727	31396	BAJAJ	1	0	1	1	\N	\N	\N	\N	\N	\N	\N	0	0	0	f	2026-06-15 07:57:56.845729	2026-06-15 07:57:56.845729
258802	INLET -01 ELECTRO MAGNETIC FLOW METER- 01	NA	\N	NA	11371	12487	31395	KROHEN	1	0	2	1	\N	\N	\N	\N	\N	\N	\N	0	0	0	f	2026-06-15 07:57:58.067666	2026-06-15 07:57:58.067666
258902	PRESSURE GAUGE-04	NA	\N	NA	11371	19748	19774	NA	1	0	2	1	\N	\N	\N	\N	\N	\N	\N	0	0	0	f	2026-06-15 07:59:03.384993	2026-06-15 07:59:03.384993
260317	STAR DELTA STARTER-3	NA	\N	CAPACITY: 40 HP	11369	12378	20008	HPL	1	0	1	1	\N	\N	\N	\N	\N	\N	\N	0	0	0	f	2026-06-15 07:59:06.644393	2026-06-15 07:59:06.644393
258415	BOOSTER PUMP-02 LRS	NA	\N	HASANPUR UGR_LRS WITH OCB- 400 AMP	11369	12378	25076	Advance	1	0	1	1	\N	\N	\N	\N	\N	\N	\N	0	0	0	f	2026-06-15 07:59:07.062444	2026-06-15 07:59:07.062444
260332	DISCHARGE SLUICE VALVE-6	NA	\N	SIZE: 100 MM SUCTION VALVE	11370	19722	31382	IVC	1	0	1	1	\N	\N	\N	\N	\N	\N	\N	0	0	0	f	2026-06-15 07:59:10.069324	2026-06-15 07:59:10.069324
258467	PUMP HOUSE-01	PUMP HOUSE-01	\N	OLD PUMP HOUSE TOTAL PUMPS-08	17164	\N	\N	\N	\N	0	3	1	\N	\N	\N	\N	\N	\N	\N	0	0	0	f	2026-06-15 08:00:13.344132	2026-06-15 08:00:13.344132
259045	STAR DELTA STARTER-2	NA	\N	RATING: 125 AMP STAR DELTA STARTER	11369	12378	31404	AVON CONTROL	1	0	1	1	\N	\N	\N	\N	\N	\N	\N	0	0	0	f	2026-06-15 08:00:18.440631	2026-06-15 08:00:18.440631
258615	STAR DELTA STARTER-1	NA	\N	NA	11369	19750	19784	L&T	1	0	1	1	\N	\N	\N	\N	\N	\N	\N	0	0	0	f	2026-06-15 08:01:25.90411	2026-06-15 08:01:25.90411
260324	SUBMERSIBLE PUMP-2	NA	\N	CAPACITY: 25 HP,HEAD: 40 MTR	11370	19753	19773	Kirloskar	1	0	1	1	\N	\N	\N	\N	\N	\N	\N	0	0	0	f	2026-06-15 08:01:27.029886	2026-06-15 08:01:27.029886
258736	DOL STARTER-1	NA	\N	CAPACITY: 7.5 HP	11369	12378	31389	BENTAX	1	0	1	1	\N	\N	\N	\N	\N	\N	\N	0	0	0	f	2026-06-15 08:01:28.906739	2026-06-15 08:01:28.906739
258824	4 POLE CHANGEOVER-02	NA	\N	RATING: 400 AMP	11369	12378	19784	L&T	1	0	1	1	\N	\N	\N	\N	\N	\N	\N	0	0	0	f	2026-06-15 08:01:31.541319	2026-06-15 08:01:31.541319
259778	SUCTION SLUICE VALVE-03	NA	\N	SIZE:100 MM SUCTION VALVE	11370	19722	31366	SKOPE	1	0	1	1	\N	\N	\N	\N	\N	\N	\N	0	0	0	f	2026-06-15 08:01:33.365638	2026-06-15 08:01:33.365638
258648	MANUAL LEVEL INDICATOR COMPARTMENT-1	NA	\N	UGR DEPTH:15 FEET	17163	19751	19774	NA	1	0	2	1	\N	\N	\N	\N	\N	\N	\N	0	0	0	f	2026-06-15 08:01:34.487139	2026-06-15 08:01:34.487139
258661	Main MCCB	NA	\N	RATING: 100 AMP	11369	12378	19785	Havells	1	0	1	1	\N	\N	\N	\N	\N	\N	\N	0	0	0	f	2026-06-15 08:02:41.082048	2026-06-15 08:02:41.082048
260336	NRV- 4	NA	\N	SIZE: 150 MM NRV	11370	12374	31382	IVC	1	0	1	1	\N	\N	\N	\N	\N	\N	\N	0	0	0	f	2026-06-15 08:02:42.90423	2026-06-15 08:02:42.90423
258555	PUMP HOUSE ROOM-1	NA	\N	\N	17164	\N	\N	\N	\N	0	3	1	\N	\N	\N	\N	\N	\N	\N	0	0	0	f	2026-06-15 08:02:43.287299	2026-06-15 08:02:43.287299
258866	ULTRASONIC LEVEL TRANSMITTER	NA	\N	MEASURED UGR LEVEL 15 FEETS	17163	19732	31398	PROCESS	1	0	2	1	\N	\N	\N	\N	\N	\N	\N	0	0	0	f	2026-06-15 08:02:44.725341	2026-06-15 08:02:44.725341
258551	BP-1 DISCHARGE DV-7	NA	\N	SIZE: 200 MM	11370	19722	19773	Kirloskar	1	0	1	1	\N	\N	\N	\N	\N	\N	\N	0	0	0	f	2026-06-15 08:03:53.31763	2026-06-15 08:03:53.31763
258972	SUCTION SLUICE VALVE-1	NA	\N	SIZE: 200 MM SUCTION VALVE	11370	19722	28377	Kiloskar	1	0	1	1	\N	\N	\N	\N	\N	\N	\N	0	0	0	f	2026-06-15 08:03:58.746347	2026-06-15 08:03:58.746347
258651	INLET ELECTROMAGNETIC FLOWMETER-1	NA	\N	INLET ELECTROMAGNETIC FLOWMETER 1	17163	19752	19774	NA	1	0	2	1	\N	\N	\N	\N	\N	\N	\N	0	0	0	f	2026-06-15 08:05:03.86847	2026-06-15 08:05:03.86847
259034	ELECTROMAGNETIC FLOW METER-02	NA	\N	EMF INLET-02 LINE RK PURAM SEC-5	17177	19773	19774	NA	1	0	2	1	\N	\N	\N	\N	\N	\N	\N	0	0	0	f	2026-06-15 08:05:05.296709	2026-06-15 08:05:05.296709
259972	MAIN MCCB-5	NA	\N	RATING:600 AMP MCCB	11369	12378	19784	L&T	1	0	1	1	\N	\N	\N	\N	\N	\N	\N	0	0	0	f	2026-06-15 08:05:05.678872	2026-06-15 08:05:05.678872
258888	OIL IMMERSED STAR DELTA STARTER-02	NA	\N	RATING:60 HP,80 AMP	11369	12378	25076	Advance	1	0	1	1	\N	\N	\N	\N	\N	\N	\N	0	0	0	f	2026-06-15 08:05:07.374337	2026-06-15 08:05:07.374337
258679	BP-1 SUCTION SV-1	NA	\N	SIZE: 200 MM	11370	19722	19780	KSB	1	0	1	1	\N	\N	\N	\N	\N	\N	\N	0	0	0	f	2026-06-15 08:05:08.760392	2026-06-15 08:05:08.760392
259747	BOOSTER PUMP-01	NA	\N	CAPACITY: 50 HP	11370	19721	19780	KSB	1	0	1	1	\N	\N	\N	\N	\N	\N	\N	0	0	0	f	2026-06-15 08:06:15.43663	2026-06-15 08:06:15.43663
258641	MCCB-3	NA	\N	RATING:100 AMP	11369	12378	19784	L&T	1	0	1	1	\N	\N	\N	\N	\N	\N	\N	0	0	0	f	2026-06-15 08:06:18.410019	2026-06-15 08:06:18.410019
259042	ELECTROMAGNETIC FLOW METER-02	NA	\N	EMF OUTLET LINE RK PURAM SEC-1	17163	19764	19774	NA	1	0	2	1	\N	\N	\N	\N	\N	\N	\N	0	0	0	f	2026-06-15 08:06:19.730067	2026-06-15 08:06:19.730067
259044	STAR DELTA STARTER-1	NA	\N	RATING: 125 AMP STAR DELTA STARTER	11369	12378	31404	AVON CONTROL	1	0	1	1	\N	\N	\N	\N	\N	\N	\N	0	0	0	f	2026-06-15 08:07:27.899647	2026-06-15 08:07:27.899647
259964	ACB PANEL-2	NA	\N	RATING:400 AMP ACB	11369	12378	19784	L&T	1	0	1	1	\N	\N	\N	\N	\N	\N	\N	0	0	0	f	2026-06-15 08:07:28.394229	2026-06-15 08:07:28.394229
258820	BP_03_STAR-DELTA STARTER-1	NA	\N	RATING: 125 AMP	11369	12378	19784	L&T	1	0	1	1	\N	\N	\N	\N	\N	\N	\N	0	0	0	f	2026-06-15 08:07:29.723575	2026-06-15 08:07:29.723575
259936	BPS ROOM-1	NA	\N	BPS ROOM-1	17164	\N	\N	\N	\N	0	3	1	\N	\N	\N	\N	\N	\N	\N	0	0	0	f	2026-06-15 08:07:30.226023	2026-06-15 08:07:30.226023
258997	ELECTROMAGENTIC FLOW METER-02	NA	\N	EMF INLET LINE CANT PALAM	17177	19769	19774	NA	1	0	2	1	\N	\N	\N	\N	\N	\N	\N	0	0	0	f	2026-06-15 08:07:32.069955	2026-06-15 08:07:32.069955
259063	UGR-1	UGR	\N	CAPACITY:0.07 MG	17164	\N	\N	\N	\N	0	3	1	\N	\N	\N	\N	\N	\N	\N	0	0	0	f	2026-06-15 08:07:33.329483	2026-06-15 08:07:33.329483
259839	NRV-02	NA	\N	SIZE:200 MM NRV	11370	12374	19780	KSB	1	0	1	1	\N	\N	\N	\N	\N	\N	\N	0	0	0	f	2026-06-15 08:08:37.976315	2026-06-15 08:08:37.976315
258408	TRANSFORMER-2	NA	\N	630 KVA, 11 kV/415 V	11369	12378	19780	KSB	1	0	1	1	\N	\N	\N	\N	\N	\N	\N	0	0	0	f	2026-06-15 08:08:39.754456	2026-06-15 08:08:39.754456
259952	UGR	NA	\N	RIDGE ROAD UGR	17164	\N	\N	\N	\N	0	3	1	\N	\N	\N	\N	\N	\N	\N	0	0	0	f	2026-06-15 08:08:40.238672	2026-06-15 08:08:40.238672
258414	BOOSTER PUMP-01 ATS	NA	\N	HASANPUR UGR_AUTO TRAMSFORMER STARTER	11369	12378	19774	NA	1	0	1	1	\N	\N	\N	\N	\N	\N	\N	0	0	0	f	2026-06-15 08:08:42.033883	2026-06-15 08:08:42.033883
259761	ELECTROMAGNETIC FLOW METER	NA	\N	NOT WORKING	17163	19764	31408	KHRONE	1	0	2	1	\N	\N	\N	\N	\N	\N	\N	0	0	0	f	2026-06-15 08:08:44.029228	2026-06-15 08:08:44.029228
259060	NRV-3	NA	\N	SIZE: 150 MM NRV	11370	12374	19773	Kirloskar	1	0	1	1	\N	\N	\N	\N	\N	\N	\N	0	0	0	f	2026-06-15 08:02:39.180071	2026-06-15 10:13:09.42764
258833	DEWATERING PUMP-01	NA	\N	CAPACITY: 5 HP	11370	19721	19773	Kirloskar	1	0	1	1	\N	\N	\N	\N	\N	\N	\N	0	0	0	f	2026-06-15 08:08:38.501939	2026-06-15 08:15:49.127121
258517	NRV-2	NA	\N	SIZE: 80 MM	11370	12374	19774	NA	1	0	1	1	\N	\N	\N	\N	\N	\N	\N	0	0	0	f	2026-06-15 08:03:52.886296	2026-06-15 08:42:23.095523
258797	DOL Starter	NA	\N	CHARGING PUMP STARTER	11369	12378	19774	NA	1	0	1	1	\N	\N	\N	\N	\N	\N	\N	0	0	0	f	2026-06-15 08:06:17.199482	2026-06-15 09:00:08.759238
258406	HT PANEL-2	NA	\N	630 A, 11 kV	11369	15848	19794	Jyoti	1	0	1	1	\N	\N	\N	\N	\N	\N	\N	0	0	0	f	2026-06-15 08:08:41.622859	2026-06-15 09:04:46.984715
260012	NRV-1	NA	\N	SIZE:250 MM NRV	11370	12374	31425	UPADHAYA	1	0	1	1	\N	\N	\N	\N	\N	\N	\N	0	0	0	f	2026-06-15 08:01:32.742344	2026-06-15 09:08:29.767699
259819	PUMP HOUSE BOUNDARY	PUMP HOUSE BOUNDARY	\N	\N	17164	\N	\N	\N	\N	0	3	1	\N	\N	\N	\N	\N	\N	\N	0	0	0	f	2026-06-15 08:08:36.769309	2026-06-15 09:41:35.51467
258912	BOOSTER PUMP- 02	NA	\N	CAPACITY: 40 HP,HEAD-35 MTR	11370	19721	19773	Kirloskar	1	0	1	1	\N	\N	\N	\N	\N	\N	\N	0	0	0	f	2026-06-15 07:59:04.706913	2026-06-15 10:24:05.691001
259782	MCCB	NA	\N	RATING:125 AMP	11369	12378	31384	SCHNEIDER	1	0	1	1	\N	\N	\N	\N	\N	\N	\N	0	0	0	f	2026-06-15 08:03:51.532556	2026-06-15 10:33:47.133492
258977	DISCHARGE SLUICE VALVE-3	NA	\N	SIZE: 150 MM DISCHARGE VALVE	11370	19722	28377	Kiloskar	1	0	1	1	\N	\N	\N	\N	\N	\N	\N	0	0	0	f	2026-06-15 08:09:48.413521	2026-06-15 08:09:48.413521
258649	MANUAL LEVEL INDICATOR COMPARTMENT-2	NA	\N	UGR DEPTH:15 FEET	17163	19751	19774	NA	1	0	2	1	\N	\N	\N	\N	\N	\N	\N	0	0	0	f	2026-06-15 08:09:49.743088	2026-06-15 08:09:49.743088
259781	PRESSURE GUAGE-1	NA	\N	CAPACITY:(0-10 KG/CM2) PRESSURE GUAGE	11370	19778	31361	GURU	1	0	1	1	\N	\N	\N	\N	\N	\N	\N	0	0	0	f	2026-06-15 08:09:50.045089	2026-06-15 08:09:50.045089
259005	BOUNDARY	UGR BOUNDARY	\N	UGR BOUNDARY	17164	\N	\N	\N	\N	0	3	1	\N	\N	\N	\N	\N	\N	\N	0	0	0	f	2026-06-15 08:10:59.920825	2026-06-15 08:10:59.920825
259986	WALL FAN-3	NA	\N	SIZE:600 MM	11369	19727	31396	BAJAJ	1	0	1	1	\N	\N	\N	\N	\N	\N	\N	0	0	0	f	2026-06-15 08:11:01.87849	2026-06-15 08:11:01.87849
259037	CEILING FAN	NA	\N	SIZE: 1200 MM	11369	19727	31396	BAJAJ	1	0	1	1	\N	\N	\N	\N	\N	\N	\N	0	0	0	f	2026-06-15 08:11:03.332399	2026-06-15 08:11:03.332399
258434	LT PANEL INCOMMER_1 OCB	NA	\N	1250Amp	11369	12378	25076	Advance	1	0	1	1	\N	\N	\N	\N	\N	\N	\N	0	0	0	f	2026-06-15 08:12:11.862722	2026-06-15 08:12:11.862722
259076	UGR DISCHARGE VALVE-12	NA	\N	SIZE: 600 MM,GOL MARKET	11370	19722	19773	Kirloskar	1	0	1	1	\N	\N	\N	\N	\N	\N	\N	0	0	0	f	2026-06-15 08:12:13.920332	2026-06-15 08:12:13.920332
258557	STORE ROOM	NA	\N	\N	17164	\N	\N	\N	\N	0	3	1	\N	\N	\N	\N	\N	\N	\N	0	0	0	f	2026-06-15 08:08:45.16904	2026-06-15 08:12:15.793137
258920	NRV - 2	NA	\N	SIZE: 100 MM	11370	12374	19774	NA	1	0	1	1	\N	\N	\N	\N	\N	\N	\N	0	0	0	f	2026-06-15 08:12:17.653088	2026-06-15 08:12:17.653088
260340	ATS STARTER-3	NA	\N	CAPACITY: 100 HP	11369	12378	20008	HPL	1	0	1	1	\N	\N	\N	\N	\N	\N	\N	0	0	0	f	2026-06-15 08:13:23.956191	2026-06-15 08:13:23.956191
260338	ACB	NA	\N	RATING: 1250 AMP	11369	12378	31388	AVON CONTROLS	1	0	1	1	\N	\N	\N	\N	\N	\N	\N	0	0	0	f	2026-06-15 08:13:25.681913	2026-06-15 08:13:25.681913
258849	MCCB-02	NA	\N	RATING: 100 AMP MCCB	11369	12378	19784	L&T	1	0	1	1	\N	\N	\N	\N	\N	\N	\N	0	0	0	f	2026-06-15 08:13:28.988807	2026-06-15 08:13:28.988807
260015	PRESSURE TRANSMITTER-02	NA	\N	\N	17163	19729	31398	PROCESS	1	0	2	1	\N	\N	\N	\N	\N	\N	\N	0	0	0	f	2026-06-15 08:13:29.303601	2026-06-15 08:13:29.303601
259838	BOOSTER PUMP-01	NA	\N	CAPACITY:60 HP,HEAD-46 MTR	11370	19721	24445	ABB	1	0	1	1	\N	\N	\N	\N	\N	\N	\N	0	0	0	f	2026-06-15 08:13:30.830544	2026-06-15 08:13:30.830544
259803	UGR INLET SUCTION VALVE	NA	\N	SIZE: 100 MM	11370	19722	19773	Kirloskar	1	0	1	1	\N	\N	\N	\N	\N	\N	\N	0	0	0	f	2026-06-15 08:13:31.146739	2026-06-15 08:13:31.146739
258798	BOOSTER PUMP-2	NA	\N	50 HP,MOTOR-KIRLOSKAR,PUMP-WILO	11370	19721	31394	WILO	1	0	1	1	\N	\N	\N	\N	\N	\N	\N	0	0	0	f	2026-06-15 08:13:32.620812	2026-06-15 08:13:32.620812
258484	UGR FEED VALTE	NA	\N	65 MM	11370	19722	19774	NA	1	0	1	1	\N	\N	\N	\N	\N	\N	\N	0	0	0	f	2026-06-15 08:14:35.591385	2026-06-15 08:14:35.591385
259765	OVER HEAD TANK	OVER HEAD TANK	\N	NOT WORKING	17164	\N	\N	\N	\N	0	3	1	\N	\N	\N	\N	\N	\N	\N	0	0	0	f	2026-06-15 08:14:39.128217	2026-06-15 08:14:39.128217
258803	INLET -02 ELECTRO MAGNETIC FLOW METER-01	NA	\N	NA	11371	12487	19774	NA	1	0	2	1	\N	\N	\N	\N	\N	\N	\N	0	0	0	f	2026-06-15 08:14:42.668555	2026-06-15 08:14:42.668555
258609	ULT	NA	\N	NA	11371	19745	31381	ARIHANT	1	0	2	1	\N	\N	\N	\N	\N	\N	\N	0	0	0	f	2026-06-15 08:14:44.448999	2026-06-15 08:14:44.448999
258906	ELECTROMAGNETIC FLOW METER- 02	NA	\N	EMF_01_OUTLET_SATYA NIKETAN	17163	19764	19774	NA	1	0	2	1	\N	\N	\N	\N	\N	\N	\N	0	0	0	f	2026-06-15 08:15:47.189925	2026-06-15 08:15:47.189925
258722	UGR DISCHARGE VALVE-05	NA	\N	SIZE:250 MM	11370	19722	19773	Kirloskar	1	0	1	1	\N	\N	\N	\N	\N	\N	\N	0	0	0	f	2026-06-15 08:15:50.795255	2026-06-15 08:15:50.795255
258663	3 POLE MCCB	NA	\N	RATING: 32 AMP	11369	12378	31377	HACK	1	0	1	1	\N	\N	\N	\N	\N	\N	\N	0	0	0	f	2026-06-15 08:15:50.881178	2026-06-15 08:15:50.881178
260005	ATS STARTER-2	NA	\N	RATING:200 AMP	11369	12378	31388	AVON CONTROLS	1	0	1	1	\N	\N	\N	\N	\N	\N	\N	0	0	0	f	2026-06-15 08:15:52.661829	2026-06-15 08:15:52.661829
258984	STAR DELTA STARTER WITH OIL -01	NA	\N	RATING: 100 AMP STAR DELTA STARTER	11369	12378	25076	Advance	1	0	1	1	\N	\N	\N	\N	\N	\N	\N	0	0	0	f	2026-06-15 08:15:52.73683	2026-06-15 08:15:52.73683
259981	EXHAUST FAN-2	NA	\N	SIZE:400 MM	11369	19727	31396	BAJAJ	1	0	1	1	\N	\N	\N	\N	\N	\N	\N	0	0	0	f	2026-06-15 08:15:54.451436	2026-06-15 08:15:54.451436
258579	Dewatering Pump	NA	\N	RATING:5 HP	11370	19741	19774	NA	1	0	1	1	\N	\N	\N	\N	\N	\N	\N	0	0	0	f	2026-06-15 08:15:54.496196	2026-06-15 08:15:54.496196
260330	DISCHARGE SLUICE VALVE-3	NA	\N	SIZE: 200 MM SUCTION VALVE	11370	19722	31382	IVC	1	0	1	1	\N	\N	\N	\N	\N	\N	\N	0	0	0	f	2026-06-15 08:17:04.964858	2026-06-15 08:17:04.964858
260258	RTU/PLC CONTROL PANEL-2	NA	\N	\N	11369	12378	19774	NA	1	0	1	1	\N	\N	\N	\N	\N	\N	\N	0	0	0	f	2026-06-15 08:17:06.668337	2026-06-15 08:17:06.668337
259771	MCB-2	NA	\N	RATING:63 AMP MCB -2	11369	12378	19784	L&T	1	0	1	1	\N	\N	\N	\N	\N	\N	\N	0	0	0	f	2026-06-15 08:18:11.449249	2026-06-15 08:18:11.449249
259029	BOOSTER PUMP-01	NA	\N	CAPACITY: 60 HP,HEAD-40 MTR	11370	19721	19778	KBL	1	0	1	1	\N	\N	\N	\N	\N	\N	\N	0	0	0	f	2026-06-15 08:18:12.063783	2026-06-15 08:18:12.063783
259970	MAIN MCCB-3	NA	\N	RATING:600 AMP MCCB	11369	12378	19784	L&T	1	0	1	1	\N	\N	\N	\N	\N	\N	\N	0	0	0	f	2026-06-15 08:19:22.774718	2026-06-15 08:19:22.774718
259027	BOOSTER PUMP-01	NA	\N	CAP: 20 HP/79.2M3/H	11369	19772	19773	Kirloskar	1	0	1	1	\N	\N	\N	\N	\N	\N	\N	0	0	0	f	2026-06-15 08:19:25.020419	2026-06-15 08:19:25.020419
260020	CCTV CAMERA -04	NA	\N	\N	17163	19785	31426	CP PLUS	1	0	2	1	\N	\N	\N	\N	\N	\N	\N	0	0	0	f	2026-06-15 08:30:44.225006	2026-06-15 08:30:44.225006
135824	Booster Pump	UP 100/35	\N	Booster Pump to Consumer Motor Detail: Frame ND180L, Beraing(DE/NDE) 6310 ZZ/6210 ZZ Speed 1470 RPM	11369	12485	20006	Kirloskar Brother Ltd	1	0	1	1	\N	\N	\N	\N	\N	\N	\N	0	0	0	f	2026-06-15 08:30:47.717325	2026-06-15 08:30:47.717325
258593	INLET ELECTROMAGNETIC FLOW METER-1	NA	\N	Size: 125MM.	11371	19746	19774	NA	1	0	2	1	\N	\N	\N	\N	\N	\N	\N	0	0	0	f	2026-06-15 08:31:52.810396	2026-06-15 08:31:52.810396
135733	APFC Panel	APFC Type 1143	\N	Powerfactor Control	11369	12484	19774	NA	1	0	1	1	\N	\N	\N	\N	\N	\N	\N	0	0	0	f	2026-06-15 08:33:01.861617	2026-06-15 08:33:01.861617
259941	UGR INLET VALVE-01	NA	\N	SIZE: 300 MM	11370	19722	19773	Kirloskar	1	0	1	1	\N	\N	\N	\N	\N	\N	\N	0	0	0	f	2026-06-15 08:36:35.175695	2026-06-15 08:36:35.175695
260284	BOOSTER PUMP-01	NA	\N	RATING: 60HP, 324m3/hr Head-33mtrs	11370	19753	19773	Kirloskar	1	0	1	1	\N	\N	\N	\N	\N	\N	\N	0	0	0	f	2026-06-15 08:38:50.058613	2026-06-15 08:38:50.058613
259775	Booster Pump	NA	\N	CAPACITY:30 HP,HEAD-60 MTR	11370	19721	19773	Kirloskar	1	0	1	1	\N	\N	\N	\N	\N	\N	\N	0	0	0	f	2026-06-15 08:36:35.557074	2026-06-15 08:38:51.133448
259074	UGR DISCHARGE VALVE-10	NA	\N	SIZE: 500 MM,GOL MARKET	11370	19722	19773	Kirloskar	1	0	1	1	\N	\N	\N	\N	\N	\N	\N	0	0	0	f	2026-06-15 08:40:03.251571	2026-06-15 08:40:03.251571
258511	BOOSTER PUMP-2	NA	\N	NA	11370	19721	19774	NA	1	0	1	1	\N	\N	\N	\N	\N	\N	\N	0	0	0	f	2026-06-15 08:40:03.402265	2026-06-15 08:40:03.402265
258909	DOL STARTER- 2	NA	\N	RATING: 25 AMP DOL STARTER -2	11369	12378	19784	L&T	1	0	1	1	\N	\N	\N	\N	\N	\N	\N	0	0	0	f	2026-06-15 08:40:05.280881	2026-06-15 08:40:05.280881
259050	APFC Panel	NA	\N	NA	11369	12378	22321	Capital	1	0	1	1	\N	\N	\N	\N	\N	\N	\N	0	0	0	f	2026-06-15 08:41:11.414362	2026-06-15 08:41:11.414362
259749	BOOSTER PUMP-03	NA	\N	CAPACITY: 15 HP	11370	19721	19774	NA	1	0	1	1	\N	\N	\N	\N	\N	\N	\N	0	0	0	f	2026-06-15 08:41:13.833651	2026-06-15 08:41:13.833651
260339	APFC Panel	NA	\N	NA	11369	12378	31436	SIGMA CONROL	1	0	1	1	\N	\N	\N	\N	\N	\N	\N	0	0	0	f	2026-06-15 08:42:20.185326	2026-06-15 08:42:20.185326
258991	SUCTION SLUICE VALVE-01	NA	\N	SIZE: 200 MM SUCTION VALVE	11370	19722	28377	Kiloskar	1	0	1	1	\N	\N	\N	\N	\N	\N	\N	0	0	0	f	2026-06-15 08:47:00.138002	2026-06-15 08:47:00.138002
259997	SUCTION SLUICE VALVE-3	NA	\N	SIZE:400 MM SUCTION VALVE	11370	19722	31382	IVC	1	0	1	1	\N	\N	\N	\N	\N	\N	\N	0	0	0	f	2026-06-15 08:12:19.146421	2026-06-15 09:51:15.649527
258745	DISCHARGE SLUICE VALVE-1	NA	\N	BOOSER PUMP- 1 DISCHARGE SLUICE VALVE-1	11370	19722	19773	Kirloskar	1	0	1	1	\N	\N	\N	\N	\N	\N	\N	0	0	0	f	2026-06-14 17:08:11.294329	2026-06-15 10:02:11.48326
258746	DISCHARGE SLUICE VALVE-2	NA	\N	BOOSER PUMP- 2 DISCHARGE SLUICE VALVE-2	11370	19722	19773	Kirloskar	1	0	1	1	\N	\N	\N	\N	\N	\N	\N	0	0	0	f	2026-06-15 08:38:51.8133	2026-06-15 10:03:27.167452
259780	DISCHARGE SLUICE VALVE-02	NA	\N	SIZE:100 MM DISCHARGE VALVE	11370	19722	31366	SKOPE	1	0	1	1	\N	\N	\N	\N	\N	\N	\N	0	0	0	f	2026-06-15 08:14:37.433479	2026-06-15 10:09:28.895165
260013	NRV-2	NA	\N	SIZE:250 MM NRV	11370	12374	31425	UPADHAYA	1	0	1	1	\N	\N	\N	\N	\N	\N	\N	0	0	0	f	2026-06-15 08:15:48.995721	2026-06-15 10:24:01.062601
135828	Oil Immersed Starter	NA	\N	Oil Immersed Starter	11369	12484	20009	Advance Engineering Works Pvt Ltd	1	0	1	1	\N	\N	\N	\N	\N	\N	\N	0	0	0	f	2026-06-14 17:36:25.893547	2026-06-15 10:43:36.539738
260289	SOFT STARTER-01	NA	\N	\N	11369	12378	19774	NA	1	0	1	1	\N	\N	\N	\N	\N	\N	\N	0	0	0	f	2026-06-15 08:38:54.586882	2026-06-15 10:54:40.75744
258735	STAR-DELTA STARTER-2	NA	\N	RATING:100 AMP LT PANEL	11369	12378	31388	AVON CONTROLS	1	0	1	1	\N	\N	\N	\N	\N	\N	\N	0	0	0	f	2026-06-15 08:47:04.298597	2026-06-15 08:47:04.298597
260026	PUMP HOUSE	PUMP HOUSE ROOM- 01	\N	\N	17164	\N	\N	\N	\N	0	3	1	\N	\N	\N	\N	\N	\N	\N	0	0	0	f	2026-06-15 08:47:07.62359	2026-06-15 08:47:07.62359
135830	change over Switch	NA	\N	NA	11369	12484	20009	Advance Engineering Works Pvt Ltd	1	0	1	1	\N	\N	\N	\N	\N	\N	\N	0	0	0	f	2026-06-15 08:48:13.564497	2026-06-15 08:48:13.564497
259003	ROOM	STAFF ROOMS	\N	STAFF ROOM	17164	\N	\N	\N	\N	0	3	1	\N	\N	\N	\N	\N	\N	\N	0	0	0	f	2026-06-15 08:48:14.694274	2026-06-15 08:48:14.694274
259766	OLD PUMP HOUSE	OLD PUMP HOUSE	\N	NA	17164	\N	\N	\N	\N	0	3	1	\N	\N	\N	\N	\N	\N	\N	0	0	0	f	2026-06-15 08:50:33.805814	2026-06-15 08:50:33.805814
260327	SUCTION SLUICE VALVE-6	NA	\N	SIZE: 150 MM SUCTION VALVE	11370	19722	19774	NA	1	0	1	1	\N	\N	\N	\N	\N	\N	\N	0	0	0	f	2026-06-15 08:50:37.343675	2026-06-15 08:50:37.343675
135861	APFC Panel	NA	\N	powerfactor Control	11369	12484	20007	Neptune RM-8	1	0	1	1	\N	\N	\N	\N	\N	\N	\N	0	0	0	f	2026-06-15 08:50:38.609243	2026-06-15 08:50:38.609243
259955	TOILET ROOM	NA	\N	NOT WORKING CONDITION	17164	\N	\N	\N	\N	0	3	1	\N	\N	\N	\N	\N	\N	\N	0	0	0	f	2026-06-15 08:52:52.123739	2026-06-15 08:52:52.123739
259039	CHARGING PUMP	NA	\N	CAPACITY: 5 HP	11370	19753	19773	Kirloskar	1	0	1	1	\N	\N	\N	\N	\N	\N	\N	0	0	0	f	2026-06-15 08:52:54.121284	2026-06-15 08:52:54.121284
259030	BOOSTER PUMP-02	NA	\N	CAPACITY: 40 HP,HEAD-40MTR	11370	19721	19778	KBL	1	0	1	1	\N	\N	\N	\N	\N	\N	\N	0	0	0	f	2026-06-15 08:52:56.142274	2026-06-15 08:52:56.142274
258829	CEILING FAN_01	NA	\N	CAPACITY: 1200 MM	11369	19727	31396	BAJAJ	1	0	1	1	\N	\N	\N	\N	\N	\N	\N	0	0	0	f	2026-06-15 08:55:16.827979	2026-06-15 08:55:16.827979
258740	BOOSTER PUMP -02	NA	\N	CAPACITY:20 HP, HEAD:35 MTR	11370	19721	19773	Kirloskar	1	0	1	1	\N	\N	\N	\N	\N	\N	\N	0	0	0	f	2026-06-15 08:55:22.152258	2026-06-15 08:55:22.152258
259933	NRV-04	NA	\N	SIZE: 100 MM	11370	19722	31366	SKOPE	1	0	1	1	\N	\N	\N	\N	\N	\N	\N	0	0	0	f	2026-06-15 08:56:28.393183	2026-06-15 08:56:28.393183
259842	BOOSTER PUMP-02	NA	\N	40 HP,H-45 MTR,D-164M^3/HR	11370	19721	31362	CROMPTON	1	0	1	1	\N	\N	\N	\N	\N	\N	\N	0	0	0	f	2026-06-15 08:56:28.790915	2026-06-15 08:56:28.790915
259938	MCCB-1	NA	\N	RATING: 63 AMP	11369	12378	19774	NA	1	0	1	1	\N	\N	\N	\N	\N	\N	\N	0	0	0	f	2026-06-15 08:56:33.533474	2026-06-15 08:56:33.533474
260240	MOTORISED LIQUID ROTOR STARTER-6	NA	\N	\N	11369	12378	19774	NA	1	0	1	1	\N	\N	\N	\N	\N	\N	\N	0	0	0	f	2026-06-15 08:57:42.286518	2026-06-15 08:57:42.286518
259806	MAIN MCCB-1	NA	\N	RATING:200 AMP MAIN MCCB	11369	12378	19781	C&S	1	0	1	1	\N	\N	\N	\N	\N	\N	\N	0	0	0	f	2026-06-15 08:57:44.381233	2026-06-15 08:57:44.381233
259975	LRS-2	NA	\N	CAPACITY:150 HP	11369	12378	31424	EE	1	0	1	1	\N	\N	\N	\N	\N	\N	\N	0	0	0	f	2026-06-15 08:58:52.660777	2026-06-15 08:58:52.660777
258887	OIL IMMERSED STAR DELTA STARTER-01	NA	\N	RATING:60 HP,80 AMP	11369	12378	25076	Advance	1	0	1	1	\N	\N	\N	\N	\N	\N	\N	0	0	0	f	2026-06-15 08:58:54.156128	2026-06-15 08:58:54.156128
258715	MCB-02	NA	\N	RATING:32 AMP	11369	12378	19785	Havells	1	0	1	1	\N	\N	\N	\N	\N	\N	\N	0	0	0	f	2026-06-15 09:00:06.508713	2026-06-15 09:00:06.508713
259829	DISCHARGE SLUICE VALVE-3	NA	\N	SIZE:200 MM DISCHARGE VALVE	11370	19722	19780	KSB	1	0	1	1	\N	\N	\N	\N	\N	\N	\N	0	0	0	f	2026-06-15 09:00:13.407634	2026-06-15 09:00:13.407634
259860	BOOSTER PUMP-04	NA	\N	\N	11370	19721	31416	KIRLOSKAR, BHARAT BIJLEE	1	0	1	1	\N	\N	\N	\N	\N	\N	\N	0	0	0	f	2026-06-15 09:01:22.206381	2026-06-15 09:01:22.206381
258423	BOOSTER PUMP-02	NA	\N	150 HP, CAPACITY: 1328 M3/H	11369	12378	19780	KSB	1	0	1	1	\N	\N	\N	\N	\N	\N	\N	0	0	0	f	2026-06-15 09:01:23.630933	2026-06-15 09:01:23.630933
258629	OIL IMMERSED STAR DELTA STARTER_1	NA	\N	RATING:20 HP	11369	12378	19785	Havells	1	0	1	1	\N	\N	\N	\N	\N	\N	\N	0	0	0	f	2026-06-15 09:01:26.785237	2026-06-15 09:01:26.785237
258974	SUCTION SLUICE VALVE-3	NA	\N	SIZE: 150 MM SUCTION VALVE	11370	19722	28377	Kiloskar	1	0	1	1	\N	\N	\N	\N	\N	\N	\N	0	0	0	f	2026-06-15 09:02:30.417257	2026-06-15 09:02:30.417257
258652	OUTLET ELECTROMAGNETIC FLOWMETER -1	NA	\N	OUTLET ELECTROMAGNETIC FLOWMETER -1	17163	19752	19774	NA	1	0	2	1	\N	\N	\N	\N	\N	\N	\N	0	0	0	f	2026-06-15 09:03:37.29307	2026-06-15 09:03:37.29307
258665	CHANGE OVER	NA	\N	RATING: 100 AMP	11369	12378	19783	Bentex	1	0	1	1	\N	\N	\N	\N	\N	\N	\N	0	0	0	f	2026-06-15 09:03:42.02102	2026-06-15 09:03:42.02102
259769	Main MCCB	NA	\N	RATING:250 AMP MAIN MCCB	11369	12378	31364	STANDARD	1	0	1	1	\N	\N	\N	\N	\N	\N	\N	0	0	0	f	2026-06-15 08:55:14.706417	2026-06-15 09:04:46.79254
258483	BOOSTER PUMP-2	NA	\N	05 HP	11369	12378	31365	JYOTIKA	1	0	1	1	\N	\N	\N	\N	\N	\N	\N	0	0	0	f	2026-06-15 09:04:48.649618	2026-06-15 09:04:48.649618
258670	NRV-2	NA	\N	SIZE: 65 MM	11370	19722	19774	NA	1	0	1	1	\N	\N	\N	\N	\N	\N	\N	0	0	0	f	2026-06-15 09:04:50.572991	2026-06-15 09:04:50.572991
259853	EXHAUST FAN-10	NA	\N	SIZE:22 "	11369	19727	19774	NA	1	0	1	1	\N	\N	\N	\N	\N	\N	\N	0	0	0	f	2026-06-15 09:04:52.52787	2026-06-15 09:04:52.52787
259081	MECHANICAL LEVEL GAUGE-01	NA	\N	NA	11370	19775	19774	NA	1	0	2	1	\N	\N	\N	\N	\N	\N	\N	0	0	0	f	2026-06-15 09:05:59.609334	2026-06-15 09:05:59.609334
259811	STAR DELTA STARTER WITH OIL-02	NA	\N	CAPACITY:25 HP SDS	11369	12378	31411	MEI	1	0	1	1	\N	\N	\N	\N	\N	\N	\N	0	0	0	f	2026-06-15 09:06:05.279471	2026-06-15 09:06:05.279471
258530	LT PANEL-03	NA	\N	RATING: 320 AMP	11369	12378	19785	Havells	1	0	1	1	\N	\N	\N	\N	\N	\N	\N	0	0	0	f	2026-06-15 09:08:23.947625	2026-06-15 09:08:23.947625
258787	NRV- 01	NA	\N	SIZE-100 MM	11370	12374	19773	Kirloskar	1	0	1	1	\N	\N	\N	\N	\N	\N	\N	0	0	0	f	2026-06-15 09:10:47.422098	2026-06-15 09:10:47.422098
135832	Starter Panel	NA	\N	Starter Panel,10HP, 63 AMP	11369	12484	19784	L&T	1	0	1	1	\N	\N	\N	\N	\N	\N	\N	0	0	0	f	2026-06-15 09:10:47.560567	2026-06-15 09:10:47.560567
258732	UGR-02	NA	\N	UGR 2	17164	\N	\N	\N	\N	0	3	1	\N	\N	\N	\N	\N	\N	\N	0	0	0	f	2026-06-15 09:10:49.647704	2026-06-15 09:10:49.647704
258482	BOOSTER PUMP-1	NA	\N	05 HP	11369	12378	31365	JYOTIKA	1	0	1	1	\N	\N	\N	\N	\N	\N	\N	0	0	0	f	2026-06-15 09:12:02.822893	2026-06-15 09:12:02.822893
258542	BOOSTER PUMP-1	NA	\N	CAP: 50 HP/364 M3/HR	11370	19721	31372	L&T/KIRLOSKAR	1	0	1	1	\N	\N	\N	\N	\N	\N	\N	0	0	0	f	2026-06-15 09:12:04.890486	2026-06-15 09:12:04.890486
259047	STAR DELTA STARTER-4	NA	\N	RATING: 125 AMP STAR DELTA STARTER	11369	12378	31404	AVON CONTROL	1	0	1	1	\N	\N	\N	\N	\N	\N	\N	0	0	0	f	2026-06-15 09:12:05.617874	2026-06-15 09:12:05.617874
258708	UGR FLUSHING VALVE	NA	\N	SIZE:250 MM	11370	19722	19773	Kirloskar	1	0	1	1	\N	\N	\N	\N	\N	\N	\N	0	0	0	f	2026-06-15 09:13:12.397647	2026-06-15 09:13:12.397647
258815	PRESSURE GAUGE- 01	NA	\N	NA	11371	19748	19774	NA	1	0	2	1	\N	\N	\N	\N	\N	\N	\N	0	0	0	f	2026-06-15 09:13:14.430431	2026-06-15 09:13:14.430431
258978	DISCHARGE SLUICE VALVE-4	NA	\N	SIZE: 100 MM DISCHARGE VALVE	11370	19722	28377	Kiloskar	1	0	1	1	\N	\N	\N	\N	\N	\N	\N	0	0	0	f	2026-06-15 09:13:18.630135	2026-06-15 09:13:18.630135
260027	PUMP HOUSE	PUMP HOUSE ROOM- 02	\N	\N	17164	\N	\N	\N	\N	0	3	1	\N	\N	\N	\N	\N	\N	\N	0	0	0	f	2026-06-15 09:14:26.346532	2026-06-15 09:14:26.346532
260004	ATS STARTER-1	NA	\N	RATING:200 AMP	11369	12378	31388	AVON CONTROLS	1	0	1	1	\N	\N	\N	\N	\N	\N	\N	0	0	0	f	2026-06-15 09:14:27.897163	2026-06-15 09:14:27.897163
259925	UGR INLET SUCTION VALVE -02	NA	\N	SIZE: 450 MM	11370	19722	19773	Kirloskar	1	0	1	1	\N	\N	\N	\N	\N	\N	\N	0	0	0	f	2026-06-15 09:14:30.480963	2026-06-15 09:14:30.480963
135777	Booster Pump	100/125 BST TA	\N	Booster Pump	11369	12485	20006	Kirloskar Brother Ltd	1	0	1	1	\N	\N	\N	\N	\N	\N	\N	0	0	0	f	2026-06-15 09:15:40.046612	2026-06-15 09:15:40.046612
259814	BALL VALVE- 01	NA	\N	SIZE:40 MM BALL VALVE	11370	19724	31412	DEEPAK	1	0	1	1	\N	\N	\N	\N	\N	\N	\N	0	0	0	f	2026-06-15 09:15:42.104436	2026-06-15 09:15:42.104436
258885	DG ROOM	NA	\N	NA	17164	\N	\N	\N	\N	0	3	1	\N	\N	\N	\N	\N	\N	\N	0	0	0	f	2026-06-15 09:16:48.855723	2026-06-15 09:16:48.855723
183026	Oil Starter	NA	\N	Capacity: 60HP.	11369	12484	25076	Advance	1	0	1	1	\N	\N	\N	\N	\N	\N	\N	0	0	0	f	2026-06-15 09:16:51.962899	2026-06-15 09:16:51.962899
258682	BP-2 SUCTION SV-2	NA	\N	SIZE: 200 MM	11370	19722	19780	KSB	1	0	1	1	\N	\N	\N	\N	\N	\N	\N	0	0	0	f	2026-06-15 09:16:53.958236	2026-06-15 09:16:53.958236
258630	OIL IMMERSED STAR DELTA STARTER_2	NA	\N	RATING:20 HP	11369	12378	19785	Havells	1	0	1	1	\N	\N	\N	\N	\N	\N	\N	0	0	0	f	2026-06-15 09:16:53.975132	2026-06-15 09:16:53.975132
258890	OIL IMMERSED STAR DELTA STARTER-04	NA	\N	RATING:60 HP,80 AMP	11369	12378	25076	Advance	1	0	1	1	\N	\N	\N	\N	\N	\N	\N	0	0	0	f	2026-06-15 09:18:07.754361	2026-06-15 09:18:07.754361
260021	CCTV CAMERA -05	NA	\N	\N	17163	19785	31426	CP PLUS	1	0	2	1	\N	\N	\N	\N	\N	\N	\N	0	0	0	f	2026-06-15 09:20:28.28705	2026-06-15 09:20:28.28705
259790	DISCHARGE SLUICE VALVE- 02	NA	\N	SIZE-100 MM	11370	19722	31366	SKOPE	1	0	1	1	\N	\N	\N	\N	\N	\N	\N	0	0	0	f	2026-06-15 09:18:01.680138	2026-06-15 10:14:17.772565
259820	LT Panel	NA	\N	RATING:200 AMP LT PANEL	11369	12378	31364	STANDARD	1	0	1	1	\N	\N	\N	\N	\N	\N	\N	0	0	0	f	2026-06-15 09:18:05.702408	2026-06-15 10:38:47.208409
260248	MAIN HEADER SLUICE VALVE	NA	\N	\N	11370	19722	19773	Kirloskar	1	0	1	1	\N	\N	\N	\N	\N	\N	\N	0	0	0	f	2026-06-15 08:58:58.633124	2026-06-15 11:00:44.751722
258894	INLET SUCTION SLUICE VALVE	NA	\N	SIZE: 400 MM	11370	19722	19773	Kirloskar	1	0	1	1	\N	\N	\N	\N	\N	\N	\N	0	0	0	f	2026-06-15 09:20:31.07836	2026-06-15 09:20:31.07836
258531	LT PANEL-04	NA	\N	RATING: 320 AMP	11369	12378	19785	Havells	1	0	1	1	\N	\N	\N	\N	\N	\N	\N	0	0	0	f	2026-06-15 09:20:32.961276	2026-06-15 09:20:32.961276
258964	BOOSTER PUMP-01	NA	\N	CAPACITY: 60 HP,HEAD-45 MTR	11370	19721	31397	KIRLOSKAR/LUBI	1	0	1	1	\N	\N	\N	\N	\N	\N	\N	0	0	0	f	2026-06-15 09:21:37.985591	2026-06-15 09:21:37.985591
259971	MAIN MCCB-4	NA	\N	RATING:600 AMP MCCB	11369	12378	19784	L&T	1	0	1	1	\N	\N	\N	\N	\N	\N	\N	0	0	0	f	2026-06-15 09:21:40.850579	2026-06-15 09:21:40.850579
259831	NRV-1	NA	\N	SIZE:150 MM NRV	11370	12374	19780	KSB	1	0	1	1	\N	\N	\N	\N	\N	\N	\N	0	0	0	f	2026-06-15 09:22:53.672577	2026-06-15 09:22:53.672577
258869	ELECTROMAGNETIC FLOW METER -03	NA	\N	EMF OUTLET LINE MES-1	17163	19764	19774	NA	1	0	2	1	\N	\N	\N	\N	\N	\N	\N	0	0	0	f	2026-06-15 09:22:57.279488	2026-06-15 09:22:57.279488
135770	Booster Pump	UP 100/36	\N	Booster Pump to Consumers	11369	12485	19780	KSB	1	0	1	1	\N	\N	\N	\N	\N	\N	\N	0	0	0	f	2026-06-15 09:24:04.057337	2026-06-15 09:24:04.057337
135756	Main MCCB	NA	\N	Main MCCB	11369	12485	19784	L&T	1	0	1	1	\N	\N	\N	\N	\N	\N	\N	0	0	0	f	2026-06-15 09:24:08.468495	2026-06-15 09:24:08.468495
260242	RTU/PLC CONTROL PANEL (HT & LT PANEL)-2	NA	\N	RATING: 11000V/415V	11369	12378	19774	NA	1	0	1	1	\N	\N	\N	\N	\N	\N	\N	0	0	0	f	2026-06-15 09:26:22.286782	2026-06-15 09:26:22.286782
259793	STAR DELTA STARTER-1 WITH OIL	NA	\N	CAPACITY:60 HP	11369	12378	25076	Advance	1	0	1	1	\N	\N	\N	\N	\N	\N	\N	0	0	0	f	2026-06-15 09:26:25.744288	2026-06-15 09:26:25.744288
258614	change over Switch	NA	\N	RATING:200 AMP	11369	12378	19781	C&S	1	0	1	1	\N	\N	\N	\N	\N	\N	\N	0	0	0	f	2026-06-15 09:27:39.769298	2026-06-15 09:27:39.769298
258870	ELECTROMAGNETIC FLOW METER -04	NA	\N	EMF OUTLET LINE SOUTH DELHI	17163	19764	19774	NA	1	0	2	1	\N	\N	\N	\N	\N	\N	\N	0	0	0	f	2026-06-15 09:27:42.112555	2026-06-15 09:27:42.112555
135744	change over Switch	NA	\N	Change over Switch	11369	12485	19784	L&T	1	0	1	1	\N	\N	\N	\N	\N	\N	\N	0	0	0	f	2026-06-15 09:28:46.977168	2026-06-15 09:28:46.977168
258905	ELECTROMAGNETIC FLOW METER- 01	NA	\N	EMF_01_INLET_PALAM	17163	19764	19774	NA	1	0	2	1	\N	\N	\N	\N	\N	\N	\N	0	0	0	f	2026-06-15 09:28:51.974842	2026-06-15 09:28:51.974842
259007	CHANGEOVER-02	NA	\N	RATING : 200 AMP	11369	12378	19780	KSB	1	0	1	1	\N	\N	\N	\N	\N	\N	\N	0	0	0	f	2026-06-15 09:28:54.773644	2026-06-15 09:28:54.773644
260206	EXHAUST FAN-8	NA	\N	SIZE:22 "	11369	19727	19774	NA	1	0	1	1	\N	\N	\N	\N	\N	\N	\N	0	0	0	f	2026-06-15 09:30:03.818571	2026-06-15 09:30:03.818571
258882	BOOSTER PUMP-02	NA	\N	CAPACITY: 20 HP,H: 21 MTR,D: 279 M^3/HR	11370	19721	31400	MATHER PLATT	1	0	1	1	\N	\N	\N	\N	\N	\N	\N	0	0	0	f	2026-06-15 09:40:14.968314	2026-06-15 09:40:14.968314
259939	MCB-1	NA	\N	RATING: 32 AMP	11369	12378	19774	NA	1	0	1	1	\N	\N	\N	\N	\N	\N	\N	0	0	0	f	2026-06-15 09:40:24.076307	2026-06-15 09:40:24.076307
135727	Main MCCB	DU 100 MCCB	\N	Main MCCB	11369	12484	19784	L&T	1	0	1	1	\N	\N	\N	\N	\N	\N	\N	0	0	0	f	2026-06-15 09:41:33.500375	2026-06-15 09:41:33.500375
135750	Valve	Discharge Valve	\N	Pump Discharge Valve	11370	12373	19780	KSB	1	0	1	1	\N	\N	\N	\N	\N	\N	\N	0	0	0	f	2026-06-15 09:42:40.667032	2026-06-15 09:42:40.667032
135723	change over Switch	NA	\N	Change over Switch	11369	12485	19774	NA	1	0	1	1	\N	\N	\N	\N	\N	\N	\N	0	0	0	f	2026-06-15 09:20:28.909576	2026-06-15 09:42:40.985101
259893	BOOSTER PUMP-01	NA	\N	\N	11370	19721	31417	KIRLOSKAR,CG	1	0	1	1	\N	\N	\N	\N	\N	\N	\N	0	0	0	f	2026-06-15 09:42:43.93018	2026-06-15 09:42:43.93018
258529	LT PANEL-02	NA	\N	RATING: 320 AMP	11369	12378	19785	Havells	1	0	1	1	\N	\N	\N	\N	\N	\N	\N	0	0	0	f	2026-06-15 09:42:45.913666	2026-06-15 09:42:45.913666
259066	Booster Pump	BOOSTER PUMP	\N	BOOSTER PUMP	17164	\N	\N	\N	\N	0	3	1	\N	\N	\N	\N	\N	\N	\N	0	0	0	f	2026-06-15 09:45:11.506974	2026-06-15 09:45:11.506974
260254	MOTORISED LIQUID ROTOR STARTER -6	NA	\N	\N	11369	12378	19774	NA	1	0	1	1	\N	\N	\N	\N	\N	\N	\N	0	0	0	f	2026-06-15 09:46:19.3268	2026-06-15 09:46:19.3268
259755	DISCHARGE SLUICE VALVE-02	NA	\N	SIZE: 200 MM	11370	19722	31401	PNIG	1	0	1	1	\N	\N	\N	\N	\N	\N	\N	0	0	0	f	2026-06-15 09:46:27.055119	2026-06-15 09:46:27.055119
260237	MOTORISED LIQUID ROTOR STARTER-3	NA	\N	\N	11369	12378	19774	NA	1	0	1	1	\N	\N	\N	\N	\N	\N	\N	0	0	0	f	2026-06-15 09:47:39.022464	2026-06-15 09:47:39.022464
259857	BOOSTER PUMP-01	NA	\N	\N	11370	19721	31415	KIRLOSKAR, CROMPTON GREEVES	1	0	1	1	\N	\N	\N	\N	\N	\N	\N	0	0	0	f	2026-06-15 09:48:45.509328	2026-06-15 09:48:45.509328
260295	BOOSTER PUMP-1	NA	\N	NA	11370	19753	31434	KIRLOSKAR, BENTEK	1	0	1	1	\N	\N	\N	\N	\N	\N	\N	0	0	0	f	2026-06-15 09:48:46.918739	2026-06-15 09:48:46.918739
135719	change over Switch	NA	\N	4P Change Over Switch	11369	12485	19783	Bentex	1	0	1	1	\N	\N	\N	\N	\N	\N	\N	0	0	0	f	2026-06-15 09:48:48.967796	2026-06-15 09:48:48.967796
259882	PRESSURE GAUGE-07	NA	\N	\N	17163	19728	19774	NA	1	0	2	1	\N	\N	\N	\N	\N	\N	\N	0	0	0	f	2026-06-15 09:50:03.444539	2026-06-15 09:50:03.444539
259753	NRV-1	NA	\N	SIZE: 200 MM	11370	12374	31401	PNIG	1	0	1	1	\N	\N	\N	\N	\N	\N	\N	0	0	0	f	2026-06-15 09:52:22.538908	2026-06-15 09:52:22.538908
260241	RTU/PLC CONTROL PANEL (HT & LT PANEL)-1	NA	\N	RATING: 11000V/415V	11369	12378	19774	NA	1	0	1	1	\N	\N	\N	\N	\N	\N	\N	0	0	0	f	2026-06-15 09:52:26.554148	2026-06-15 09:52:26.554148
258712	ELECTROMAGNETIC FLOW METER-04	NA	\N	NA	11371	19747	19774	NA	1	0	2	1	\N	\N	\N	\N	\N	\N	\N	0	0	0	f	2026-06-15 09:52:29.006139	2026-06-15 09:52:29.006139
259940	INTELLIGENCE PF CONTROLLER	NA	\N	NOT IN WORKING CONDITION	11369	12378	19785	Havells	1	0	1	1	\N	\N	\N	\N	\N	\N	\N	0	0	0	f	2026-06-15 09:53:34.046413	2026-06-15 09:53:34.046413
259032	INLET SLUICE VALVE-2	NA	\N	SIZE : 200 MM INLET VALVE	11370	19722	19773	Kirloskar	1	0	1	1	\N	\N	\N	\N	\N	\N	\N	0	0	0	f	2026-06-15 09:53:38.172434	2026-06-15 09:53:38.172434
258874	UGR-3	UGR-3	\N	UGR -3 NOT WORKING	17164	\N	\N	\N	\N	0	3	1	\N	\N	\N	\N	\N	\N	\N	0	0	0	f	2026-06-15 09:53:40.181671	2026-06-15 09:53:40.181671
259996	SUCTION SLUICE VALVE-2	NA	\N	SIZE:400 MM SUCTION VALVE	11370	19722	31382	IVC	1	0	1	1	\N	\N	\N	\N	\N	\N	\N	0	0	0	f	2026-06-15 09:53:40.322559	2026-06-15 09:53:40.322559
135710	Main MCCB	DN2 250D	\N	Main MCCB	11369	12485	19774	NA	1	0	1	1	\N	\N	\N	\N	\N	\N	\N	0	0	0	f	2026-06-15 09:56:00.921029	2026-06-15 09:56:00.921029
259784	STAR DELTA STARTER- 02	NA	\N	NA	11369	12378	19784	L&T	1	0	1	1	\N	\N	\N	\N	\N	\N	\N	0	0	0	f	2026-06-15 09:56:05.117674	2026-06-15 09:56:05.117674
258806	BP- 03 PRESSURE GAUGE-01	NA	\N	NA	11371	19748	19774	NA	1	0	2	1	\N	\N	\N	\N	\N	\N	\N	0	0	0	f	2026-06-15 09:57:11.137263	2026-06-15 09:57:11.137263
260115	APFC PANEL-2	NA	\N	\N	11369	12378	19774	NA	1	0	1	1	\N	\N	\N	\N	\N	\N	\N	0	0	0	f	2026-06-15 09:57:13.269207	2026-06-15 09:57:13.269207
259825	SUCTION SLUICE VALVE-1	NA	\N	SIZE:150 MM SUCTON VALVE	11370	19722	19780	KSB	1	0	1	1	\N	\N	\N	\N	\N	\N	\N	0	0	0	f	2026-06-15 09:58:32.031633	2026-06-15 09:58:32.031633
260210	BOOSTER PUMP-3	NA	\N	CAP: 2835 m3/hr	11370	19721	31428	FLOW MORE KIRLOSKAR ELECTRIC	1	0	1	1	\N	\N	\N	\N	\N	\N	\N	0	0	0	f	2026-06-15 09:58:32.78155	2026-06-15 09:58:32.78155
258917	CHARGE BALL VALVE-03	NA	\N	SIZE: 40 MM	11370	19724	19773	Kirloskar	1	0	1	1	\N	\N	\N	\N	\N	\N	\N	0	0	0	f	2026-06-15 09:59:37.935688	2026-06-15 09:59:37.935688
260275	ELECTROMAGNETIC FLOW METER-2	NA	\N	\N	17163	19764	19774	NA	1	0	2	1	\N	\N	\N	\N	\N	\N	\N	0	0	0	f	2026-06-15 10:02:13.708478	2026-06-15 10:02:13.708478
259758	NRV-2	NA	\N	SIZE: 500 MM	11370	12374	31402	VASS	1	0	1	1	\N	\N	\N	\N	\N	\N	\N	0	0	0	f	2026-06-15 10:03:19.488268	2026-06-15 10:03:19.488268
259923	EOT	NA	\N	CAPACITY: 2 TON	11369	12378	19774	NA	1	0	1	1	\N	\N	\N	\N	\N	\N	\N	0	0	0	f	2026-06-15 10:03:22.034181	2026-06-15 10:03:22.034181
259826	SUCTION SLUICE VALVE-2	NA	\N	SIZE:150 MM SUCTION VALVE	11370	19722	19780	KSB	1	0	1	1	\N	\N	\N	\N	\N	\N	\N	0	0	0	f	2026-06-15 10:03:24.294584	2026-06-15 10:03:24.294584
258904	PRESSURE GAUGE-06	NA	\N	NA	11371	19748	19774	NA	1	0	2	1	\N	\N	\N	\N	\N	\N	\N	0	0	0	f	2026-06-15 10:05:54.773722	2026-06-15 10:05:54.773722
259950	MECHANICAL LEVEL GAUGE	NA	\N	NA	17163	19766	19774	NA	1	0	2	1	\N	\N	\N	\N	\N	\N	\N	0	0	0	f	2026-06-15 10:07:02.339976	2026-06-15 10:07:02.339976
260216	INLET SLUICE VALVE-02	NA	\N	SIZE: 600 mm	11370	19722	19773	Kirloskar	1	0	1	1	\N	\N	\N	\N	\N	\N	\N	0	0	0	f	2026-06-15 08:36:36.904662	2026-06-15 10:37:28.747029
258581	PLC PANEL	NA	\N	NA	11371	19742	31378	CORONENT	1	0	2	1	\N	\N	\N	\N	\N	\N	\N	0	0	0	f	2026-06-15 09:58:23.418628	2026-06-15 10:40:02.020233
260231	DISCHARGE SLUICE VALVE-05	NA	\N	SIZE: 500 mm	11370	19722	19773	Kirloskar	1	0	1	1	\N	\N	\N	\N	\N	\N	\N	0	0	0	f	2026-06-15 09:42:46.280923	2026-06-15 10:43:38.726134
260009	SUCTION SLUICE VALVE-2	NA	\N	SIZE:300 MM SUCTION VALVE	11370	19722	31425	UPADHAYA	1	0	1	1	\N	\N	\N	\N	\N	\N	\N	0	0	0	f	2026-06-15 10:03:17.184003	2026-06-15 10:43:40.682209
260290	SOFT STARTER-02	NA	\N	\N	11369	12378	19774	NA	1	0	1	1	\N	\N	\N	\N	\N	\N	\N	0	0	0	f	2026-06-15 08:51:46.960189	2026-06-15 10:55:53.384003
258438	OIL IMMERSED MANUALLY STAR DELTA STARTER_3	NA	\N	40 HP	11369	12378	25076	Advance	1	0	1	1	\N	\N	\N	\N	\N	\N	\N	0	0	0	f	2026-06-15 10:08:17.928118	2026-06-15 10:08:17.928118
260300	NRV-02	NA	\N	\N	11370	12374	31382	IVC	1	0	1	1	\N	\N	\N	\N	\N	\N	\N	0	0	0	f	2026-06-15 10:09:29.957604	2026-06-15 10:09:29.957604
258556	PUMP HOUSE ROOM-2	NA	\N	\N	17164	\N	\N	\N	\N	0	3	1	\N	\N	\N	\N	\N	\N	\N	0	0	0	f	2026-06-15 10:11:52.912639	2026-06-15 10:11:52.912639
258792	FUSE- 02	NA	\N	RATING:500 AMP	11369	12378	19774	NA	1	0	1	1	\N	\N	\N	\N	\N	\N	\N	0	0	0	f	2026-06-15 10:11:59.333844	2026-06-15 10:11:59.333844
258811	SUCTION VALVE_01	NA	\N	SIZE: 200 MM	11370	19722	19773	Kirloskar	1	0	1	1	\N	\N	\N	\N	\N	\N	\N	0	0	0	f	2026-06-15 10:13:04.491103	2026-06-15 10:13:04.491103
260287	BOOSTER PUMP-04	NA	\N	RATING: 60HP, 324m3/hr Head-33mtrs	11370	19753	19773	Kirloskar	1	0	1	1	\N	\N	\N	\N	\N	\N	\N	0	0	0	f	2026-06-15 10:13:04.996021	2026-06-15 10:13:04.996021
258617	SUCTION SLUICE VALVE	NA	\N	SIZE:100 MM	11370	19722	31382	IVC	1	0	1	1	\N	\N	\N	\N	\N	\N	\N	0	0	0	f	2026-06-15 10:13:08.902266	2026-06-15 10:13:08.902266
259808	MCCB-3	NA	\N	RATING:63 AMP MCB	11369	12378	31364	STANDARD	1	0	1	1	\N	\N	\N	\N	\N	\N	\N	0	0	0	f	2026-06-15 10:14:20.240377	2026-06-15 10:14:20.240377
135742	LT Panel Main MCCB	DN2 250N	\N	LT Panel Main MCCB	11369	12485	19774	NA	1	0	1	1	\N	\N	\N	\N	\N	\N	\N	0	0	0	f	2026-06-15 10:14:20.239917	2026-06-15 10:14:20.239917
259977	LRS-4	NA	\N	CAPACITY:120 HP	11369	12378	31424	EE	1	0	1	1	\N	\N	\N	\N	\N	\N	\N	0	0	0	f	2026-06-15 10:14:22.306939	2026-06-15 10:14:22.306939
258655	COMPARTMENT-2	COMPARTMENT-2	\N	CAPACITY: 6 MGD UGR-02	17164	\N	\N	\N	\N	0	3	1	\N	\N	\N	\N	\N	\N	\N	0	0	0	f	2026-06-15 10:15:28.862379	2026-06-15 10:15:28.862379
258810	BP-02 OIL IMMERSED STAR DELTA STARTER_1	NA	\N	RATING:50 HP	11369	19762	25076	Advance	1	0	1	1	\N	\N	\N	\N	\N	\N	\N	0	0	0	f	2026-06-15 10:16:42.61377	2026-06-15 10:16:42.61377
258897	OIL IMMERSED STAR DELTA STARTER_1	NA	\N	RATING:60 HP,80 AMP	11369	12378	25076	Advance	1	0	1	1	\N	\N	\N	\N	\N	\N	\N	0	0	0	f	2026-06-15 10:16:46.218985	2026-06-15 10:16:46.218985
258691	DEWATERING PUMP_1	NA	\N	DEWATERINH PUMP, CAP: 5 HP	11370	19753	19773	Kirloskar	1	0	1	1	\N	\N	\N	\N	\N	\N	\N	0	0	0	f	2026-06-15 10:17:59.040838	2026-06-15 10:17:59.040838
260276	PRESSURE GUAGE-1	NA	\N	\N	17163	19787	19774	NA	1	0	2	1	\N	\N	\N	\N	\N	\N	\N	0	0	0	f	2026-06-15 10:18:01.614401	2026-06-15 10:18:01.614401
258662	4 POLE MCCB	NA	\N	RATING: 63 AMP	11369	12378	31384	SCHNEIDER	1	0	1	1	\N	\N	\N	\N	\N	\N	\N	0	0	0	f	2026-06-15 10:19:08.813654	2026-06-15 10:19:08.813654
258979	NRV-01	NA	\N	SIZE: 150 MM NRV VALVE	11370	12374	28377	Kiloskar	1	0	1	1	\N	\N	\N	\N	\N	\N	\N	0	0	0	f	2026-06-15 10:19:11.310043	2026-06-15 10:19:11.310043
260344	DISCHARGE SLUICE VALVE-3	NA	\N	SIZE: 300 MM DISCHARGE VALVE	11370	19722	31425	UPADHAYA	1	0	1	1	\N	\N	\N	\N	\N	\N	\N	0	0	0	f	2026-06-15 10:20:19.156032	2026-06-15 10:20:19.156032
258683	BP-2 DISCHARGE DV-2	NA	\N	SIZE: 200 MM	11370	19722	19780	KSB	1	0	1	1	\N	\N	\N	\N	\N	\N	\N	0	0	0	f	2026-06-15 10:25:11.627329	2026-06-15 10:25:11.627329
135860	Dewatering Pump	NA	\N	Dewatering Pump	11369	12485	19773	Kirloskar	1	0	1	1	\N	\N	\N	\N	\N	\N	\N	0	0	0	f	2026-06-15 10:26:29.096668	2026-06-15 10:26:29.096668
258976	DISCHARGE SLUICE VALVE-2	NA	\N	SIZE: 150 MM DISCHARGE VALVE	11370	19722	28377	Kiloskar	1	0	1	1	\N	\N	\N	\N	\N	\N	\N	0	0	0	f	2026-06-15 10:26:30.703922	2026-06-15 10:26:30.703922
258839	BP_02_DISCHARGE SLUICE VALVE-01	NA	\N	BOOSTER PUMP-02_DV-01 SIZE: 200 MM	11370	19722	19773	Kirloskar	1	0	1	1	\N	\N	\N	\N	\N	\N	\N	0	0	0	f	2026-06-15 10:27:35.093749	2026-06-15 10:27:35.093749
258460	LT PANEL BUS COUPLER ACB	NA	\N	1250 Amp	11369	12378	19774	NA	1	0	1	1	\N	\N	\N	\N	\N	\N	\N	0	0	0	f	2026-06-15 10:27:43.303674	2026-06-15 10:27:43.303674
258731	UGR-01	NA	\N	UGR 1	17164	\N	\N	\N	\N	0	3	1	\N	\N	\N	\N	\N	\N	\N	0	0	0	f	2026-06-15 10:27:43.922765	2026-06-15 10:27:43.922765
258701	UGR SUCTION VALVE-01	NA	\N	SIZE:600 MM	11370	19722	19773	Kirloskar	1	0	1	1	\N	\N	\N	\N	\N	\N	\N	0	0	0	f	2026-06-15 10:28:49.943505	2026-06-15 10:28:49.943505
260214	Dewatering Pump	NA	\N	RATING: 10 HP	11370	19753	31429	MODI PUMP	1	0	1	1	\N	\N	\N	\N	\N	\N	\N	0	0	0	f	2026-06-15 10:28:53.03006	2026-06-15 10:28:53.03006
259841	CHARGING PUMP-01	NA	\N	CAPACITY:5 HP	11370	19744	19773	Kirloskar	1	0	1	1	\N	\N	\N	\N	\N	\N	\N	0	0	0	f	2026-06-15 10:30:04.623042	2026-06-15 10:30:04.623042
260244	BOOSTER PUMP-1	NA	\N	\N	11370	19721	31430	KIRLOSKAR SUPREME & BECON	1	0	1	1	\N	\N	\N	\N	\N	\N	\N	0	0	0	f	2026-06-15 10:30:06.824978	2026-06-15 10:30:06.824978
258896	SUCTION SLUICE VALVE-04	NA	\N	SIZE: 100 MM	11370	19722	19773	Kirloskar	1	0	1	1	\N	\N	\N	\N	\N	\N	\N	0	0	0	f	2026-06-15 10:03:19.040242	2026-06-15 10:30:07.414895
259053	BOOSTER PUMP-3	NA	\N	CAPACITY: 60 HP,HEAD-40 MTR	11370	19721	31405	LUBI	1	0	1	1	\N	\N	\N	\N	\N	\N	\N	0	0	0	f	2026-06-15 10:30:09.119374	2026-06-15 10:30:09.119374
260282	CIVIL	TOILET	\N	TOILET	17180	\N	\N	\N	\N	0	3	1	\N	\N	\N	\N	\N	\N	\N	0	0	0	f	2026-06-14 21:31:46.858515	2026-06-15 10:30:11.297044
260262	END SUCTION CHARGING PUMP-1	NA	\N	\N	11370	19781	19773	Kirloskar	1	0	1	1	\N	\N	\N	\N	\N	\N	\N	0	0	0	f	2026-06-15 10:31:29.597454	2026-06-15 10:31:29.597454
260345	NRV-3	NA	\N	SIZE: 300 MM NRV	11370	12374	31425	UPADHAYA	1	0	1	1	\N	\N	\N	\N	\N	\N	\N	0	0	0	f	2026-06-15 10:32:35.070658	2026-06-15 10:32:35.070658
258439	PALAM UGR_LRS WITH OCB- 150 AMP_1	NA	\N	150 HP	11369	12378	25076	Advance	1	0	1	1	\N	\N	\N	\N	\N	\N	\N	0	0	0	f	2026-06-15 10:32:41.667631	2026-06-15 10:32:41.667631
258619	NRV	NA	\N	SIZE:100 MM	11370	12374	31382	IVC	1	0	1	1	\N	\N	\N	\N	\N	\N	\N	0	0	0	f	2026-06-15 10:32:43.797781	2026-06-15 10:32:43.797781
259922	EXHAUST FAN-01	NA	\N	SIZE: 400 MM	11369	19727	31396	BAJAJ	1	0	1	1	\N	\N	\N	\N	\N	\N	\N	0	0	0	f	2026-06-15 10:33:49.398312	2026-06-15 10:33:49.398312
135806	Booster Pump	KDS 2050+	\N	Motor No 1, Type KDS 2050+, Sr. No A23ZKN000310, Head 42 mtr	11369	12485	20006	Kirloskar Brother Ltd	1	0	1	1	\N	\N	\N	\N	\N	\N	\N	0	0	0	f	2026-06-14 15:52:45.276968	2026-06-15 10:35:01.225479
259008	APFC Panel	NA	\N	RATING: 80 KVR	11369	12378	19784	L&T	1	0	1	1	\N	\N	\N	\N	\N	\N	\N	0	0	0	f	2026-06-15 10:35:01.596895	2026-06-15 10:35:01.596895
260230	DISCHARGE SLUICE VALVE-04	NA	\N	SIZE: 600 mm	11370	19722	19773	Kirloskar	1	0	1	1	\N	\N	\N	\N	\N	\N	\N	0	0	0	f	2026-06-15 10:35:08.255836	2026-06-15 10:35:08.255836
260316	STAR DELTA STARTER-2	NA	\N	CAPACITY: 60 HP	11369	12378	20008	HPL	1	0	1	1	\N	\N	\N	\N	\N	\N	\N	0	0	0	f	2026-06-15 10:37:29.064693	2026-06-15 10:37:29.064693
258563	BP-1 NRV-1	NA	\N	SIZE: 80 MM	11370	12374	19773	Kirloskar	1	0	1	1	\N	\N	\N	\N	\N	\N	\N	0	0	0	f	2026-06-15 10:37:30.686283	2026-06-15 10:37:30.686283
259961	HT PANEL-4	NA	\N	NA	11369	15848	19784	L&T	1	0	1	1	\N	\N	\N	\N	\N	\N	\N	0	0	0	f	2026-06-15 10:37:31.793802	2026-06-15 10:37:31.793802
260113	ACTUATOR-5	NA	\N	\N	11369	12378	31432	AUMA	1	0	1	1	\N	\N	\N	\N	\N	\N	\N	0	0	0	f	2026-06-15 10:37:33.527088	2026-06-15 10:37:33.527088
259014	BOOSTER PUMP-02	NA	\N	RATING: 25 HP	11370	19721	31401	PNIG	1	0	1	1	\N	\N	\N	\N	\N	\N	\N	0	0	0	f	2026-06-15 10:38:49.375908	2026-06-15 10:38:49.375908
135791	change over Switch	COS 200	\N	On load Changeover Switch	11369	12484	19790	HPS	1	0	1	1	\N	\N	\N	\N	\N	\N	\N	0	0	0	f	2026-06-15 10:39:54.646607	2026-06-15 10:39:54.646607
259787	SUCTION SLUICE VALVE- 01	NA	\N	SIZE-100 MM	11370	19722	31366	SKOPE	1	0	1	1	\N	\N	\N	\N	\N	\N	\N	0	0	0	f	2026-06-15 10:39:59.986846	2026-06-15 10:39:59.986846
258791	FUSE - 01	NA	\N	RATING:500 AMP	11369	12378	19774	NA	1	0	1	1	\N	\N	\N	\N	\N	\N	\N	0	0	0	f	2026-06-15 10:40:04.205215	2026-06-15 10:40:04.205215
260123	SOFT STARTER-4	NA	\N	\N	11369	12378	31384	SCHNEIDER	1	0	1	1	\N	\N	\N	\N	\N	\N	\N	0	0	0	f	2026-06-15 10:41:07.815988	2026-06-15 10:41:07.815988
259800	PRESSURE GUAGE- 01	NA	\N	CAPACITY:(0-10 KG/CM2) PRESSURE GUAGE	11370	19778	31361	GURU	1	0	1	1	\N	\N	\N	\N	\N	\N	\N	0	0	0	f	2026-06-15 10:42:24.724035	2026-06-15 10:42:24.724035
135731	UGR Inlet Feed Pump	NA	\N	UGR Inlet Feed Pump	11369	12485	19774	NA	1	0	1	1	\N	\N	\N	\N	\N	\N	\N	0	0	0	f	2026-06-15 10:42:24.812786	2026-06-15 10:42:24.812786
260350	STAR DELTA STARTER-1	NA	\N	\N	11369	12378	22321	Capital	1	0	1	1	\N	\N	\N	\N	\N	\N	\N	0	0	0	f	2026-06-15 10:42:26.690033	2026-06-15 10:42:26.690033
258620	OIL STARTER (STAR DELTA STARTER)	NA	\N	RATING: 10 HP	11369	12378	19783	Bentex	1	0	1	1	\N	\N	\N	\N	\N	\N	\N	0	0	0	f	2026-06-15 10:42:28.876835	2026-06-15 10:42:28.876835
260294	CHANGE OVER	NA	\N	RATING: 100 AMP /415 V	11369	12378	31433	BENTEK	1	0	1	1	\N	\N	\N	\N	\N	\N	\N	0	0	0	f	2026-06-15 10:43:34.362009	2026-06-15 10:43:34.362009
259916	MCCB-01	NA	\N	RATING:200 AMP	11369	12378	19784	L&T	1	0	1	1	\N	\N	\N	\N	\N	\N	\N	0	0	0	f	2026-06-15 10:43:42.321734	2026-06-15 10:43:42.321734
259028	CEILING FAN	NA	\N	SIZE: 1200 MM	11369	19727	19774	NA	1	0	1	1	\N	\N	\N	\N	\N	\N	\N	0	0	0	f	2026-06-15 10:44:50.530183	2026-06-15 10:44:50.530183
259840	ULTRASONIC LEVEL TRANSMITTER	NA	\N	\N	17163	19732	31403	PIOUS	1	0	2	1	\N	\N	\N	\N	\N	\N	\N	0	0	0	f	2026-06-15 10:46:02.653875	2026-06-15 10:46:02.653875
135747	Main Fuse	NA	\N	Main Fuse	11369	12485	19784	L&T	1	0	1	1	\N	\N	\N	\N	\N	\N	\N	0	0	0	f	2026-06-15 10:46:03.159956	2026-06-15 10:46:03.159956
260209	BOOSTER PUMP-2	NA	\N	CAP: 2835 m3/hr	11370	19721	31428	FLOW MORE KIRLOSKAR ELECTRIC	1	0	1	1	\N	\N	\N	\N	\N	\N	\N	0	0	0	f	2026-06-15 10:47:19.879893	2026-06-15 10:47:19.879893
259774	EXHAUST FAN	NA	\N	SIZE: 400 MM EXHAUST FAN	11369	12378	19774	NA	1	0	1	1	\N	\N	\N	\N	\N	\N	\N	0	0	0	f	2026-06-15 10:47:21.988195	2026-06-15 10:47:21.988195
258911	BOOSTER PUMP- 01	NA	\N	CAPACITY: 50 HP,HEAD-35 MTR	11370	19721	19773	Kirloskar	1	0	1	1	\N	\N	\N	\N	\N	\N	\N	0	0	0	f	2026-06-15 10:44:53.47709	2026-06-15 10:47:22.854562
259926	INLET SUCTION VALVE-01	NA	\N	SIZE: 150 MM	11370	19722	31366	SKOPE	1	0	1	1	\N	\N	\N	\N	\N	\N	\N	0	0	0	f	2026-06-15 10:47:24.254	2026-06-15 10:47:24.254
258799	BOOSTER PUMP-3	NA	\N	50 HP,MOTOR-KIRLOSKAR,PUMP-WILO	11370	19721	31394	WILO	1	0	1	1	\N	\N	\N	\N	\N	\N	\N	0	0	0	f	2026-06-15 10:48:36.557292	2026-06-15 10:48:36.557292
259968	ACB PANEL-6	NA	\N	RATING:400 AMP ACB	11369	12378	19784	L&T	1	0	1	1	\N	\N	\N	\N	\N	\N	\N	0	0	0	f	2026-06-15 10:50:57.34019	2026-06-15 10:50:57.34019
259879	PRESSURE GAUGE-05	NA	\N	\N	17163	19728	19774	NA	1	0	2	1	\N	\N	\N	\N	\N	\N	\N	0	0	0	f	2026-06-15 10:52:18.897271	2026-06-15 10:52:18.897271
259856	EXHAUST FAN-13	NA	\N	SIZE:22 "	11369	19727	19774	NA	1	0	1	1	\N	\N	\N	\N	\N	\N	\N	0	0	0	f	2026-06-15 10:52:18.984915	2026-06-15 10:52:18.984915
260297	MAIN HEADER_SV	NA	\N	SIZE: 150MM	11370	19722	19774	NA	1	0	1	1	\N	\N	\N	\N	\N	\N	\N	0	0	0	f	2026-06-15 10:53:26.238189	2026-06-15 10:53:26.238189
260274	ELECTROMAGNETIC FLOW METER-1	NA	\N	\N	17163	19764	19774	NA	1	0	2	1	\N	\N	\N	\N	\N	\N	\N	0	0	0	f	2026-06-15 10:53:32.783194	2026-06-15 10:53:32.783194
260117	APFC PANEL-4	NA	\N	\N	11369	12378	19774	NA	1	0	1	1	\N	\N	\N	\N	\N	\N	\N	0	0	0	f	2026-06-15 10:53:35.667947	2026-06-15 10:53:35.667947
260269	END- SUCTION CHARGING PUMP-2	NA	\N	\N	11370	19781	19773	Kirloskar	1	0	1	1	\N	\N	\N	\N	\N	\N	\N	0	0	0	f	2026-06-15 10:54:37.898701	2026-06-15 10:54:37.898701
259895	BOOSTER PUMP-03	NA	\N	CAP: 540m3/HR, HEAD 40 mtr	11370	19721	31418	KIRLOSKAR,ABB	1	0	1	1	\N	\N	\N	\N	\N	\N	\N	0	0	0	f	2026-06-15 10:54:46.430245	2026-06-15 10:54:46.430245
260299	NRV-01	NA	\N	\N	11370	12374	31382	IVC	1	0	1	1	\N	\N	\N	\N	\N	\N	\N	0	0	0	f	2026-06-15 10:54:47.200876	2026-06-15 10:54:47.200876
260251	MOTORISED LIQUID ROTOR STARTER -3	NA	\N	\N	11369	12378	19774	NA	1	0	1	1	\N	\N	\N	\N	\N	\N	\N	0	0	0	f	2026-06-15 10:55:54.052065	2026-06-15 10:55:54.052065
260100	NRV-5	NA	\N	SIZE: 450MM	11370	12374	19773	Kirloskar	1	0	1	1	\N	\N	\N	\N	\N	\N	\N	0	0	0	f	2026-06-15 10:55:55.550474	2026-06-15 10:55:55.550474
260307	STAR DELTA STARTER-06	NA	\N	\N	11369	12378	19774	NA	1	0	1	1	\N	\N	\N	\N	\N	\N	\N	0	0	0	f	2026-06-15 10:55:56.16046	2026-06-15 10:55:56.16046
259764	UGR	UGR	\N	NA	17164	\N	\N	\N	\N	0	3	1	\N	\N	\N	\N	\N	\N	\N	0	0	0	f	2026-06-15 10:55:57.595593	2026-06-15 10:55:57.595593
260226	NRV-06	NA	\N	SIZE: 500 mm	11370	12374	19773	Kirloskar	1	0	1	1	\N	\N	\N	\N	\N	\N	\N	0	0	0	f	2026-06-15 10:55:58.212741	2026-06-15 10:55:58.212741
260351	STAR DELTA STARTER-2	NA	\N	\N	11369	12378	31411	MEI	1	0	1	1	\N	\N	\N	\N	\N	\N	\N	0	0	0	f	2026-06-15 10:57:16.173149	2026-06-15 10:57:16.173149
260239	MOTORISED LIQUID ROTOR STARTER-5	NA	\N	\N	11369	12378	19774	NA	1	0	1	1	\N	\N	\N	\N	\N	\N	\N	0	0	0	f	2026-06-15 10:58:20.112679	2026-06-15 10:58:20.112679
259903	NRV -2	NA	\N	\N	11370	12374	19773	Kirloskar	1	0	1	1	\N	\N	\N	\N	\N	\N	\N	0	0	0	f	2026-06-15 10:58:21.201678	2026-06-15 10:58:21.201678
258836	BP_02_SUCTION SLUICE VALVE-01	NA	\N	BOOSTER PUMP-02 SV-01 SIZE: 200 MM	11370	19722	19773	Kirloskar	1	0	1	1	\N	\N	\N	\N	\N	\N	\N	0	0	0	f	2026-06-15 10:59:36.082481	2026-06-15 10:59:36.082481
258879	APFC	NA	\N	NA	11369	12378	19774	NA	1	0	1	1	\N	\N	\N	\N	\N	\N	\N	0	0	0	f	2026-06-15 11:00:44.848846	2026-06-15 11:00:44.848846
259946	UGR DISCHARGE VALVE-04	NA	\N	POLICE WIRELESS	11370	19722	19774	NA	1	0	1	1	\N	\N	\N	\N	\N	\N	\N	0	0	0	f	2026-06-15 11:00:49.04718	2026-06-15 11:00:49.04718
258520	4 POLE MCB	NA	\N	RATING: 32 AMP	11369	12378	19785	Havells	1	0	1	1	\N	\N	\N	\N	\N	\N	\N	0	0	0	f	2026-06-15 11:03:14.017253	2026-06-15 11:03:14.017253
\.


--
-- TOC entry 5419 (class 0 OID 19248)
-- Dependencies: 238
-- Data for Name: ic3_floor_master; Type: TABLE DATA; Schema: public; Owner: postgres
--

COPY public.ic3_floor_master (floor_id, floor_name, location_id, asset_floor_id, floor_map, created_at, updated_at) FROM stdin;
28188	DATA RAM GALI OLB	61913	45477	\N	2026-06-14 17:14:14.129563	2026-06-15 10:10:43.987522
28248	BARSHABULLA BPS	62042	45569	\N	2026-06-14 15:52:44.661662	2026-06-15 11:01:59.994616
28177	PREM KUNJ BPS	61968	45465	\N	2026-06-14 16:09:48.627326	2026-06-15 10:22:49.299261
28254	PAHADI IMLI OLD BPS	62042	45577	\N	2026-06-14 16:43:08.957322	2026-06-15 11:02:00.362692
28251	JAMA MASJID POLICE STATION BPS	62042	45573	\N	2026-06-14 15:45:46.519996	2026-06-15 11:03:09.668602
28174	DEV NAGAR OLB	61913	45462	\N	2026-06-14 15:44:46.804331	2026-06-15 10:47:17.673913
11966	DJB Chandrawal WTP	34641	19860	\N	2026-06-14 15:41:45.370307	2026-06-15 11:03:11.817497
28204	CANTT PALAM UGR	61913	45498	\N	2026-06-14 15:42:47.164233	2026-06-15 11:03:13.518886
28149	JHANDEWALAN UGR	61913	45425	\N	2026-06-14 15:45:46.269186	2026-06-15 11:03:14.017253
28185	MILITARY ROAD OLB	61913	45474	\N	2026-06-14 17:20:11.518926	2026-06-15 10:25:11.627329
28180	VIJAY NAGAR OLB	61968	45469	\N	2026-06-14 16:01:47.322178	2026-06-15 10:37:33.841158
28221	RAMJAS UGR	61913	45524	\N	2026-06-14 15:43:46.918665	2026-06-15 10:03:19.488268
12029	BPS	34639	22093	\N	2026-06-14 15:49:45.426274	2026-06-15 10:25:17.191057
28179	SANGAM PARK BPS	61968	45467	\N	2026-06-14 16:10:45.711699	2026-06-15 10:38:42.297607
28222	SLAUGHTER HOUSE OLB	61913	45526	\N	2026-06-14 15:56:53.226019	2026-06-15 10:49:49.950449
28182	GALI BARNA OLB	61913	45471	\N	2026-06-14 17:07:13.222376	2026-06-15 08:11:05.516866
28203	NEW RAJENDRA NAGAR UGR	61913	45497	\N	2026-06-14 17:04:17.465846	2026-06-15 10:16:42.61377
28202	NEW RAJENDRA NAGAR UGR PKG#3	61913	45496	\N	2026-06-14 15:48:46.993999	2026-06-15 10:51:02.435194
28224	SARAI KHALIL BPS	61913	45528	\N	2026-06-14 15:52:44.733105	2026-06-15 10:39:59.986846
28186	DDA FLAT KALYAN VIHAR BPS	61968	45475	\N	2026-06-14 16:44:10.148104	2026-06-15 10:17:59.040838
28247	NAYA BAZAR OLB	62089	45568	\N	2026-06-14 15:57:53.581045	2026-06-15 10:54:40.75744
28249	MATA SUNDARI BPS	62042	45571	\N	2026-06-14 15:58:52.276207	2026-06-15 10:55:53.384003
28252	DUZANA HOUSE BPS	62042	45574	\N	2026-06-14 17:23:27.397425	2026-06-15 10:55:57.595593
11967	DJB Jhandewalan UGR	34640	19848	\N	2026-06-14 15:42:46.903577	2026-06-15 10:43:34.450524
28253	PAHADI BHOJLA BPS	62042	45576	\N	2026-06-14 16:43:13.959482	2026-06-15 10:55:59.935329
28250	PAHADI IMLI NEW BPS	62042	45572	\N	2026-06-14 15:43:44.335403	2026-06-15 10:57:07.298638
11965	DJB Khyala	34639	19829	\N	2026-06-14 15:41:45.496776	2026-06-15 10:58:23.855946
28175	POLICE LINE OLB	61968	45463	\N	2026-06-14 16:18:43.9345	2026-06-15 10:58:26.370713
28225	SARAI PHOOS BPS	61913	45530	\N	2026-06-14 20:41:08.60564	2026-06-15 10:59:35.343013
11968	DJB Wazirabad WTP	34644	19880	\N	2026-06-14 15:48:46.7512	2026-06-15 10:59:37.490525
12030	UGR	34801	20025	\N	2026-06-14 15:41:48.867385	2026-06-15 10:59:39.742401
\.


--
-- TOC entry 5420 (class 0 OID 19256)
-- Dependencies: 239
-- Data for Name: ic3_location_master; Type: TABLE DATA; Schema: public; Owner: postgres
--

COPY public.ic3_location_master (location_id, location_name, building_id, building_name, customer_id, city_id, zone_id, dma_id, latitude, longitude, location_traceability_id, location_model_id, location_status, floor_map, source_system_id, created_at, updated_at, location_model_status) FROM stdin;
37558	Patel Road Online BPS	16447	New Faridpuri BPS	24305	DEL	\N	\N	28.6449337	77.1766136	521616	184556	\N	\N	SYS-CMMS-01	2026-06-14 20:26:42.76506	2026-06-15 18:27:42.924758	1
34640	New Rajender Nagar R Block_Zone	16435	New Rajender Nagar R Block BPS	24305	DEL	\N	\N	28.6333576	77.1794302	503758	174811	\N	\N	SYS-CMMS-01	2026-06-14 15:42:46.903577	2026-06-15 18:27:42.924758	1
34639	Naraina D.Cantt UGR_Zone	16422	I Block Naraina Vihar BPS	24305	DEL	\N	\N	28.6320470	77.1389094	503547	174754	\N	\N	SYS-CMMS-01	2026-06-14 15:41:45.496776	2026-06-15 18:27:42.924758	1
34642	Thansingh Nagar UGR_Zone	16461	Thansingh Nagar Sub Zone UGR	24305	DEL	\N	\N	28.6608651	77.1823055	504286	174896	\N	\N	SYS-CMMS-01	2026-06-14 15:43:45.040709	2026-06-15 18:27:42.924758	1
61973	BHIKAJI CAMA PALACE BPS	\N	\N	42619	DEL	\N	\N	28.5679240	77.1880786	955428	354132	\N	\N	SYS-CMMS-01	2026-06-14 15:42:46.636219	2026-06-15 18:27:42.924758	1
61968	WAZIRABAD WTP	40375	MALL APARTMENT BPS	42619	DEL	\N	\N	28.7310061	77.2233167	955256	353949	\N	\N	SYS-CMMS-01	2026-06-14 15:43:44.592786	2026-06-15 18:27:42.924758	1
34644	Shastri Nagar UGR_Zone	16473	Sarai Basti BPS	24305	DEL	\N	\N	28.6746196	77.1801757	504734	174989	\N	\N	SYS-CMMS-01	2026-06-14 15:48:46.7512	2026-06-15 18:27:42.924758	1
34643	Jantapark UGR_Zone	16466	Jantapark UGR_Zone	24305	DEL	\N	\N	37.1839386	-3.6004202	504424	174937	\N	\N	SYS-CMMS-01	2026-06-14 15:41:50.650879	2026-06-15 18:27:42.924758	1
34801	Naraina D.Cantt UGR_Zone	16420	Naraina D.Cantt UGR_Zone	24463	DEL	\N	\N	28.6320470	77.1389094	505860	175988	\N	\N	SYS-CMMS-01	2026-06-14 15:41:48.867385	2026-06-15 18:27:42.924758	1
62042	WAZIRABAD WTP	40437	SUBHASH PARK UGR	42779	DEL	\N	\N	28.7310061	77.2233167	959634	356044	\N	\N	SYS-CMMS-01	2026-06-14 15:43:44.335403	2026-06-15 18:27:42.924758	1
34641	Patel Road Online BPS_Zone	16453	Gali No.6 Prem Nagar BPS	24305	DEL	\N	\N	28.6449337	77.1766136	504131	174885	\N	\N	SYS-CMMS-01	2026-06-14 15:41:45.370307	2026-06-15 18:27:42.924758	1
61913	CHANDRAWAL WTP	40327	JHANDEWALAN_ZONE	42619	DEL	\N	\N	28.6940430	77.2257859	955034	353883	\N	\N	SYS-CMMS-01	2026-06-14 15:42:46.046606	2026-06-15 18:27:42.924758	1
62089	CHANDRAWAL WTP	40435	HINDURAO UGR	42779	DEL	\N	\N	28.6940430	77.2257859	959463	356088	\N	\N	SYS-CMMS-01	2026-06-14 15:57:53.581045	2026-06-15 18:27:42.924758	1
\.


--
-- TOC entry 5421 (class 0 OID 19264)
-- Dependencies: 240
-- Data for Name: ic3_maintenance_schedule; Type: TABLE DATA; Schema: public; Owner: postgres
--

COPY public.ic3_maintenance_schedule (id, fk_company_id, asset_id, fk_equipment_traceability_id, fk_equipment_schedule_mapping_id, fk_customers_id, fk_customers_locations_id, fk_building_id, fk_floor_id, fk_department_id, maintenance_name, schedule_date, schedule_reference_id, schedule_completed_date, next_schedule_date, created_at, updated_at) FROM stdin;
14573384	1780	74442	576421	120081	24305	34641	16467	11966	12230	Monthly Maintenance schedule for Pumps	2026-04-25 10:00:00	SCH178927	2026-05-22 14:52:45	2026-05-25 10:00:00	2026-06-14 15:51:47.860998	2026-06-14 20:08:23.121928
13895424	1780	74442	576421	70087	24305	34641	16467	11966	12230	Monthly Maintenance schedule for Pumps	2026-03-25 10:00:00	SCH177507	2026-04-11 17:55:51	\N	2026-06-14 15:51:47.860998	2026-06-14 20:08:23.121928
7678435	1780	74442	576421	65198	24305	34641	16467	11966	12230	Monthly Maintenance schedule for Pumps	2024-04-25 10:00:00	SCH127730	2024-04-25 13:04:43	\N	2026-06-14 15:51:47.860998	2026-06-14 20:08:23.121928
10459408	1780	74442	576685	70208	24305	34644	16472	11968	12229	Monthly Maintenance schedule for Pumps	2025-03-19 10:00:00	SCH175666	2025-03-24 10:33:30	\N	2026-06-14 15:51:47.174723	2026-06-14 20:08:21.067688
7820384	1780	74442	576685	66462	24305	34644	16472	11968	12229	Monthly Maintenance schedule for Pumps	2024-02-19 10:00:00	SCH154044	2024-02-29 10:32:24	\N	2026-06-14 15:51:47.174723	2026-06-14 20:08:21.067688
7709306	1780	74442	576685	65469	24305	34644	16472	11968	12229	Monthly Maintenance schedule for Pumps	2024-01-19 10:00:00	SCH136476	2024-01-29 09:46:59	\N	2026-06-14 15:51:47.174723	2026-06-14 20:08:21.067688
13907573	1780	74442	576363	65338	24305	34643	16466	11966	12228	Monthly Maintenance schedule for Pumps	2026-04-01 10:00:00	SCH177566	2026-04-11 17:53:44	\N	2026-06-14 16:42:10.819188	2026-06-14 20:25:29.78748
14113812	1780	74442	575677	73590	24305	34639	16433	11965	12230	Monthly Maintenance schedule for Pumps	2026-05-28 10:00:00	SCH177852	2026-06-09 12:24:58	2026-06-28 10:00:00	2026-06-14 16:42:13.521633	2026-06-14 20:25:31.779076
9272004	1780	74442	575677	70277	24305	34639	16433	11965	12230	Monthly Maintenance schedule for Pumps	2024-05-28 10:00:00	SCH174066	2024-05-30 13:13:11	\N	2026-06-14 16:42:13.521633	2026-06-14 20:25:31.779076
7627921	1780	74442	575677	64693	24305	34639	16433	11965	12230	Monthly Maintenance schedule for Pumps	2023-12-29 10:00:00	SCH127111	2024-01-18 13:17:41	\N	2026-06-14 16:42:13.521633	2026-06-14 20:25:31.779076
14113811	1780	74442	575689	71618	24305	34639	16434	11965	12230	Monthly Maintenance schedule for Pumps	2026-05-28 10:00:00	SCH177851	2026-06-09 12:25:05	2026-06-28 10:00:00	2026-06-14 16:44:07.700889	2026-06-14 20:36:20.395428
9271978	1780	74442	575689	70277	24305	34639	16434	11965	12230	Monthly Maintenance schedule for Pumps	2024-05-28 10:00:00	SCH174065	2024-05-29 13:18:16	\N	2026-06-14 16:44:07.700889	2026-06-14 20:36:20.395428
7716355	1780	74442	575689	65532	24305	34639	16434	11965	12230	Monthly Maintenance schedule for Pumps	2024-01-29 10:00:00	SCH136726	2024-01-31 10:32:22	\N	2026-06-14 16:44:07.700889	2026-06-14 20:36:20.395428
13935360	1780	74442	575742	64750	24305	34640	16437	11966	12230	Monthly Maintenance schedule for Pumps	2026-04-05 10:00:00	SCH177598	2026-04-28 16:19:49	2026-05-05 10:00:00	2026-06-14 16:04:45.678913	2026-06-14 20:41:03.555945
7277425	1780	74445	576679	46927	24305	34644	16472	11968	12229	Weekly Schedule for APFC Panels	2023-10-23 10:00:00	SCH29026	2023-12-28 13:49:00	2023-10-30 10:00:00	2026-06-14 16:45:16.295857	2026-06-14 20:42:19.133011
7277419	1780	74445	576679	46928	24305	34644	16472	11968	12229	Monthly Schedule for APFC Panels	2023-10-23 10:00:00	SCH29020	2023-12-28 13:47:08	2023-11-23 10:00:00	2026-06-14 16:45:16.295857	2026-06-14 20:42:19.133011
14573492	1780	74442	576046	120090	24305	34641	16449	11966	12229	Monthly Maintenance schedule for Pumps	2026-05-02 10:00:00	SCH179031	2026-06-03 10:36:25	2026-06-02 10:00:00	2026-06-14 15:42:46.385864	2026-06-14 20:56:32.56223
13912741	1780	74442	576046	64756	24305	34641	16449	11966	12229	Monthly Maintenance schedule for Pumps	2026-04-02 10:00:00	SCH177582	2026-04-11 17:54:34	\N	2026-06-14 15:42:46.385864	2026-06-14 20:56:32.56223
13969308	1780	74442	576319	70280	24305	34642	16464	11966	12230	Monthly Maintenance schedule for Pumps	2026-04-16 10:00:00	SCH177634	2026-05-02 08:58:14	2026-05-16 10:00:00	2026-06-14 15:56:53.223952	2026-06-14 21:02:26.060826
7777869	1780	74442	576319	66306	24305	34642	16464	11966	12230	Monthly Maintenance schedule for Pumps	2024-02-16 10:30:00	SCH145909	2024-02-16 17:48:53	\N	2026-06-14 15:56:53.223952	2026-06-14 21:02:26.060826
7689458	1780	74442	576319	65331	24305	34642	16464	11966	12230	Monthly Maintenance schedule for Pumps	2024-01-16 10:30:00	SCH128315	2024-01-16 14:59:27	\N	2026-06-14 15:56:53.223952	2026-06-14 21:02:26.060826
13969309	1780	74442	576329	70164	24305	34642	16465	11966	12230	Monthly Maintenance schedule for Pumps	2026-04-16 10:00:00	SCH177635	2026-05-04 10:28:36	\N	2026-06-14 15:52:45.276968	2026-06-14 21:05:58.888723
7733706	1780	74442	576329	65732	24305	34642	16465	11966	12230	Monthly Maintenance schedule for Pumps	2024-02-16 10:30:00	SCH140062	2024-02-16 17:50:39	\N	2026-06-14 15:52:45.276968	2026-06-14 21:05:58.888723
7689476	1780	74442	576329	65332	24305	34642	16465	11966	12230	Monthly Maintenance schedule for Pumps	2024-01-16 10:30:00	SCH128333	2024-01-16 14:44:21	\N	2026-06-14 15:52:45.276968	2026-06-14 21:05:58.888723
14485541	1780	74442	576084	119284	24305	34641	16451	11966	12230	Monthly Maintenance schedule for Pumps	2026-03-17 10:00:00	SCH178656	2026-04-11 17:57:43	\N	2026-06-14 15:52:47.882591	2026-06-14 21:07:03.658666
13632749	1780	74442	576084	70144	24305	34641	16451	11966	12230	Monthly Maintenance schedule for Pumps	2026-02-17 10:00:00	SCH177313	2026-03-02 09:31:30	\N	2026-06-14 15:52:47.882591	2026-06-14 21:07:03.658666
9164251	1780	74442	576084	70109	24305	34641	16451	11966	12230	Monthly Maintenance schedule for Pumps	2024-04-17 10:00:00	SCH173551	2024-05-16 12:15:36	\N	2026-06-14 15:52:47.882591	2026-06-14 21:07:03.658666
7694465	1780	74442	576084	65373	24305	34641	16451	11966	12230	Monthly Maintenance schedule for Pumps	2024-01-17 10:00:00	SCH130328	2024-01-25 09:57:44	\N	2026-06-14 15:52:47.882591	2026-06-14 21:07:03.658666
14065395	1780	74442	575648	71607	24305	34639	16431	11965	12229	Monthly Maintenance schedule for Pumps	2026-05-22 10:00:00	SCH177825	2026-05-29 13:11:45	2026-06-22 10:00:00	2026-06-14 16:05:45.813737	2026-06-14 21:08:16.769168
9271998	1780	74442	575648	70277	24305	34639	16431	11965	12229	Monthly Maintenance schedule for Pumps	2024-05-22 10:00:00	SCH174022	2024-05-23 16:28:59	\N	2026-06-14 16:05:45.813737	2026-06-14 21:08:16.769168
8973593	1780	74442	575648	69849	24305	34639	16431	11965	12229	Monthly Maintenance schedule for Pumps	2024-04-22 10:00:00	SCH163000	2024-04-24 09:56:17	\N	2026-06-14 16:05:45.813737	2026-06-14 21:08:16.769168
14034037	1780	74442	575493	71610	24305	34639	16421	11965	12229	Monthly Maintenance schedule for Pumps	2026-05-11 10:00:00	SCH177763	2026-05-25 17:48:25	2026-06-11 10:00:00	2026-06-14 15:46:46.610567	2026-06-14 21:28:22.160771
9271878	1780	74442	575493	70277	24305	34639	16421	11965	12229	Monthly Maintenance schedule for Pumps	2024-05-11 10:00:00	SCH173902	2024-05-16 17:59:20	\N	2026-06-14 15:46:46.610567	2026-06-14 21:28:22.160771
14573676	1780	74442	576358	120099	24305	34643	16466	11966	12228	Monthly Maintenance schedule for Pumps	2026-05-01 10:00:00	SCH179159	2026-05-26 12:23:00	2026-06-01 10:00:00	2026-06-14 15:53:44.422626	2026-06-15 07:11:35.254377
13907561	1780	74442	576358	65339	24305	34643	16466	11966	12228	Monthly Maintenance schedule for Pumps	2026-04-01 10:00:00	SCH177554	2026-04-11 17:53:30	\N	2026-06-14 15:53:44.422626	2026-06-15 07:11:35.254377
14128458	1780	74442	575555	64749	24305	34639	16425	11965	12230	Monthly Maintenance schedule for Pumps	2026-06-01 10:00:00	SCH177877	2026-06-09 12:25:14	2026-07-01 10:00:00	2026-06-14 16:13:46.973673	2026-06-15 09:09:40.501117
14131620	1780	74442	575669	70993	24305	34639	16432	11965	12230	Monthly Maintenance schedule for Pumps	2026-06-02 10:00:00	SCH177893	2026-06-09 12:25:45	2026-07-02 10:00:00	2026-06-14 15:47:46.572859	2026-06-15 10:11:56.893354
9024300	1780	74442	575669	69849	24305	34639	16432	11965	12230	Monthly Maintenance schedule for Pumps	2024-05-02 10:00:00	SCH163243	2024-05-03 12:26:28	\N	2026-06-14 15:47:46.572859	2026-06-15 10:11:56.893354
7753876	1780	74442	575669	66169	24305	34639	16432	11965	12230	Monthly Maintenance schedule for Pumps	2024-02-01 10:00:00	SCH141081	2024-02-12 09:47:40	\N	2026-06-14 15:47:46.572859	2026-06-15 10:11:56.893354
14573643	1780	74442	576101	120097	24305	34641	16453	11966	12229	Monthly Maintenance schedule for Pumps	2026-04-17 10:00:00	SCH179129	2026-05-09 15:58:11	2026-05-17 10:00:00	2026-06-14 16:00:54.176054	2026-06-15 11:03:11.817497
13865453	1780	74442	576101	70148	24305	34641	16453	11966	12229	Monthly Maintenance schedule for Pumps	2026-03-17 10:00:00	SCH177459	2026-04-11 17:57:25	\N	2026-06-14 16:00:54.176054	2026-06-15 11:03:11.817497
7689713	1780	74442	576101	65337	24305	34641	16453	11966	12229	Monthly Maintenance schedule for Pumps	2024-04-17 10:00:00	SCH128390	2024-04-19 15:17:15	\N	2026-06-14 16:00:54.176054	2026-06-15 11:03:11.817497
13907581	1780	74442	576362	65338	24305	34643	16466	11966	12228	Monthly Maintenance schedule for Pumps	2026-04-01 10:00:00	SCH177574	2026-04-11 17:54:55	\N	2026-06-14 17:42:16.048694	2026-06-14 17:42:16.048694
14573662	1780	74442	575912	120098	24305	34641	16444	11966	12229	Monthly Maintenance schedule for Pumps	2026-05-10 10:00:00	SCH179146	2026-06-05 16:56:26	2026-06-10 10:00:00	2026-06-14 20:07:20.274102	2026-06-14 20:21:54.514756
13907562	1780	74442	577837	64692	24463	34801	16420	12030	12250	Monthly Maintenance schedule for Pumps	2026-04-01 10:00:00	SCH177555	2026-04-14 14:48:37	2026-05-01 10:00:00	2026-06-14 19:20:40.310901	2026-06-14 19:52:56.590863
13669024	1780	74442	576026	64756	24305	34641	16448	11966	12229	Monthly Maintenance schedule for Pumps	2026-02-24 10:00:00	SCH177345	2026-03-02 09:29:35	2026-03-24 10:00:00	2026-06-14 19:22:00.098274	2026-06-14 19:54:07.468156
14573707	1780	74442	576168	120103	24305	34641	16456	11966	12229	Monthly Maintenance schedule for Pumps	2026-05-02 10:00:00	SCH179179	2026-06-03 10:33:20	2026-06-02 10:00:00	2026-06-14 19:30:16.61382	2026-06-14 19:59:55.585077
13912746	1780	74442	576168	70156	24305	34641	16456	11966	12229	Monthly Maintenance schedule for Pumps	2026-04-02 10:00:00	SCH177587	2026-04-11 17:54:45	\N	2026-06-14 19:30:16.61382	2026-06-14 19:59:55.585077
9024336	1780	74442	576168	68520	24305	34641	16456	11966	12229	Monthly Maintenance schedule for Pumps	2024-05-02 10:00:00	SCH163279	2024-05-09 17:45:12	\N	2026-06-14 19:30:16.61382	2026-06-14 19:59:55.585077
7723908	1780	74442	576168	65616	24305	34641	16456	11966	12229	Monthly Maintenance schedule for Pumps	2024-02-01 10:00:00	SCH137832	2024-02-10 15:24:43	\N	2026-06-14 19:30:16.61382	2026-06-14 19:59:55.585077
7633893	1780	74442	576168	64755	24305	34641	16456	11966	12229	Monthly Maintenance schedule for Pumps	2024-01-01 10:00:00	SCH127403	2024-01-18 13:25:23	\N	2026-06-14 19:30:16.61382	2026-06-14 19:59:55.585077
14573619	1780	74442	575962	120096	24305	34641	16446	11966	12229	Monthly Maintenance schedule for Pumps	2026-05-10 10:00:00	SCH179106	2026-06-03 10:38:12	2026-06-10 10:00:00	2026-06-14 19:30:34.397653	2026-06-14 20:00:04.296864
13816369	1780	74442	575962	64757	24305	34641	16446	11966	12229	Monthly Maintenance schedule for Pumps	2026-03-10 10:00:00	SCH177430	2026-04-11 17:59:18	\N	2026-06-14 19:30:34.397653	2026-06-14 20:00:04.296864
13969307	1780	74442	638664	65333	24305	34642	18178	11966	12230	Monthly Maintenance schedule for Pumps	2026-04-16 10:30:00	SCH177633	2026-05-02 08:56:56	\N	2026-06-14 20:02:23.902377	2026-06-14 20:10:23.390166
14479648	1780	74442	575912	119145	24305	34641	16444	11966	12229	Monthly Maintenance schedule for Pumps	2026-04-10 10:00:00	SCH178519	2026-05-04 10:28:29	\N	2026-06-14 20:07:20.274102	2026-06-14 20:21:54.514756
14573521	1780	74442	575985	120090	24305	34641	16447	11966	12229	Monthly Maintenance schedule for Pumps	2026-04-24 10:00:00	SCH179060	2026-05-13 11:09:56	2026-05-24 10:00:00	2026-06-14 20:06:22.566405	2026-06-14 20:15:29.128403
14035038	1780	74442	576760	67836	24305	34644	16475	11968	12229	Monthly Maintenance schedule for Pumps	2026-05-12 10:30:00	SCH177775	2026-05-22 10:51:14	2026-06-12 10:30:00	2026-06-14 19:27:26.124698	2026-06-14 20:09:29.855734
13669027	1780	74442	575985	64756	24305	34641	16447	11966	12229	Monthly Maintenance schedule for Pumps	2026-02-24 10:00:00	SCH177348	2026-03-02 09:29:21	2026-03-24 10:00:00	2026-06-14 20:06:22.566405	2026-06-14 20:15:29.128403
13583620	1780	74442	575912	70119	24305	34641	16444	11966	12229	Monthly Maintenance schedule for Pumps	2026-02-10 10:00:00	SCH177284	2026-03-02 09:41:18	\N	2026-06-14 20:07:20.274102	2026-06-14 20:21:54.514756
7277416	1780	74445	576679	46929	24305	34644	16472	11968	12229	Yearly Schedule for APFC Panels	2023-10-23 10:00:00	SCH29019	2023-12-28 13:49:02	\N	2026-06-14 16:45:16.295857	2026-06-14 20:42:19.133011
14010530	1780	74442	576658	64754	24305	34644	16471	11968	12229	Monthly Maintenance schedule for Pumps	2026-05-01 10:00:00	SCH177711	2026-05-22 11:18:10	2026-06-01 10:00:00	2026-06-14 16:55:15.640521	2026-06-15 06:47:47.955972
14034042	1780	74442	575508	70270	24305	34639	16422	11965	12229	Monthly Maintenance schedule for Pumps	2026-05-11 10:00:00	SCH177768	2026-05-29 13:07:49	2026-06-11 10:00:00	2026-06-14 17:12:17.548372	2026-06-15 08:49:28.848311
7779240	1780	74442	575508	66313	24305	34639	16422	11965	12229	Monthly Maintenance schedule for Pumps	2024-02-11 10:00:00	SCH146138	2024-02-21 09:44:03	\N	2026-06-14 17:12:17.548372	2026-06-15 08:49:28.848311
7696575	1780	74442	575508	65394	24305	34639	16422	11965	12229	Monthly Maintenance schedule for Pumps	2024-01-11 10:00:00	SCH131434	2024-01-20 17:57:11	\N	2026-06-14 17:12:17.548372	2026-06-15 08:49:28.848311
14035035	1780	74442	576632	70204	24305	34644	16470	11968	12229	Monthly Maintenance schedule for Pumps	2026-05-12 10:00:00	SCH177772	2026-05-22 11:04:17	2026-06-12 10:00:00	2026-06-14 17:17:18.397608	2026-06-15 09:19:16.949326
7927048	1780	74442	576632	67963	24305	34644	16470	11968	12229	Monthly Maintenance schedule for Pumps	2024-03-19 10:00:00	SCH158150	2024-03-21 16:03:29	\N	2026-06-14 17:17:18.397608	2026-06-15 09:19:16.949326
7771740	1780	74442	576632	66271	24305	34644	16470	11968	12229	Monthly Maintenance schedule for Pumps	2024-02-12 10:30:00	SCH144442	2024-02-16 14:16:48	\N	2026-06-14 17:17:18.397608	2026-06-15 09:19:16.949326
14573682	1780	74442	576359	120099	24305	34643	16466	11966	12228	Monthly Maintenance schedule for Pumps	2026-05-01 10:00:00	SCH179165	2026-05-26 12:22:40	2026-06-01 10:00:00	2026-06-14 17:23:18.347661	2026-06-15 09:59:44.605941
13907558	1780	74442	576359	65339	24305	34643	16466	11966	12228	Monthly Maintenance schedule for Pumps	2026-04-01 10:00:00	SCH177551	2026-04-11 17:53:59	\N	2026-06-14 17:23:18.347661	2026-06-15 09:59:44.605941
14061896	1780	74442	576712	71676	24305	34644	16473	11968	12229	Monthly Maintenance schedule for Pumps	2026-05-19 10:00:00	SCH177814	2026-06-03 10:53:01	2026-06-19 10:00:00	2026-06-14 17:24:31.957129	2026-06-15 10:05:52.77257
9208891	1780	74442	576712	70182	24305	34644	16473	11968	12229	Monthly Maintenance schedule for Pumps	2024-05-19 10:00:00	SCH172848	2024-05-27 12:06:01	\N	2026-06-14 17:24:31.957129	2026-06-15 10:05:52.77257
7766487	1780	74442	576712	66237	24305	34644	16473	11968	12229	Monthly Maintenance schedule for Pumps	2024-02-19 10:00:00	SCH141690	2024-02-21 09:42:35	\N	2026-06-14 17:24:31.957129	2026-06-15 10:05:52.77257
7691398	1780	74442	576712	65351	24305	34644	16473	11968	12229	Monthly Maintenance schedule for Pumps	2024-01-19 10:00:00	SCH128874	2024-01-23 15:54:04	\N	2026-06-14 17:24:31.957129	2026-06-15 10:05:52.77257
14016748	1780	74442	575853	71600	24305	34640	16442	11967	12229	Monthly Maintenance schedule for Pumps	2026-05-05 10:00:00	SCH177744	2026-05-25 17:47:17	2026-06-05 10:00:00	2026-06-14 17:25:16.279787	2026-06-15 10:10:41.474414
9148298	1780	74442	575853	70070	24305	34640	16442	11967	12229	Monthly Maintenance schedule for Pumps	2024-05-05 10:00:00	SCH166336	2024-05-09 17:41:12	\N	2026-06-14 17:25:16.279787	2026-06-15 10:10:41.474414
7753912	1780	74442	575853	66169	24305	34640	16442	11967	12229	Monthly Maintenance schedule for Pumps	2024-02-05 10:00:00	SCH141117	2024-02-12 16:58:53	\N	2026-06-14 17:25:16.279787	2026-06-15 10:10:41.474414
7695001	1780	74442	575853	65376	24305	34640	16442	11967	12229	Monthly Maintenance schedule for Pumps	2024-01-05 10:00:00	SCH130860	2024-01-20 17:54:29	\N	2026-06-14 17:25:16.279787	2026-06-15 10:10:41.474414
14573514	1780	74442	576045	120090	24305	34641	16449	11966	12229	Monthly Maintenance schedule for Pumps	2026-05-02 10:00:00	SCH179053	2026-06-03 10:36:52	2026-06-02 10:00:00	2026-06-14 17:25:28.685792	2026-06-15 10:10:47.033378
13912738	1780	74442	576045	64756	24305	34641	16449	11966	12229	Monthly Maintenance schedule for Pumps	2026-04-02 10:00:00	SCH177579	2026-04-11 17:55:03	\N	2026-06-14 17:25:28.685792	2026-06-15 10:10:47.033378
13907579	1780	74442	577836	64692	24463	34801	16420	12030	12250	Monthly Maintenance schedule for Pumps	2026-04-01 10:00:00	SCH177572	2026-04-14 14:48:30	2026-05-01 10:00:00	2026-06-14 17:27:23.181373	2026-06-15 10:21:35.469638
14066902	1780	74442	575525	71617	24305	34639	16423	11965	12229	Monthly Maintenance schedule for Pumps	2026-05-23 10:00:00	SCH177827	2026-05-29 13:20:56	2026-06-23 10:00:00	2026-06-14 17:31:29.084343	2026-06-15 10:41:17.452953
9272010	1780	74442	575525	70277	24305	34639	16423	11965	12229	Monthly Maintenance schedule for Pumps	2024-05-23 10:15:00	SCH174034	2024-05-24 10:07:08	\N	2026-06-14 17:31:29.084343	2026-06-15 10:41:17.452953
8979635	1780	74442	575525	69849	24305	34639	16423	11965	12229	Monthly Maintenance schedule for Pumps	2024-04-23 10:15:00	SCH163015	2024-04-27 17:24:45	\N	2026-06-14 17:31:29.084343	2026-06-15 10:41:17.452953
7815749	1780	74442	575525	66411	24305	34639	16423	11965	12229	Monthly Maintenance schedule for Pumps	2024-02-18 10:00:00	SCH173533	2024-05-16 12:15:36	\N	2026-06-14 17:31:29.084343	2026-06-15 10:41:17.452953
7766458	1780	74442	576760	66237	24305	34644	16475	11968	12229	Monthly Maintenance schedule for Pumps	2024-02-12 10:30:00	SCH141665	2024-02-16 13:59:57	\N	2026-06-14 19:27:26.124698	2026-06-14 20:09:29.855734
7691368	1780	74442	576760	65351	24305	34644	16475	11968	12229	Monthly Maintenance schedule for Pumps	2024-01-12 10:30:00	SCH128844	2024-01-20 18:02:29	\N	2026-06-14 19:27:26.124698	2026-06-14 20:09:29.855734
14573657	1780	74442	575911	120098	24305	34641	16444	11966	12229	Monthly Maintenance schedule for Pumps	2026-05-10 10:00:00	SCH179141	2026-06-05 16:56:10	2026-06-10 10:00:00	2026-06-14 20:07:26.965197	2026-06-14 20:23:01.119079
14479642	1780	74442	575911	119145	24305	34641	16444	11966	12229	Monthly Maintenance schedule for Pumps	2026-04-10 10:00:00	SCH178513	2026-05-04 10:27:48	\N	2026-06-14 20:07:26.965197	2026-06-14 20:23:01.119079
13583619	1780	74442	575911	70119	24305	34641	16444	11966	12229	Monthly Maintenance schedule for Pumps	2026-02-10 10:00:00	SCH177283	2026-03-02 09:41:31	\N	2026-06-14 20:07:26.965197	2026-06-14 20:23:01.119079
14573497	1780	74442	575983	120090	24305	34641	16447	11966	12229	Monthly Maintenance schedule for Pumps	2026-04-24 10:00:00	SCH179036	2026-05-13 11:06:34	2026-05-24 10:00:00	2026-06-14 20:17:18.102859	2026-06-14 20:49:24.100172
13669013	1780	74442	575983	64756	24305	34641	16447	11966	12229	Monthly Maintenance schedule for Pumps	2026-02-24 10:00:00	SCH177344	2026-03-02 09:28:57	2026-03-24 10:00:00	2026-06-14 20:17:18.102859	2026-06-14 20:49:24.100172
13895331	1780	74442	576487	70888	24305	34641	16467	11966	12230	Monthly Maintenance schedule for Pumps	2026-03-25 10:00:00	SCH177496	2026-04-11 17:56:03	2026-04-25 10:00:00	2026-06-14 20:20:35.13565	2026-06-14 20:20:35.13565
9208592	1780	74442	576487	70178	24305	34641	16467	11966	12230	Monthly Maintenance schedule for Pumps	2024-04-25 10:00:00	SCH173553	2024-05-16 12:15:36	\N	2026-06-14 20:20:35.13565	2026-06-14 20:20:35.13565
7820255	1780	74442	576487	66461	24305	34641	16467	11966	12230	Monthly Maintenance schedule for Pumps	2024-02-25 10:00:00	SCH173539	2024-05-16 12:15:36	\N	2026-06-14 20:20:35.13565	2026-06-14 20:20:35.13565
7719875	1780	74442	576487	65569	24305	34641	16467	11966	12230	Monthly Maintenance schedule for Pumps	2024-01-25 10:00:00	SCH137009	2024-02-01 18:04:15	\N	2026-06-14 20:20:35.13565	2026-06-14 20:20:35.13565
13935364	1780	74442	575741	64750	24305	34640	16437	11966	12230	Monthly Maintenance schedule for Pumps	2026-04-05 10:00:00	SCH177602	2026-04-28 16:20:01	2026-05-05 10:00:00	2026-06-14 20:20:37.298219	2026-06-14 20:20:37.298219
7679630	1780	74442	575912	65209	24305	34641	16444	11966	12229	Monthly Maintenance schedule for Pumps	2024-04-10 10:00:00	SCH127845	2024-04-13 17:33:46	\N	2026-06-14 20:07:20.274102	2026-06-14 20:21:54.514756
14573648	1780	74442	576100	120097	24305	34641	16453	11966	12229	Monthly Maintenance schedule for Pumps	2026-04-17 10:00:00	SCH179134	2026-05-09 15:52:07	2026-05-17 10:00:00	2026-06-14 20:07:24.709901	2026-06-14 20:21:56.425359
13971532	1780	74442	576100	70148	24305	34641	16453	11966	12229	Monthly Maintenance schedule for Pumps	2026-04-17 10:00:00	SCH177646	2026-05-04 10:28:48	\N	2026-06-14 20:07:24.709901	2026-06-14 20:21:56.425359
7689707	1780	74442	576100	65337	24305	34641	16453	11966	12229	Monthly Maintenance schedule for Pumps	2024-04-17 10:00:00	SCH128384	2024-04-23 16:19:32	\N	2026-06-14 20:07:24.709901	2026-06-14 20:21:56.425359
7679624	1780	74442	575911	65209	24305	34641	16444	11966	12229	Monthly Maintenance schedule for Pumps	2024-04-10 10:00:00	SCH127839	2024-04-13 17:54:54	\N	2026-06-14 20:07:26.965197	2026-06-14 20:23:01.119079
14113814	1780	74442	575690	71619	24305	34639	16434	11965	12230	Monthly Maintenance schedule for Pumps	2026-05-28 10:00:00	SCH177854	2026-06-09 12:22:50	2026-06-28 10:00:00	2026-06-14 20:07:31.415012	2026-06-14 20:23:03.193907
9271932	1780	74442	575690	70277	24305	34639	16434	11965	12230	Monthly Maintenance schedule for Pumps	2024-05-28 10:00:00	SCH173956	2024-05-30 13:05:55	\N	2026-06-14 20:07:31.415012	2026-06-14 20:23:03.193907
7716349	1780	74442	575690	65532	24305	34639	16434	11965	12230	Monthly Maintenance schedule for Pumps	2024-01-29 10:00:00	SCH136720	2024-01-31 14:36:34	\N	2026-06-14 20:07:31.415012	2026-06-14 20:23:03.193907
7627939	1780	74442	575690	64693	24305	34639	16434	11965	12230	Monthly Maintenance schedule for Pumps	2023-12-29 10:00:00	SCH127123	2024-01-01 10:13:36	\N	2026-06-14 20:07:31.415012	2026-06-14 20:23:03.193907
14061899	1780	74442	576686	70210	24305	34644	16472	11968	12229	Monthly Maintenance schedule for Pumps	2026-05-19 10:00:00	SCH177817	2026-06-03 10:56:09	2026-06-19 10:00:00	2026-06-14 20:07:33.668838	2026-06-14 20:23:03.316339
7820390	1780	74442	576686	66462	24305	34644	16472	11968	12229	Monthly Maintenance schedule for Pumps	2024-02-19 10:00:00	SCH154050	2024-02-29 10:34:06	\N	2026-06-14 20:07:33.668838	2026-06-14 20:23:03.316339
7709312	1780	74442	576686	65469	24305	34644	16472	11968	12229	Monthly Maintenance schedule for Pumps	2024-01-19 10:00:00	SCH136482	2024-01-29 09:48:17	\N	2026-06-14 20:07:33.668838	2026-06-14 20:23:03.316339
13895420	1780	74442	576422	70090	24305	34641	16467	11966	12230	Monthly Maintenance schedule for Pumps	2026-03-25 10:00:00	SCH177505	2026-04-11 17:55:41	\N	2026-06-14 20:12:33.554125	2026-06-14 20:23:05.827114
7678447	1780	74442	576422	65197	24305	34641	16467	11966	12230	Monthly Maintenance schedule for Pumps	2024-04-25 10:00:00	SCH127742	2024-04-25 16:11:21	\N	2026-06-14 20:12:33.554125	2026-06-14 20:23:05.827114
14573491	1780	74442	576047	120090	24305	34641	16449	11966	12229	Monthly Maintenance schedule for Pumps	2026-05-02 10:00:00	SCH179030	2026-06-03 10:37:07	2026-06-02 10:00:00	2026-06-14 20:26:42.802608	2026-06-14 20:26:42.802608
13912747	1780	74442	576047	64756	24305	34641	16449	11966	12229	Monthly Maintenance schedule for Pumps	2026-04-02 10:00:00	SCH177588	2026-04-11 17:53:08	\N	2026-06-14 20:26:42.802608	2026-06-14 20:26:42.802608
14035041	1780	74442	576778	67754	24305	34644	16476	11968	12229	Monthly Maintenance schedule for Pumps	2026-05-12 10:30:00	SCH177778	2026-05-22 10:49:39	2026-06-12 10:30:00	2026-06-14 20:36:17.671749	2026-06-14 20:36:17.671749
7766470	1780	74442	576778	66237	24305	34644	16476	11968	12229	Monthly Maintenance schedule for Pumps	2024-02-12 10:30:00	SCH141675	2024-02-14 10:32:35	\N	2026-06-14 20:36:17.671749	2026-06-14 20:36:17.671749
7691380	1780	74442	576778	65351	24305	34644	16476	11968	12229	Monthly Maintenance schedule for Pumps	2024-01-12 10:30:00	SCH128856	2024-01-20 18:05:15	\N	2026-06-14 20:36:17.671749	2026-06-14 20:36:17.671749
7627945	1780	74442	575689	64693	24305	34639	16434	11965	12230	Monthly Maintenance schedule for Pumps	2023-12-29 10:00:00	SCH127129	2024-01-01 10:13:11	\N	2026-06-14 16:44:07.700889	2026-06-14 20:36:20.395428
14016754	1780	74442	575782	71602	24305	34640	16440	11965	12229	Monthly Maintenance schedule for Pumps	2026-05-05 10:00:00	SCH177750	2026-05-09 13:59:21	2026-06-05 10:00:00	2026-06-14 20:43:27.079725	2026-06-14 20:43:27.079725
9164944	1780	74442	575782	70115	24305	34640	16440	11965	12229	Monthly Maintenance schedule for Pumps	2024-05-05 10:00:00	SCH169454	2024-05-11 10:54:30	\N	2026-06-14 20:43:27.079725	2026-06-14 20:43:27.079725
7753942	1780	74442	575782	66169	24305	34640	16440	11965	12229	Monthly Maintenance schedule for Pumps	2024-02-05 10:00:00	SCH173525	2024-05-16 12:15:36	\N	2026-06-14 20:43:27.079725	2026-06-14 20:43:27.079725
7632874	1780	74442	575782	64693	24305	34640	16440	11965	12229	Monthly Maintenance schedule for Pumps	2024-01-05 10:00:00	SCH127273	2024-01-12 10:44:10	\N	2026-06-14 20:43:27.079725	2026-06-14 20:43:27.079725
14573698	1780	74442	576169	120100	24305	34641	16456	11966	12229	Monthly Maintenance schedule for Pumps	2026-05-02 10:00:00	SCH179171	2026-06-03 10:36:01	2026-06-02 10:00:00	2026-06-14 21:01:14.435042	2026-06-14 21:01:14.435042
13912744	1780	74442	576169	70157	24305	34641	16456	11966	12229	Monthly Maintenance schedule for Pumps	2026-04-02 10:00:00	SCH177585	2026-04-11 17:54:21	\N	2026-06-14 21:01:14.435042	2026-06-14 21:01:14.435042
9024342	1780	74442	576169	68520	24305	34641	16456	11966	12229	Monthly Maintenance schedule for Pumps	2024-05-02 10:00:00	SCH163285	2024-05-09 17:49:15	\N	2026-06-14 21:01:14.435042	2026-06-14 21:01:14.435042
7723914	1780	74442	576169	65616	24305	34641	16456	11966	12229	Monthly Maintenance schedule for Pumps	2024-02-01 10:00:00	SCH137838	2024-02-05 16:58:07	\N	2026-06-14 21:01:14.435042	2026-06-14 21:01:14.435042
7633923	1780	74442	576169	64755	24305	34641	16456	11966	12229	Monthly Maintenance schedule for Pumps	2024-01-01 10:00:00	SCH127433	2024-01-06 14:40:09	\N	2026-06-14 21:01:14.435042	2026-06-14 21:01:14.435042
14142709	1780	74442	575752	64752	24305	34640	16438	11966	12230	Monthly Maintenance schedule for Pumps	2026-06-05 10:00:00	SCH177906	2026-06-09 12:26:00	2026-07-05 10:00:00	2026-06-14 20:45:52.315338	2026-06-14 20:45:52.315338
14573532	1780	74442	576025	120090	24305	34641	16448	11966	12229	Monthly Maintenance schedule for Pumps	2026-04-24 10:00:00	SCH179071	2026-05-13 11:06:55	2026-05-24 10:00:00	2026-06-14 20:50:37.598158	2026-06-14 20:50:37.598158
13669025	1780	74442	576025	64756	24305	34641	16448	11966	12229	Monthly Maintenance schedule for Pumps	2026-02-24 10:00:00	SCH177346	2026-03-02 09:29:08	2026-03-24 10:00:00	2026-06-14 20:50:37.598158	2026-06-14 20:50:37.598158
14034043	1780	74442	575613	65193	24305	34639	16429	11965	12229	Monthly Maintenance schedule for Pumps	2026-05-11 10:00:00	SCH177769	2026-05-25 17:48:01	2026-06-11 10:00:00	2026-06-14 20:55:18.26855	2026-06-14 20:55:18.26855
14035036	1780	74442	576633	70203	24305	34644	16470	11968	12229	Monthly Maintenance schedule for Pumps	2026-05-12 10:00:00	SCH177773	2026-05-22 11:02:12	2026-06-12 10:00:00	2026-06-14 21:03:35.67874	2026-06-14 21:03:35.67874
7927054	1780	74442	576633	67963	24305	34644	16470	11968	12229	Monthly Maintenance schedule for Pumps	2024-03-19 10:00:00	SCH158156	2024-03-22 16:03:56	\N	2026-06-14 21:03:35.67874	2026-06-14 21:03:35.67874
7771728	1780	74442	576633	66271	24305	34644	16470	11968	12229	Monthly Maintenance schedule for Pumps	2024-02-12 10:30:00	SCH144430	2024-02-16 14:17:46	\N	2026-06-14 21:03:35.67874	2026-06-14 21:03:35.67874
7709288	1780	74442	576633	65469	24305	34644	16470	11968	12229	Monthly Maintenance schedule for Pumps	2024-01-12 10:30:00	SCH136458	2024-01-27 17:15:46	\N	2026-06-14 21:03:35.67874	2026-06-14 21:03:35.67874
14573612	1780	74442	576152	120096	24305	34641	16455	11966	12229	Monthly Maintenance schedule for Pumps	2026-05-01 10:00:00	SCH179099	2026-06-03 10:35:46	2026-06-01 10:00:00	2026-06-14 21:08:22.14036	2026-06-14 21:08:22.14036
13756688	1780	74442	576152	64757	24305	34641	16455	11966	12229	Monthly Maintenance schedule for Pumps	2026-03-01 10:00:00	SCH177374	2026-03-18 17:44:32	2026-04-01 10:00:00	2026-06-14 21:08:22.14036	2026-06-14 21:08:22.14036
14573448	1780	74442	576423	120088	24305	34641	16467	11966	12230	Monthly Maintenance schedule for Pumps	2026-04-25 10:00:00	SCH178987	2026-05-22 14:53:01	2026-05-25 10:00:00	2026-06-14 21:18:51.893957	2026-06-14 21:18:51.893957
13895339	1780	74442	576423	70146	24305	34641	16467	11966	12230	Monthly Maintenance schedule for Pumps	2026-03-25 10:00:00	SCH177498	2026-04-11 17:56:15	\N	2026-06-14 21:18:51.893957	2026-06-14 21:18:51.893957
7678423	1780	74442	576423	65200	24305	34641	16467	11966	12230	Monthly Maintenance schedule for Pumps	2024-04-25 10:00:00	SCH127718	2024-04-26 09:49:11	\N	2026-06-14 21:18:51.893957	2026-06-14 21:18:51.893957
14010531	1780	74442	576249	73991	24305	34642	16461	11966	12228	Monthly Maintenance schedule for Pumps	2026-05-01 10:00:00	SCH177712	2026-05-18 15:51:41	2026-06-01 10:00:00	2026-06-14 21:19:58.206895	2026-06-14 21:19:58.206895
9182193	1780	74442	576249	70127	24305	34642	16461	11966	12228	Monthly Maintenance schedule for Pumps	2024-07-01 10:00:00	SCH170106	2024-07-09 15:36:56	\N	2026-06-14 21:19:58.206895	2026-06-14 21:19:58.206895
8187732	1780	74442	576249	47160	24305	34642	16461	11966	12228	Half Yearly Maintenance schedule for Motor	2024-02-28 10:00:00	SCH173546	2024-05-16 12:15:36	\N	2026-06-14 21:19:58.206895	2026-06-14 21:19:58.206895
7926385	1780	74442	576249	64499	24305	34642	16461	11966	12228	Monthly Maintenance schedule for Booster Pump	2024-03-28 10:00:00	SCH157513	2024-03-30 10:51:00	\N	2026-06-14 21:19:58.206895	2026-06-14 21:19:58.206895
7926362	1780	74442	576249	64498	24305	34642	16461	11966	12228	Weekly Maintenance schedule for Booster Pump	2024-03-21 10:00:00	SCH157491	2024-03-22 15:16:33	2024-03-28 10:00:00	2026-06-14 21:19:58.206895	2026-06-14 21:19:58.206895
7924166	1780	74442	576249	47159	24305	34642	16461	11966	12228	Weekly Maintenance schedule for Motor	2024-03-21 10:00:00	SCH155319	2024-03-22 15:24:43	2024-03-28 10:00:00	2026-06-14 21:19:58.206895	2026-06-14 21:19:58.206895
7924030	1780	74442	576249	47158	24305	34642	16461	11966	12228	Daily Maintenance schedule for Motor	2024-03-20 10:00:00	SCH155185	2024-03-21 16:04:25	2024-03-21 10:00:00	2026-06-14 21:19:58.206895	2026-06-14 21:19:58.206895
7923658	1780	74442	576249	47156	24305	34642	16461	11966	12228	Daily Maintenance schedule for Pumps	2024-03-20 10:00:00	SCH154817	2024-03-21 16:10:35	2024-03-21 10:00:00	2026-06-14 21:19:58.206895	2026-06-14 21:19:58.206895
7633843	1780	74442	576249	47157	24305	34642	16461	11966	12228	Monthly Maintenance schedule for Pumps	2024-05-01 10:00:00	SCH127353	2024-05-01 15:44:32	\N	2026-06-14 21:19:58.206895	2026-06-14 21:19:58.206895
14061901	1780	74442	576736	70200	24305	34644	16474	11968	12229	Monthly Maintenance schedule for Pumps	2026-05-19 10:00:00	SCH177819	2026-05-23 10:22:08	2026-06-19 10:00:00	2026-06-14 21:20:00.905118	2026-06-14 21:20:00.905118
7820486	1780	74442	576736	66462	24305	34644	16474	11968	12229	Monthly Maintenance schedule for Pumps	2024-02-19 10:00:00	SCH154146	2024-02-29 10:35:37	\N	2026-06-14 21:20:00.905118	2026-06-14 21:20:00.905118
7723147	1780	74442	576736	65601	24305	34644	16474	11968	12229	Monthly Maintenance schedule for Pumps	2024-01-19 10:00:00	SCH137649	2024-02-01 18:03:43	\N	2026-06-14 21:20:00.905118	2026-06-14 21:20:00.905118
14131619	1780	74442	575579	70997	24305	34639	16427	11965	12229	Monthly Maintenance schedule for Pumps	2026-06-02 10:00:00	SCH177892	2026-06-09 12:25:38	2026-07-02 10:00:00	2026-06-14 21:22:20.819665	2026-06-14 21:22:20.819665
9024366	1780	74442	575579	69849	24305	34639	16427	11965	12229	Monthly Maintenance schedule for Pumps	2024-05-02 10:00:00	SCH163309	2024-05-06 16:18:28	\N	2026-06-14 21:22:20.819665	2026-06-14 21:22:20.819665
7753924	1780	74442	575579	66169	24305	34639	16427	11965	12229	Monthly Maintenance schedule for Pumps	2024-02-01 10:00:00	SCH141129	2024-02-09 09:59:36	\N	2026-06-14 21:22:20.819665	2026-06-14 21:22:20.819665
7632754	1780	74442	575579	64693	24305	34639	16427	11965	12229	Monthly Maintenance schedule for Pumps	2024-01-01 10:00:00	SCH127153	2024-01-24 16:36:51	\N	2026-06-14 21:22:20.819665	2026-06-14 21:22:20.819665
14034038	1780	74442	575612	65192	24305	34639	16429	11965	12229	Monthly Maintenance schedule for Pumps	2026-05-11 10:00:00	SCH177764	2026-05-25 17:48:52	2026-06-11 10:00:00	2026-06-14 21:23:33.903232	2026-06-14 21:23:33.903232
14061902	1780	74442	576711	71675	24305	34644	16473	11968	12229	Monthly Maintenance schedule for Pumps	2026-05-19 10:00:00	SCH177820	2026-06-03 10:49:46	2026-06-19 10:00:00	2026-06-14 21:29:33.225144	2026-06-14 21:29:33.225144
9208849	1780	74442	576711	70182	24305	34644	16473	11968	12229	Monthly Maintenance schedule for Pumps	2024-05-19 10:00:00	SCH172806	2024-05-23 16:46:19	\N	2026-06-14 21:29:33.225144	2026-06-14 21:29:33.225144
7766476	1780	74442	576711	66237	24305	34644	16473	11968	12229	Monthly Maintenance schedule for Pumps	2024-02-19 10:00:00	SCH141680	2024-02-21 09:37:29	\N	2026-06-14 21:29:33.225144	2026-06-14 21:29:33.225144
7691386	1780	74442	576711	65351	24305	34644	16473	11968	12229	Monthly Maintenance schedule for Pumps	2024-01-19 10:00:00	SCH128862	2024-01-23 16:01:46	\N	2026-06-14 21:29:33.225144	2026-06-14 21:29:33.225144
14014414	1780	74442	576253	71670	24305	34642	16461	11966	12228	Monthly Maintenance schedule for Pumps	2026-05-03 10:00:00	SCH177741	2026-05-18 16:03:03	2026-06-03 10:00:00	2026-06-15 06:43:09.757135	2026-06-15 06:43:09.757135
9147785	1780	74442	576253	70069	24305	34642	16461	11966	12228	Monthly Maintenance schedule for Pumps	2024-05-02 10:00:00	SCH166086	2024-05-07 17:38:09	\N	2026-06-15 06:43:09.757135	2026-06-15 06:43:09.757135
7734514	1780	74442	576253	65736	24305	34642	16461	11966	12228	Monthly Maintenance schedule for Pumps	2024-02-01 10:00:00	SCH173523	2024-05-16 12:15:36	\N	2026-06-15 06:43:09.757135	2026-06-15 06:43:09.757135
7697841	1780	74442	576253	65398	24305	34642	16461	11966	12228	Monthly Maintenance schedule for Pumps	2024-01-01 10:00:00	SCH131673	2024-01-20 17:56:08	\N	2026-06-15 06:43:09.757135	2026-06-15 06:43:09.757135
14010543	1780	74442	576309	73996	24305	34642	16463	11966	12230	Monthly Maintenance schedule for Pumps	2026-05-01 10:00:00	SCH177724	2026-05-20 14:56:22	2026-06-01 10:00:00	2026-06-15 06:45:26.958066	2026-06-15 06:45:26.958066
9182210	1780	74442	576309	70128	24305	34642	16463	11966	12230	Monthly Maintenance schedule for Pumps	2024-06-01 10:00:00	SCH170117	2024-06-05 09:13:17	\N	2026-06-15 06:45:26.958066	2026-06-15 06:45:26.958066
8188889	1780	74442	576309	47230	24305	34642	16463	11966	12230	Half Yearly Maintenance schedule for Motor	2024-02-28 10:00:00	SCH160348	2024-04-05 09:40:23	\N	2026-06-15 06:45:26.958066	2026-06-15 06:45:26.958066
7926598	1780	74442	576309	64538	24305	34642	16463	11966	12230	Monthly Maintenance schedule for Booster Pump	2024-03-28 10:00:00	SCH157725	2024-04-02 12:50:12	\N	2026-06-15 06:45:26.958066	2026-06-15 06:45:26.958066
7926581	1780	74442	576309	64537	24305	34642	16463	11966	12230	Weekly Maintenance schedule for Booster Pump	2024-03-21 10:00:00	SCH157708	2024-03-22 15:18:32	2024-03-28 10:00:00	2026-06-15 06:45:26.958066	2026-06-15 06:45:26.958066
7926472	1780	74442	576309	64536	24305	34642	16463	11966	12230	Daily Maintenance schedule for Booster Pump	2024-03-20 10:00:00	SCH157599	2024-03-21 16:15:37	2024-03-21 10:00:00	2026-06-15 06:45:26.958066	2026-06-15 06:45:26.958066
7925349	1780	74442	576309	47229	24305	34642	16463	11966	12230	Weekly Maintenance schedule for Motor	2024-03-21 10:00:00	SCH156492	2024-03-22 15:20:12	2024-03-28 10:00:00	2026-06-15 06:45:26.958066	2026-06-15 06:45:26.958066
7925240	1780	74442	576309	47228	24305	34642	16463	11966	12230	Daily Maintenance schedule for Motor	2024-03-20 10:00:00	SCH156384	2024-03-21 16:16:25	2024-03-21 10:00:00	2026-06-15 06:45:26.958066	2026-06-15 06:45:26.958066
7925054	1780	74442	576309	47226	24305	34642	16463	11966	12230	Daily Maintenance schedule for Pumps	2024-03-20 10:00:00	SCH156198	2024-03-21 16:18:03	2024-03-21 10:00:00	2026-06-15 06:45:26.958066	2026-06-15 06:45:26.958066
7633879	1780	74442	576309	47227	24305	34642	16463	11966	12230	Monthly Maintenance schedule for Pumps	2024-05-01 10:00:00	SCH127389	2024-05-04 16:21:17	\N	2026-06-15 06:45:26.958066	2026-06-15 06:45:26.958066
7277459	1780	74445	576727	46927	24305	34644	16474	11968	12229	Weekly Schedule for APFC Panels	2023-10-23 10:00:00	SCH29060	2023-12-28 13:48:31	2023-10-30 10:00:00	2026-06-15 06:45:27.983948	2026-06-15 06:45:27.983948
7277453	1780	74445	576727	46928	24305	34644	16474	11968	12229	Monthly Schedule for APFC Panels	2023-10-23 10:00:00	SCH29054	2023-12-28 13:48:41	2023-11-23 10:00:00	2026-06-15 06:45:27.983948	2026-06-15 06:45:27.983948
7277452	1780	74445	576727	46929	24305	34644	16474	11968	12229	Yearly Schedule for APFC Panels	2023-10-23 10:00:00	SCH29053	2023-12-28 13:48:18	\N	2026-06-15 06:45:27.983948	2026-06-15 06:45:27.983948
7734527	1780	74442	576313	65736	24305	34642	16463	11966	12230	Monthly Maintenance schedule for Pumps	2024-02-01 10:00:00	SCH173522	2024-05-16 12:15:36	\N	2026-06-15 06:50:10.896125	2026-06-15 06:50:10.896125
7689278	1780	74442	576313	65331	24305	34642	16463	11966	12230	Monthly Maintenance schedule for Pumps	2024-01-01 10:00:00	SCH128135	2024-01-16 17:46:41	\N	2026-06-15 06:50:10.896125	2026-06-15 06:50:10.896125
14573713	1780	74442	575882	120104	24305	34641	16443	11966	12229	Monthly Maintenance schedule for Pumps	2026-05-10 10:00:00	SCH179185	2026-06-10 16:45:58	2026-06-10 10:00:00	2026-06-15 07:04:27.990558	2026-06-15 07:04:27.990558
13956260	1780	74442	575882	70154	24305	34641	16443	11966	12229	Monthly Maintenance schedule for Pumps	2026-04-10 10:00:00	SCH177612	2026-05-04 10:28:00	\N	2026-06-15 07:04:27.990558	2026-06-15 07:04:27.990558
8743217	1780	74442	575882	68520	24305	34641	16443	11966	12229	Monthly Maintenance schedule for Pumps	2024-04-14 10:00:00	SCH162933	2024-04-17 16:08:55	\N	2026-06-15 07:04:27.990558	2026-06-15 07:04:27.990558
7723921	1780	74442	575882	65616	24305	34641	16443	11966	12229	Monthly Maintenance schedule for Pumps	2024-02-10 10:00:00	SCH173527	2024-05-16 12:15:36	\N	2026-06-15 07:04:27.990558	2026-06-15 07:04:27.990558
7679578	1780	74442	575882	64755	24305	34641	16443	11966	12229	Monthly Maintenance schedule for Pumps	2024-01-10 10:00:00	SCH127793	2024-01-10 16:23:08	\N	2026-06-15 07:04:27.990558	2026-06-15 07:04:27.990558
14573425	1780	74442	575941	120085	24305	34641	16445	11966	12229	Monthly Maintenance schedule for Pumps	2026-05-10 10:00:00	SCH178964	2026-06-03 10:38:38	2026-06-10 10:00:00	2026-06-15 07:11:30.980924	2026-06-15 07:11:30.980924
13816388	1780	74442	575941	70143	24305	34641	16445	11966	12229	Monthly Maintenance schedule for Pumps	2026-03-10 10:00:00	SCH177432	2026-04-11 18:00:01	\N	2026-06-15 07:11:30.980924	2026-06-15 07:11:30.980924
7907164	1780	74442	575941	65208	24305	34641	16445	11966	12229	Monthly Maintenance schedule for Pumps	2024-04-13 10:00:00	SCH154336	2024-04-18 15:15:37	\N	2026-06-15 07:11:30.980924	2026-06-15 07:11:30.980924
14010538	1780	74442	576250	73993	24305	34642	16461	11966	12228	Monthly Maintenance schedule for Pumps	2026-05-01 10:00:00	SCH177719	2026-05-18 15:08:10	2026-06-01 10:00:00	2026-06-15 07:36:34.885571	2026-06-15 07:36:34.885571
9182181	1780	74442	576250	70126	24305	34642	16461	11966	12228	Monthly Maintenance schedule for Pumps	2024-07-01 10:00:00	SCH170094	2024-07-09 15:43:07	\N	2026-06-15 07:36:34.885571	2026-06-15 07:36:34.885571
7925954	1780	74442	576250	64496	24305	34642	16461	11966	12228	Monthly Maintenance schedule for Booster Pump	2024-03-28 10:00:00	SCH157086	2024-04-01 15:17:12	\N	2026-06-15 07:36:34.885571	2026-06-15 07:36:34.885571
7925909	1780	74442	576250	64495	24305	34642	16461	11966	12228	Weekly Maintenance schedule for Booster Pump	2024-03-21 10:00:00	SCH157043	2024-03-27 10:34:06	2024-03-28 10:00:00	2026-06-15 07:36:34.885571	2026-06-15 07:36:34.885571
7925620	1780	74442	576250	64494	24305	34642	16461	11966	12228	Daily Maintenance schedule for Booster Pump	2024-03-20 10:00:00	SCH156755	2024-03-21 16:07:44	2024-03-21 10:00:00	2026-06-15 07:36:34.885571	2026-06-15 07:36:34.885571
7924944	1780	74442	576250	47155	24305	34642	16461	11966	12228	Half Yearly Maintenance schedule for Motor	2024-01-28 10:00:00	SCH156090	2024-03-20 15:16:36	2024-02-28 10:00:00	2026-06-15 07:36:34.885571	2026-06-15 07:36:34.885571
7924927	1780	74442	576250	47154	24305	34642	16461	11966	12228	Weekly Maintenance schedule for Motor	2024-03-21 10:00:00	SCH156074	2024-03-22 15:24:10	2024-03-28 10:00:00	2026-06-15 07:36:34.885571	2026-06-15 07:36:34.885571
7924638	1780	74442	576250	47153	24305	34642	16461	11966	12228	Daily Maintenance schedule for Motor	2024-03-20 10:00:00	SCH155787	2024-03-21 16:13:24	2024-03-21 10:00:00	2026-06-15 07:36:34.885571	2026-06-15 07:36:34.885571
7924266	1780	74442	576250	47151	24305	34642	16461	11966	12228	Daily Maintenance schedule for Pumps	2024-03-20 10:00:00	SCH155417	2024-03-21 16:14:30	2024-03-21 10:00:00	2026-06-15 07:36:34.885571	2026-06-15 07:36:34.885571
7633861	1780	74442	576250	47152	24305	34642	16461	11966	12228	Monthly Maintenance schedule for Pumps	2024-05-01 10:00:00	SCH127371	2024-05-02 12:10:34	\N	2026-06-15 07:36:34.885571	2026-06-15 07:36:34.885571
13907582	1780	74442	577833	66350	24463	34801	16420	12030	12250	Monthly Maintenance schedule for Pumps	2026-04-01 10:00:00	SCH177575	2026-04-14 14:48:06	2026-05-01 10:00:00	2026-06-15 07:39:00.967848	2026-06-15 07:39:00.967848
7640049	1780	74442	577833	64891	24463	34801	16420	12030	12250	General Checking	2024-01-03 00:00:00	SCH127516	2024-01-05 10:11:37	\N	2026-06-15 07:39:00.967848	2026-06-15 07:39:00.967848
7627898	1780	74442	577833	64691	24463	34801	16420	12030	12250	Monthly Maintenance schedule for Pumps	2024-01-29 10:00:00	SCH127100	2024-01-31 14:32:27	\N	2026-06-15 07:39:00.967848	2026-06-15 07:39:00.967848
7279363	1780	74445	580324	59076	24305	34644	16468	11968	12228	Weekly Schedule for APFC Panels	2023-10-23 10:00:00	SCH29168	2023-12-28 13:47:53	2023-10-30 10:00:00	2026-06-15 07:39:03.037605	2026-06-15 07:39:03.037605
7279357	1780	74445	580324	59077	24305	34644	16468	11968	12228	Monthly Schedule for APFC Panels	2023-10-23 10:00:00	SCH29162	2024-01-19 11:22:33	2023-11-23 10:00:00	2026-06-15 07:39:03.037605	2026-06-15 07:39:03.037605
7279356	1780	74445	580324	59078	24305	34644	16468	11968	12228	Yearly Schedule for APFC Panels	2023-10-23 10:00:00	SCH29161	2023-12-28 13:47:56	\N	2026-06-15 07:39:03.037605	2026-06-15 07:39:03.037605
14128438	1780	74442	575554	64749	24305	34639	16425	11965	12230	Monthly Maintenance schedule for Pumps	2026-06-01 10:00:00	SCH177857	2026-06-09 12:25:23	2026-07-01 10:00:00	2026-06-15 07:40:11.312759	2026-06-15 07:40:11.312759
14061012	1780	74442	575631	65196	24305	34639	16430	11965	12229	Monthly Maintenance schedule for Pumps	2026-05-18 10:00:00	SCH177812	2026-05-25 17:49:24	2026-06-18 10:00:00	2026-06-15 07:43:47.930183	2026-06-15 07:43:47.930183
14128462	1780	74442	576570	64753	24305	34644	16468	11968	12228	Monthly Maintenance schedule for Pumps	2026-06-01 10:00:00	SCH177881	2026-06-10 15:45:25	2026-07-01 10:00:00	2026-06-15 07:46:09.005406	2026-06-15 07:46:09.005406
7633508	1780	74442	575753	64752	24305	34640	16438	11966	12230	Monthly Maintenance schedule for Pumps	2024-07-05 10:00:00	SCH127341	2024-07-13 15:20:40	\N	2026-06-15 07:47:23.440755	2026-06-15 07:47:23.440755
13895340	1780	74442	576457	70091	24305	34641	16467	11966	12230	Monthly Maintenance schedule for Pumps	2026-03-25 10:00:00	SCH177499	2026-04-11 17:58:55	\N	2026-06-15 07:49:37.430645	2026-06-15 07:49:37.430645
7678471	1780	74442	576457	65199	24305	34641	16467	11966	12230	Monthly Maintenance schedule for Pumps	2024-04-25 10:00:00	SCH127754	2024-04-26 14:52:22	\N	2026-06-15 07:49:37.430645	2026-06-15 07:49:37.430645
14061013	1780	74442	575632	65196	24305	34639	16430	11965	12229	Monthly Maintenance schedule for Pumps	2026-05-18 10:00:00	SCH177813	2026-05-25 17:49:43	2026-06-18 10:00:00	2026-06-15 07:51:56.300006	2026-06-15 07:51:56.300006
14573419	1780	74442	575940	120085	24305	34641	16445	11966	12229	Monthly Maintenance schedule for Pumps	2026-05-10 10:00:00	SCH178958	2026-06-03 10:37:52	2026-06-10 10:00:00	2026-06-15 07:51:57.120034	2026-06-15 07:51:57.120034
13816343	1780	74442	575940	70143	24305	34641	16445	11966	12229	Monthly Maintenance schedule for Pumps	2026-03-10 10:00:00	SCH177428	2026-04-11 18:00:10	\N	2026-06-15 07:51:57.120034	2026-06-15 07:51:57.120034
9388368	1780	74442	575940	49789	24305	34641	16445	11966	12229	General Checking	2024-06-10 10:00:00	SCH174313	2024-06-13 14:34:58	\N	2026-06-15 07:51:57.120034	2026-06-15 07:51:57.120034
7907170	1780	74442	575940	65208	24305	34641	16445	11966	12229	Monthly Maintenance schedule for Pumps	2024-04-13 10:00:00	SCH154342	2024-04-18 15:19:20	\N	2026-06-15 07:51:57.120034	2026-06-15 07:51:57.120034
14035034	1780	74442	576777	65294	24305	34644	16476	11968	12229	Monthly Maintenance schedule for Pumps	2026-05-12 10:30:00	SCH177771	2026-05-19 12:14:23	2026-06-12 10:30:00	2026-06-15 07:57:54.676428	2026-06-15 07:57:54.676428
14061008	1780	74442	575629	65196	24305	34639	16430	11965	12229	Monthly Maintenance schedule for Pumps	2026-05-18 10:00:00	SCH177808	2026-05-25 17:49:53	2026-06-18 10:00:00	2026-06-15 08:18:13.279788	2026-06-15 08:18:13.279788
14057816	1780	74442	576304	65334	24305	34642	16462	11966	12230	Monthly Maintenance schedule for Pumps	2026-05-16 10:30:00	SCH177797	2026-06-10 16:45:17	2026-06-16 10:30:00	2026-06-15 08:30:47.717325	2026-06-15 08:30:47.717325
14573473	1780	74442	576460	120089	24305	34641	16467	11966	12230	Monthly Maintenance schedule for Pumps	2026-04-25 10:00:00	SCH179012	2026-05-20 14:51:58	2026-05-25 10:00:00	2026-06-15 08:34:15.748373	2026-06-15 08:34:15.748373
13895366	1780	74442	576460	70889	24305	34641	16467	11966	12230	Monthly Maintenance schedule for Pumps	2026-03-25 10:00:00	SCH177503	2026-04-11 17:55:28	\N	2026-06-15 08:34:15.748373	2026-06-15 08:34:15.748373
9185019	1780	74442	576460	70140	24305	34641	16467	11966	12230	Monthly Maintenance schedule for Pumps	2024-04-25 10:00:00	SCH173554	2024-05-16 17:46:47	\N	2026-06-15 08:34:15.748373	2026-06-15 08:34:15.748373
7820272	1780	74442	576460	66461	24305	34641	16467	11966	12230	Monthly Maintenance schedule for Pumps	2024-02-25 10:00:00	SCH173540	2024-05-16 12:15:36	\N	2026-06-15 08:34:15.748373	2026-06-15 08:34:15.748373
7719895	1780	74442	576460	65569	24305	34641	16467	11966	12230	Monthly Maintenance schedule for Pumps	2024-01-25 10:00:00	SCH137030	2024-02-02 17:18:00	\N	2026-06-15 08:34:15.748373	2026-06-15 08:34:15.748373
14035040	1780	74442	576631	70197	24305	34644	16470	11968	12229	Monthly Maintenance schedule for Pumps	2026-05-12 10:00:00	SCH177777	2026-05-22 11:06:02	2026-06-12 10:00:00	2026-06-15 08:36:31.83601	2026-06-15 08:36:31.83601
7927060	1780	74442	576631	67963	24305	34644	16470	11968	12229	Monthly Maintenance schedule for Pumps	2024-03-19 10:00:00	SCH158162	2024-03-21 16:04:17	\N	2026-06-15 08:36:31.83601	2026-06-15 08:36:31.83601
7771733	1780	74442	576631	66271	24305	34644	16470	11968	12229	Monthly Maintenance schedule for Pumps	2024-02-12 10:30:00	SCH173529	2024-05-16 12:15:36	\N	2026-06-15 08:36:31.83601	2026-06-15 08:36:31.83601
7709294	1780	74442	576631	65469	24305	34644	16470	11968	12229	Monthly Maintenance schedule for Pumps	2024-01-12 10:30:00	SCH136464	2024-02-05 12:43:41	\N	2026-06-15 08:36:31.83601	2026-06-15 08:36:31.83601
14061900	1780	74442	576734	70201	24305	34644	16474	11968	12229	Monthly Maintenance schedule for Pumps	2026-05-19 10:00:00	SCH177818	2026-05-22 10:47:40	2026-06-19 10:00:00	2026-06-15 08:38:56.208281	2026-06-15 08:38:56.208281
7820402	1780	74442	576734	66462	24305	34644	16474	11968	12229	Monthly Maintenance schedule for Pumps	2024-02-19 10:00:00	SCH154062	2024-02-29 10:38:14	\N	2026-06-15 08:38:56.208281	2026-06-15 08:38:56.208281
7723275	1780	74442	576734	65601	24305	34644	16474	11968	12229	Monthly Maintenance schedule for Pumps	2024-01-19 10:00:00	SCH137778	2024-02-01 18:01:10	\N	2026-06-15 08:38:56.208281	2026-06-15 08:38:56.208281
14010541	1780	74442	576660	64754	24305	34644	16471	11968	12229	Monthly Maintenance schedule for Pumps	2026-05-01 10:00:00	SCH177722	2026-05-19 12:17:28	2026-06-01 10:00:00	2026-06-15 08:42:26.600038	2026-06-15 08:42:26.600038
7277519	1780	74445	576607	46926	24305	34644	16469	11968	12229	Yearly Schedule for APFC Panels	2023-10-23 10:00:00	SCH29120	2023-12-28 13:47:59	\N	2026-06-15 08:50:38.609243	2026-06-15 08:50:38.609243
7277492	1780	74445	576607	46924	24305	34644	16469	11968	12229	Weekly Schedule for APFC Panels	2023-10-23 10:00:00	SCH29093	2023-12-28 13:48:15	2023-10-30 10:00:00	2026-06-15 08:50:38.609243	2026-06-15 08:50:38.609243
7277486	1780	74445	576607	46925	24305	34644	16469	11968	12229	Monthly Schedule for APFC Panels	2023-10-23 10:00:00	SCH29087	2023-12-28 13:47:35	2023-11-23 10:00:00	2026-06-15 08:50:38.609243	2026-06-15 08:50:38.609243
14128448	1780	74442	576568	64753	24305	34644	16468	11968	12228	Monthly Maintenance schedule for Pumps	2026-06-01 10:00:00	SCH177867	2026-06-10 15:47:26	2026-07-01 10:00:00	2026-06-15 08:51:46.100969	2026-06-15 08:51:46.100969
14016752	1780	74442	575781	71601	24305	34640	16440	11965	12229	Monthly Maintenance schedule for Pumps	2026-05-05 10:00:00	SCH177748	2026-05-09 13:59:16	2026-06-05 10:00:00	2026-06-15 08:54:04.21681	2026-06-15 08:54:04.21681
9148366	1780	74442	575781	70070	24305	34640	16440	11965	12229	Monthly Maintenance schedule for Pumps	2024-05-05 10:00:00	SCH173556	2024-05-16 12:15:36	\N	2026-06-15 08:54:04.21681	2026-06-15 08:54:04.21681
7753930	1780	74442	575781	66169	24305	34640	16440	11965	12229	Monthly Maintenance schedule for Pumps	2024-02-05 10:00:00	SCH141135	2024-02-10 14:27:12	\N	2026-06-15 08:54:04.21681	2026-06-15 08:54:04.21681
7632814	1780	74442	575781	64693	24305	34640	16440	11965	12229	Monthly Maintenance schedule for Pumps	2024-01-05 10:00:00	SCH127213	2024-01-12 10:42:56	\N	2026-06-15 08:54:04.21681	2026-06-15 08:54:04.21681
14573725	1780	74442	576131	120106	24305	34641	16454	11966	12229	Monthly Maintenance schedule for Pumps	2026-05-17 10:00:00	SCH179197	2026-06-13 09:14:02	2026-06-17 10:00:00	2026-06-15 08:56:31.388358	2026-06-15 08:56:31.388358
13971533	1780	74442	576131	70151	24305	34641	16454	11966	12229	Monthly Maintenance schedule for Pumps	2026-04-17 10:00:00	SCH177647	2026-05-04 10:29:03	\N	2026-06-15 08:56:31.388358	2026-06-15 08:56:31.388358
9162330	1780	74442	576131	70092	24305	34641	16454	11966	12229	Monthly Maintenance schedule for Pumps	2024-04-17 10:00:00	SCH173550	2024-05-16 12:15:36	\N	2026-06-15 08:56:31.388358	2026-06-15 08:56:31.388358
7723938	1780	74442	576131	65616	24305	34641	16454	11966	12229	Monthly Maintenance schedule for Pumps	2024-02-17 10:00:00	SCH137861	2024-02-24 10:47:39	\N	2026-06-15 08:56:31.388358	2026-06-15 08:56:31.388358
7689500	1780	74442	576131	64755	24305	34641	16454	11966	12229	Monthly Maintenance schedule for Pumps	2024-01-17 10:00:00	SCH128357	2024-01-19 12:33:26	\N	2026-06-15 08:56:31.388358	2026-06-15 08:56:31.388358
13895341	1780	74442	576484	70885	24305	34641	16467	11966	12230	Monthly Maintenance schedule for Pumps	2026-03-25 10:00:00	SCH177500	2026-04-11 17:56:25	2026-04-25 10:00:00	2026-06-15 09:08:29.554685	2026-06-15 09:08:29.554685
9208571	1780	74442	576484	70178	24305	34641	16467	11966	12230	Monthly Maintenance schedule for Pumps	2024-04-25 10:00:00	SCH172753	2024-05-13 18:10:24	\N	2026-06-15 09:08:29.554685	2026-06-15 09:08:29.554685
7820240	1780	74442	576484	66461	24305	34641	16467	11966	12230	Monthly Maintenance schedule for Pumps	2024-02-25 10:00:00	SCH153902	2024-03-01 11:14:52	\N	2026-06-15 09:08:29.554685	2026-06-15 09:08:29.554685
7719859	1780	74442	576484	65569	24305	34641	16467	11966	12230	Monthly Maintenance schedule for Pumps	2024-01-25 10:00:00	SCH136997	2024-02-01 16:01:23	\N	2026-06-15 09:08:29.554685	2026-06-15 09:08:29.554685
13994757	1780	74442	576207	70161	24305	34641	16458	11966	12230	Monthly Maintenance schedule for Pumps	2026-04-24 10:00:00	SCH177674	2026-05-19 11:34:56	2026-05-24 10:00:00	2026-06-15 09:09:34.824384	2026-06-15 09:09:34.824384
7709465	1780	74442	576207	65470	24305	34641	16458	11966	12230	Monthly Maintenance schedule for Pumps	2024-01-24 10:00:00	SCH136590	2024-01-27 17:10:59	\N	2026-06-15 09:09:34.824384	2026-06-15 09:09:34.824384
14061009	1780	74442	575630	65196	24305	34639	16430	11965	12229	Monthly Maintenance schedule for Pumps	2026-05-18 10:00:00	SCH177809	2026-05-25 17:49:32	2026-06-18 10:00:00	2026-06-15 09:16:51.132972	2026-06-15 09:16:51.132972
13912748	1780	74442	575566	70889	24305	34639	16426	11965	12230	Monthly Maintenance schedule for Pumps	2026-04-02 10:00:00	SCH177589	2026-04-22 10:53:23	\N	2026-06-15 09:18:04.131456	2026-06-15 09:18:04.131456
9141313	1780	74442	575566	70067	24305	34639	16426	11965	12230	Monthly Maintenance schedule for Pumps	2024-05-02 10:00:00	SCH165640	2024-05-09 17:56:14	\N	2026-06-15 09:18:04.131456	2026-06-15 09:18:04.131456
7820234	1780	74442	575566	66461	24305	34639	16426	11965	12230	Monthly Maintenance schedule for Pumps	2024-03-01 10:00:00	SCH153896	2024-03-02 12:57:10	\N	2026-06-15 09:18:04.131456	2026-06-15 09:18:04.131456
7719853	1780	74442	575566	65569	24305	34639	16426	11965	12230	Monthly Maintenance schedule for Pumps	2024-02-01 10:00:00	SCH136991	2024-02-05 16:45:51	\N	2026-06-15 09:18:04.131456	2026-06-15 09:18:04.131456
7632790	1780	74442	575566	64748	24305	34639	16426	11965	12230	Monthly Maintenance schedule for Pumps	2024-01-01 10:00:00	SCH127189	2024-01-04 16:19:23	\N	2026-06-15 09:18:04.131456	2026-06-15 09:18:04.131456
7709298	1780	74442	576632	65469	24305	34644	16470	11968	12229	Monthly Maintenance schedule for Pumps	2024-01-12 10:30:00	SCH173516	2024-05-16 12:15:36	\N	2026-06-14 17:17:18.397608	2026-06-15 09:19:16.949326
14573479	1780	74442	576461	120089	24305	34641	16467	11966	12230	Monthly Maintenance schedule for Pumps	2026-04-25 10:00:00	SCH179018	2026-05-20 14:52:44	2026-05-25 10:00:00	2026-06-15 09:21:45.559541	2026-06-15 09:21:45.559541
13895426	1780	74442	576461	70889	24305	34641	16467	11966	12230	Monthly Maintenance schedule for Pumps	2026-03-25 10:00:00	SCH177508	2026-04-11 17:55:34	\N	2026-06-15 09:21:45.559541	2026-06-15 09:21:45.559541
9185026	1780	74442	576461	70140	24305	34641	16467	11966	12230	Monthly Maintenance schedule for Pumps	2024-04-25 10:00:00	SCH170959	2024-05-14 15:08:06	\N	2026-06-15 09:21:45.559541	2026-06-15 09:21:45.559541
7820282	1780	74442	576461	66461	24305	34641	16467	11966	12230	Monthly Maintenance schedule for Pumps	2024-02-25 10:00:00	SCH153937	2024-03-01 09:34:59	\N	2026-06-15 09:21:45.559541	2026-06-15 09:21:45.559541
7719901	1780	74442	576461	65569	24305	34641	16467	11966	12230	Monthly Maintenance schedule for Pumps	2024-01-25 10:00:00	SCH137036	2024-02-03 09:51:27	\N	2026-06-15 09:21:45.559541	2026-06-15 09:21:45.559541
14016749	1780	74442	575764	64751	24305	34640	16439	11966	12229	Monthly Maintenance schedule for Pumps	2026-05-05 10:00:00	SCH177745	2026-05-25 17:47:53	2026-06-05 10:00:00	2026-06-15 09:24:04.057337	2026-06-15 09:24:04.057337
13969311	1780	74442	576330	70163	24305	34642	16465	11966	12230	Monthly Maintenance schedule for Pumps	2026-04-16 10:00:00	SCH177637	2026-05-04 10:28:43	\N	2026-06-15 09:28:49.042133	2026-06-15 09:28:49.042133
7733710	1780	74442	576330	65732	24305	34642	16465	11966	12230	Monthly Maintenance schedule for Pumps	2024-02-16 10:30:00	SCH173530	2024-05-16 12:15:36	\N	2026-06-15 09:28:49.042133	2026-06-15 09:28:49.042133
7689482	1780	74442	576330	65332	24305	34642	16465	11966	12230	Monthly Maintenance schedule for Pumps	2024-01-16 10:30:00	SCH128339	2024-01-16 14:51:16	\N	2026-06-15 09:28:49.042133	2026-06-15 09:28:49.042133
13907565	1780	74442	577834	66350	24463	34801	16420	12030	12250	Monthly Maintenance schedule for Pumps	2026-04-01 10:00:00	SCH177558	2026-04-14 14:48:23	2026-05-01 10:00:00	2026-06-15 09:41:31.36242	2026-06-15 09:41:31.36242
7627868	1780	74442	577834	64691	24463	34801	16420	12030	12250	Monthly Maintenance schedule for Pumps	2024-01-29 10:00:00	SCH127082	2024-01-31 14:41:09	\N	2026-06-15 09:41:31.36242	2026-06-15 09:41:31.36242
14010522	1780	74442	576251	73993	24305	34642	16461	11966	12228	Monthly Maintenance schedule for Pumps	2026-05-01 10:00:00	SCH177704	2026-05-18 15:49:43	2026-06-01 10:00:00	2026-06-15 09:46:20.775454	2026-06-15 09:46:20.775454
9182187	1780	74442	576251	70126	24305	34642	16461	11966	12228	Monthly Maintenance schedule for Pumps	2024-07-01 10:00:00	SCH170100	2024-07-09 15:45:02	\N	2026-06-15 09:46:20.775454	2026-06-15 09:46:20.775454
7925959	1780	74442	576251	64496	24305	34642	16461	11966	12228	Monthly Maintenance schedule for Booster Pump	2024-03-28 10:00:00	SCH157091	2024-04-01 15:09:23	\N	2026-06-15 09:46:20.775454	2026-06-15 09:46:20.775454
7925936	1780	74442	576251	64495	24305	34642	16461	11966	12228	Weekly Maintenance schedule for Booster Pump	2024-03-21 10:00:00	SCH157069	2024-03-22 15:20:04	2024-03-28 10:00:00	2026-06-15 09:46:20.775454	2026-06-15 09:46:20.775454
7925800	1780	74442	576251	64494	24305	34642	16461	11966	12228	Daily Maintenance schedule for Booster Pump	2024-03-20 10:00:00	SCH156935	2024-03-21 16:08:19	2024-03-21 10:00:00	2026-06-15 09:46:20.775454	2026-06-15 09:46:20.775454
7924970	1780	74442	576251	47155	24305	34642	16461	11966	12228	Half Yearly Maintenance schedule for Motor	2024-01-28 10:00:00	SCH173521	2024-05-16 12:15:36	\N	2026-06-15 09:46:20.775454	2026-06-15 09:46:20.775454
7924954	1780	74442	576251	47154	24305	34642	16461	11966	12228	Weekly Maintenance schedule for Motor	2024-03-21 10:00:00	SCH156100	2024-03-22 15:22:47	2024-03-28 10:00:00	2026-06-15 09:46:20.775454	2026-06-15 09:46:20.775454
7924818	1780	74442	576251	47153	24305	34642	16461	11966	12228	Daily Maintenance schedule for Motor	2024-03-20 10:00:00	SCH155966	2024-03-21 16:12:19	2024-03-21 10:00:00	2026-06-15 09:46:20.775454	2026-06-15 09:46:20.775454
7924446	1780	74442	576251	47151	24305	34642	16461	11966	12228	Daily Maintenance schedule for Pumps	2024-03-20 10:00:00	SCH155597	2024-03-21 16:05:02	2024-03-21 10:00:00	2026-06-15 09:46:20.775454	2026-06-15 09:46:20.775454
7633849	1780	74442	576251	47152	24305	34642	16461	11966	12228	Monthly Maintenance schedule for Pumps	2024-05-01 10:00:00	SCH127359	2024-05-02 12:21:27	\N	2026-06-15 09:46:20.775454	2026-06-15 09:46:20.775454
14061904	1780	74442	576735	70202	24305	34644	16474	11968	12229	Monthly Maintenance schedule for Pumps	2026-05-19 10:00:00	SCH177822	2026-05-22 10:43:34	2026-06-19 10:00:00	2026-06-15 09:46:23.531117	2026-06-15 09:46:23.531117
7820420	1780	74442	576735	66462	24305	34644	16474	11968	12229	Monthly Maintenance schedule for Pumps	2024-02-26 10:00:00	SCH154080	2024-02-28 09:58:37	\N	2026-06-15 09:46:23.531117	2026-06-15 09:46:23.531117
7723267	1780	74442	576735	65601	24305	34644	16474	11968	12229	Monthly Maintenance schedule for Pumps	2024-01-19 10:00:00	SCH173517	2024-05-16 12:15:36	\N	2026-06-15 09:46:23.531117	2026-06-15 09:46:23.531117
14131621	1780	74442	575578	70996	24305	34639	16427	11965	12229	Monthly Maintenance schedule for Pumps	2026-06-02 10:00:00	SCH177894	2026-06-09 12:25:31	2026-07-02 10:00:00	2026-06-15 09:47:33.98888	2026-06-15 09:47:33.98888
9024360	1780	74442	575578	69849	24305	34639	16427	11965	12229	Monthly Maintenance schedule for Pumps	2024-05-02 10:00:00	SCH163303	2024-05-06 16:14:43	\N	2026-06-15 09:47:33.98888	2026-06-15 09:47:33.98888
7753864	1780	74442	575578	66169	24305	34639	16427	11965	12229	Monthly Maintenance schedule for Pumps	2024-02-01 10:00:00	SCH141069	2024-02-09 10:01:51	\N	2026-06-15 09:47:33.98888	2026-06-15 09:47:33.98888
7632760	1780	74442	575578	64693	24305	34639	16427	11965	12229	Monthly Maintenance schedule for Pumps	2024-01-01 10:00:00	SCH127159	2024-01-15 15:31:11	\N	2026-06-15 09:47:33.98888	2026-06-15 09:47:33.98888
14573737	1780	74442	575883	120108	24305	34641	16443	11966	12229	Monthly Maintenance schedule for Pumps	2026-05-10 10:00:00	SCH179209	2026-06-10 16:44:13	2026-06-10 10:00:00	2026-06-15 10:07:07.424149	2026-06-15 10:07:07.424149
13956262	1780	74442	575883	70155	24305	34641	16443	11966	12229	Monthly Maintenance schedule for Pumps	2026-04-10 10:00:00	SCH177614	2026-05-04 10:28:24	\N	2026-06-15 10:07:07.424149	2026-06-15 10:07:07.424149
8743223	1780	74442	575883	68520	24305	34641	16443	11966	12229	Monthly Maintenance schedule for Pumps	2024-04-14 10:00:00	SCH162939	2024-04-17 16:14:27	\N	2026-06-15 10:07:07.424149	2026-06-15 10:07:07.424149
7723920	1780	74442	575883	65616	24305	34641	16443	11966	12229	Monthly Maintenance schedule for Pumps	2024-02-10 10:00:00	SCH137844	2024-02-13 11:56:10	\N	2026-06-15 10:07:07.424149	2026-06-15 10:07:07.424149
7679584	1780	74442	575883	64755	24305	34641	16443	11966	12229	Monthly Maintenance schedule for Pumps	2024-01-10 10:00:00	SCH127799	2024-01-10 16:24:47	\N	2026-06-15 10:07:07.424149	2026-06-15 10:07:07.424149
7632796	1780	74442	575669	64693	24305	34639	16432	11965	12230	Monthly Maintenance schedule for Pumps	2024-01-01 10:00:00	SCH127195	2024-01-15 13:07:10	\N	2026-06-14 15:47:46.572859	2026-06-15 10:11:56.893354
13895342	1780	74442	576486	70887	24305	34641	16467	11966	12230	Monthly Maintenance schedule for Pumps	2026-03-25 10:00:00	SCH177501	2026-04-11 17:56:10	2026-04-25 10:00:00	2026-06-15 10:13:07.234354	2026-06-15 10:13:07.234354
9208577	1780	74442	576486	70178	24305	34641	16467	11966	12230	Monthly Maintenance schedule for Pumps	2024-04-25 10:00:00	SCH172759	2024-05-14 10:46:14	\N	2026-06-15 10:13:07.234354	2026-06-15 10:13:07.234354
7820252	1780	74442	576486	66461	24305	34641	16467	11966	12230	Monthly Maintenance schedule for Pumps	2024-02-25 10:00:00	SCH153914	2024-03-01 16:25:52	\N	2026-06-15 10:13:07.234354	2026-06-15 10:13:07.234354
7719869	1780	74442	576486	65569	24305	34641	16467	11966	12230	Monthly Maintenance schedule for Pumps	2024-01-25 10:00:00	SCH173519	2024-05-16 12:15:36	\N	2026-06-15 10:13:07.234354	2026-06-15 10:13:07.234354
14065393	1780	74442	575647	71606	24305	34639	16431	11965	12229	Monthly Maintenance schedule for Pumps	2026-05-22 10:00:00	SCH177823	2026-05-29 13:19:50	2026-06-22 10:00:00	2026-06-15 10:14:17.772587	2026-06-15 10:14:17.772587
9271950	1780	74442	575647	70277	24305	34639	16431	11965	12229	Monthly Maintenance schedule for Pumps	2024-05-22 10:00:00	SCH173974	2024-05-22 16:41:03	\N	2026-06-15 10:14:17.772587	2026-06-15 10:14:17.772587
8973587	1780	74442	575647	69849	24305	34639	16431	11965	12229	Monthly Maintenance schedule for Pumps	2024-04-22 10:00:00	SCH162994	2024-04-23 15:32:43	\N	2026-06-15 10:14:17.772587	2026-06-15 10:14:17.772587
7696580	1780	74442	575510	65394	24305	34639	16422	11965	12229	Monthly Maintenance schedule for Pumps	2024-01-11 10:00:00	SCH173506	2024-05-16 12:15:35	\N	2026-06-15 10:19:09.099899	2026-06-15 10:19:09.099899
12634306	1780	74442	575982	64756	24305	34641	16447	11966	12229	Monthly Maintenance schedule for Pumps	2025-10-24 10:00:00	SCH176760	2025-11-10 10:43:57	\N	2026-06-15 10:20:24.132599	2026-06-15 10:20:24.132599
14573508	1780	74442	575984	120090	24305	34641	16447	11966	12229	Monthly Maintenance schedule for Pumps	2026-04-24 10:00:00	SCH179047	2026-05-13 11:03:51	2026-05-24 10:00:00	2026-06-15 10:20:25.791668	2026-06-15 10:20:25.791668
13669030	1780	74442	575984	64756	24305	34641	16447	11966	12229	Monthly Maintenance schedule for Pumps	2026-02-24 10:00:00	SCH177351	2026-03-02 09:31:19	2026-03-24 10:00:00	2026-06-15 10:20:25.791668	2026-06-15 10:20:25.791668
13969310	1780	74442	576318	70279	24305	34642	16464	11966	12230	Monthly Maintenance schedule for Pumps	2026-04-16 10:00:00	SCH177636	2026-05-02 08:55:53	2026-05-16 10:00:00	2026-06-15 10:22:51.842866	2026-06-15 10:22:51.842866
7777862	1780	74442	576318	66306	24305	34642	16464	11966	12230	Monthly Maintenance schedule for Pumps	2024-02-16 10:30:00	SCH173531	2024-05-16 12:15:36	\N	2026-06-15 10:22:51.842866	2026-06-15 10:22:51.842866
7689452	1780	74442	576318	65331	24305	34642	16464	11966	12230	Monthly Maintenance schedule for Pumps	2024-01-16 10:30:00	SCH128309	2024-01-16 14:57:48	\N	2026-06-15 10:22:51.842866	2026-06-15 10:22:51.842866
13994756	1780	74442	576208	70162	24305	34641	16458	11966	12230	Monthly Maintenance schedule for Pumps	2026-04-24 10:00:00	SCH177673	2026-05-19 13:12:44	2026-05-24 10:00:00	2026-06-15 10:28:54.416939	2026-06-15 10:28:54.416939
7709457	1780	74442	576208	65470	24305	34641	16458	11966	12230	Monthly Maintenance schedule for Pumps	2024-01-24 10:00:00	SCH173518	2024-05-16 12:15:36	\N	2026-06-15 10:28:54.416939	2026-06-15 10:28:54.416939
14573631	1780	74442	575961	120096	24305	34641	16446	11966	12229	Monthly Maintenance schedule for Pumps	2026-05-10 10:00:00	SCH179118	2026-06-03 10:38:52	2026-06-10 10:00:00	2026-06-15 10:33:49.78352	2026-06-15 10:33:49.78352
13816384	1780	74442	575961	64757	24305	34641	16446	11966	12229	Monthly Maintenance schedule for Pumps	2026-03-10 10:00:00	SCH177431	2026-04-11 17:58:20	\N	2026-06-15 10:33:49.78352	2026-06-15 10:33:49.78352
14034039	1780	74442	575494	66386	24305	34639	16421	11965	12229	Monthly Maintenance schedule for Pumps	2026-05-11 10:00:00	SCH177765	2026-05-25 17:48:09	2026-06-11 10:00:00	2026-06-15 10:33:51.913492	2026-06-15 10:33:51.913492
14573430	1780	74442	576083	120086	24305	34641	16451	11966	12230	Monthly Maintenance schedule for Pumps	2026-04-17 10:00:00	SCH178969	2026-05-15 11:36:05	2026-05-17 10:00:00	2026-06-15 10:35:01.225479	2026-06-15 10:35:01.225479
14485547	1780	74442	576083	119284	24305	34641	16451	11966	12230	Monthly Maintenance schedule for Pumps	2026-03-17 10:00:00	SCH178662	2026-04-11 17:58:08	\N	2026-06-15 10:35:01.225479	2026-06-15 10:35:01.225479
13632756	1780	74442	576083	70144	24305	34641	16451	11966	12230	Monthly Maintenance schedule for Pumps	2026-02-17 10:00:00	SCH177320	2026-03-02 09:34:06	\N	2026-06-15 10:35:01.225479	2026-06-15 10:35:01.225479
9164248	1780	74442	576083	70109	24305	34641	16451	11966	12230	Monthly Maintenance schedule for Pumps	2024-04-17 10:00:00	SCH169325	2024-05-10 12:48:12	\N	2026-06-15 10:35:01.225479	2026-06-15 10:35:01.225479
7694460	1780	74442	576083	65373	24305	34641	16451	11966	12230	Monthly Maintenance schedule for Pumps	2024-01-17 10:00:00	SCH130322	2024-01-24 16:41:47	\N	2026-06-15 10:35:01.225479	2026-06-15 10:35:01.225479
7689777	1780	74442	576024	64756	24305	34641	16448	11966	12229	Monthly Maintenance schedule for Pumps	2024-02-24 10:00:00	SCH128448	2024-02-29 10:40:56	2024-03-24 10:00:00	2026-06-15 10:36:23.503297	2026-06-15 10:36:23.503297
14061903	1780	74442	576710	71674	24305	34644	16473	11968	12229	Monthly Maintenance schedule for Pumps	2026-05-19 10:00:00	SCH177821	2026-06-03 10:51:52	2026-06-19 10:00:00	2026-06-15 10:42:21.879759	2026-06-15 10:42:21.879759
9208855	1780	74442	576710	70182	24305	34644	16473	11968	12229	Monthly Maintenance schedule for Pumps	2024-05-19 10:00:00	SCH172812	2024-05-23 16:37:57	\N	2026-06-15 10:42:21.879759	2026-06-15 10:42:21.879759
7766481	1780	74442	576710	66237	24305	34644	16473	11968	12229	Monthly Maintenance schedule for Pumps	2024-02-19 10:00:00	SCH141685	2024-02-21 09:36:41	\N	2026-06-15 10:42:21.879759	2026-06-15 10:42:21.879759
7691392	1780	74442	576710	65351	24305	34644	16473	11968	12229	Monthly Maintenance schedule for Pumps	2024-01-19 10:00:00	SCH128868	2024-01-23 15:56:58	\N	2026-06-15 10:42:21.879759	2026-06-15 10:42:21.879759
14573749	1780	74442	576186	120111	24305	34641	16457	11966	12229	Monthly Maintenance schedule for Pumps	2026-05-01 09:00:00	SCH179221	2026-06-03 10:30:51	2026-06-01 09:00:00	2026-06-15 10:44:56.863903	2026-06-15 10:44:56.863903
13907568	1780	74442	576186	66382	24305	34641	16457	11966	12229	Monthly Maintenance schedule for Pumps	2026-04-01 09:00:00	SCH177561	2026-04-11 18:02:18	\N	2026-06-15 10:44:56.863903	2026-06-15 10:44:56.863903
7633941	1780	74442	576186	64693	24305	34641	16457	11966	12229	Monthly Maintenance schedule for Pumps	2024-01-01 10:00:00	SCH127451	2024-01-01 17:34:28	\N	2026-06-15 10:44:56.863903	2026-06-15 10:44:56.863903
14066903	1780	74442	575526	90121	24305	34639	16423	11965	12229	Monthly Maintenance schedule for Pumps	2026-05-23 10:00:00	SCH177828	2026-06-09 12:24:11	2026-06-23 10:00:00	2026-06-15 10:44:57.600653	2026-06-15 10:44:57.600653
11096313	1780	74442	575526	66369	24305	34639	16423	11965	12229	Monthly Maintenance schedule for Pumps	2025-04-23 10:00:00	SCH175824	2025-05-12 17:44:31	\N	2026-06-15 10:44:57.600653	2026-06-15 10:44:57.600653
14113813	1780	74442	575676	71609	24305	34639	16433	11965	12230	Monthly Maintenance schedule for Pumps	2026-05-28 10:00:00	SCH177853	2026-06-09 12:24:35	2026-06-28 10:00:00	2026-06-15 10:48:34.569019	2026-06-15 10:48:34.569019
9271989	1780	74442	575676	70277	24305	34639	16433	11965	12230	Monthly Maintenance schedule for Pumps	2024-05-28 10:00:00	SCH174067	2024-05-30 16:37:35	\N	2026-06-15 10:48:34.569019	2026-06-15 10:48:34.569019
7627927	1780	74442	575676	64693	24305	34639	16433	11965	12230	Monthly Maintenance schedule for Pumps	2023-12-29 10:00:00	SCH127117	2024-01-18 13:15:21	\N	2026-06-15 10:48:34.569019	2026-06-15 10:48:34.569019
\.


--
-- TOC entry 5422 (class 0 OID 19269)
-- Dependencies: 241
